2025-07-21 00:43:59.791 160418 DEBUG oslo_service.service [req-cfdda4ba-fbb6-481a-9888-46f680f353ac - - - - -] sync_power_state_pool_size = 1000 log_opt_values /usr/lib/python3/dist-packages/oslo_config/cfg.py:2602
2025-07-21 00:43:59.791 160418 DEBUG oslo_service.service [req-cfdda4ba-fbb6-481a-9888-46f680f353ac - - - - -] syslog_log_facility = LOG_USER log_opt_values /usr/lib/python3/dist-packages/oslo_config/cfg.py:2602
2025-07-21 00:43:59.791 160418 DEBUG oslo_service.service [req-cfdda4ba-fbb6-481a-9888-46f680f353ac - - - - -] tempdir = None log_opt_values /usr/lib/python3/dist-packages/oslo_config/cfg.py:2602
2025-07-21 00:43:59.791 160418 DEBUG oslo_service.service [req-cfdda4ba-fbb6-481a-9888-46f680f353ac - - - - -] timeout_nbd = 10 log_opt_values /usr/lib/python3/dist-packages/oslo_config/cfg.py:2602
2025-07-21 00:43:59.792 160418 DEBUG oslo_service.service [req-cfdda4ba-fbb6-481a-9888-46f680f353ac - - - - -] transport_url = **** log_opt_values /usr/lib/python3/dist-packages/oslo_config/cfg.py:2602
2025-07-21 00:43:59.792 160418 DEBUG oslo_service.service [req-cfdda4ba-fbb6-481a-9888-46f680f353ac - - - - -] update_resources_interval = 0 log_opt_values /usr/lib/python3/dist-packages/oslo_config/cfg.py:2602
2025-07-21 00:43:59.792 160418 DEBUG oslo_service.service [req-cfdda4ba-fbb6-481a-9888-46f680f353ac - - - - -] use_cow_images = True log_opt_values /usr/lib/python3/dist-packages/oslo_config/cfg.py:2602
2025-07-21 00:43:59.792 160418 DEBUG oslo_service.service [req-cfdda4ba-fbb6-481a-9888-46f680f353ac - - - - -] use_eventlog = False log_opt_values /usr/lib/python3/dist-packages/oslo_config/cfg.py:2602
2025-07-21 00:43:59.793 160418 DEBUG oslo_service.service [req-cfdda4ba-fbb6-481a-9888-46f680f353ac - - - - -] use_journal = False log_opt_values /usr/lib/python3/dist-packages/oslo_config/cfg.py:2602
2025-07-21 00:43:59.793 160418 DEBUG oslo_service.service [req-cfdda4ba-fbb6-481a-9888-46f680f353ac - - - - -] use_json = False log_opt_values /usr/lib/python3/dist-packages/oslo_config/cfg.py:2602
2025-07-21 00:43:59.793 160418 DEBUG oslo_service.service [req-cfdda4ba-fbb6-481a-9888-46f680f353ac - - - - -] use_rootwrap_daemon = False log_opt_values /usr/lib/python3/dist-packages/oslo_config/cfg.py:2602
2025-07-21 00:43:59.793 160418 DEBUG oslo_service.service [req-cfdda4ba-fbb6-481a-9888-46f680f353ac - - - - -] use_stderr = False log_opt_values /usr/lib/python3/dist-packages/oslo_config/cfg.py:2602
2025-07-21 00:43:59.794 160418 DEBUG oslo_service.service [req-cfdda4ba-fbb6-481a-9888-46f680f353ac - - - - -] use_syslog = False log_opt_values /usr/lib/python3/dist-packages/oslo_config/cfg.py:2602
2025-07-21 00:43:59.794 160418 DEBUG oslo_service.service [req-cfdda4ba-fbb6-481a-9888-46f680f353ac - - - - -] vcpu_pin_set = None log_opt_values /usr/lib/python3/dist-packages/oslo_config/cfg.py:2602
2025-07-21 00:43:59.794 160418 DEBUG oslo_service.service [req-cfdda4ba-fbb6-481a-9888-46f680f353ac - - - - -] vif_plugging_is_fatal = True log_opt_values /usr/lib/python3/dist-packages/oslo_config/cfg.py:2602
2025-07-21 00:43:59.794 160418 DEBUG oslo_service.service [req-cfdda4ba-fbb6-481a-9888-46f680f353ac - - - - -] vif_plugging_timeout = 300 log_opt_values /usr/lib/python3/dist-packages/oslo_config/cfg.py:2602
2025-07-21 00:43:59.795 160418 DEBUG oslo_service.service [req-cfdda4ba-fbb6-481a-9888-46f680f353ac - - - - -] virt_mkfs = [] log_opt_values /usr/lib/python3/dist-packages/oslo_config/cfg.py:2602
2025-07-21 00:43:59.795 160418 DEBUG oslo_service.service [req-cfdda4ba-fbb6-481a-9888-46f680f353ac - - - - -] volume_usage_poll_interval = 0 log_opt_values /usr/lib/python3/dist-packages/oslo_config/cfg.py:2602
2025-07-21 00:43:59.795 160418 DEBUG oslo_service.service [req-cfdda4ba-fbb6-481a-9888-46f680f353ac - - - - -] watch_log_file = False log_opt_values /usr/lib/python3/dist-packages/oslo_config/cfg.py:2602
2025-07-21 00:43:59.795 161105 DEBUG nova.service [req-cf7656ca-da27-40bb-b75e-2e29156b5b56 - - - - -] Creating RPC server for service scheduler start /usr/lib/python3/dist-packages/nova/service.py:182
2025-07-21 00:43:59.795 160418 DEBUG oslo_service.service [req-cfdda4ba-fbb6-481a-9888-46f680f353ac - - - - -] web = /usr/share/spice-html5 log_opt_values /usr/lib/python3/dist-packages/oslo_config/cfg.py:2602
2025-07-21 00:43:59.796 160418 DEBUG oslo_service.service [req-cfdda4ba-fbb6-481a-9888-46f680f353ac - - - - -] oslo_concurrency.disable_process_locking = False log_opt_values /usr/lib/python3/dist-packages/oslo_config/cfg.py:2609
2025-07-21 00:43:59.796 160418 DEBUG oslo_service.service [req-cfdda4ba-fbb6-481a-9888-46f680f353ac - - - - -] oslo_concurrency.lock_path = /var/lock/nova log_opt_values /usr/lib/python3/dist-packages/oslo_config/cfg.py:2609
2025-07-21 00:43:59.797 160418 WARNING oslo_config.cfg [req-cfdda4ba-fbb6-481a-9888-46f680f353ac - - - - -] Deprecated: Option "auth_strategy" from group "api" is deprecated for removal ( The only non-default choice, ``noauth2``, is for internal development and testing purposes only and should not be used in deployments. This option and its middleware, NoAuthMiddleware[V2_18], will be removed in a future release. ). Its value may be silently ignored in the future.
2025-07-21 00:43:59.798 160418 DEBUG oslo_service.service [req-cfdda4ba-fbb6-481a-9888-46f680f353ac - - - - -] api.auth_strategy = keystone log_opt_values /usr/lib/python3/dist-packages/oslo_config/cfg.py:2609
2025-07-21 00:43:59.798 160418 DEBUG oslo_service.service [req-cfdda4ba-fbb6-481a-9888-46f680f353ac - - - - -] api.compute_link_prefix = None log_opt_values /usr/lib/python3/dist-packages/oslo_config/cfg.py:2609
2025-07-21 00:43:59.799 161107 DEBUG nova.service [req-ed698b0a-9041-4f4d-8682-641d0b5f6221 - - - - -] Creating RPC server for service scheduler start /usr/lib/python3/dist-packages/nova/service.py:182
2025-07-21 00:43:59.799 160418 DEBUG oslo_service.service [req-cfdda4ba-fbb6-481a-9888-46f680f353ac - - - - -] api.config_drive_skip_versions = 1.0 2007-01-19 2007-03-01 2007-08-29 2007-10-10 2007-12-15 2008-02-01 2008-09-01 log_opt_values /usr/lib/python3/dist-packages/oslo_config/cfg.py:2609
2025-07-21 00:43:59.800 160418 DEBUG oslo_service.service [req-cfdda4ba-fbb6-481a-9888-46f680f353ac - - - - -] api.dhcp_domain = novalocal log_opt_values /usr/lib/python3/dist-packages/oslo_config/cfg.py:2609
2025-07-21 00:43:59.800 160418 DEBUG oslo_service.service [req-cfdda4ba-fbb6-481a-9888-46f680f353ac - - - - -] api.enable_instance_password = True log_opt_values /usr/lib/python3/dist-packages/oslo_config/cfg.py:2609
2025-07-21 00:43:59.800 160418 DEBUG oslo_service.service [req-cfdda4ba-fbb6-481a-9888-46f680f353ac - - - - -] api.glance_link_prefix = None log_opt_values /usr/lib/python3/dist-packages/oslo_config/cfg.py:2609
2025-07-21 00:43:59.801 160418 DEBUG oslo_service.service [req-cfdda4ba-fbb6-481a-9888-46f680f353ac - - - - -] api.instance_list_cells_batch_fixed_size = 100 log_opt_values /usr/lib/python3/dist-packages/oslo_config/cfg.py:2609
2025-07-21 00:43:59.801 160418 DEBUG oslo_service.service [req-cfdda4ba-fbb6-481a-9888-46f680f353ac - - - - -] api.instance_list_cells_batch_strategy = distributed log_opt_values /usr/lib/python3/dist-packages/oslo_config/cfg.py:2609
2025-07-21 00:43:59.801 160418 DEBUG oslo_service.service [req-cfdda4ba-fbb6-481a-9888-46f680f353ac - - - - -] api.instance_list_per_project_cells = False log_opt_values /usr/lib/python3/dist-packages/oslo_config/cfg.py:2609
2025-07-21 00:43:59.801 160418 DEBUG oslo_service.service [req-cfdda4ba-fbb6-481a-9888-46f680f353ac - - - - -] api.list_records_by_skipping_down_cells = True log_opt_values /usr/lib/python3/dist-packages/oslo_config/cfg.py:2609
2025-07-21 00:43:59.801 160418 DEBUG oslo_service.service [req-cfdda4ba-fbb6-481a-9888-46f680f353ac - - - - -] api.local_metadata_per_cell = False log_opt_values /usr/lib/python3/dist-packages/oslo_config/cfg.py:2609
2025-07-21 00:43:59.802 160418 DEBUG oslo_service.service [req-cfdda4ba-fbb6-481a-9888-46f680f353ac - - - - -] api.max_limit = 1000 log_opt_values /usr/lib/python3/dist-packages/oslo_config/cfg.py:2609
2025-07-21 00:43:59.802 160418 DEBUG oslo_service.service [req-cfdda4ba-fbb6-481a-9888-46f680f353ac - - - - -] api.metadata_cache_expiration = 15 log_opt_values /usr/lib/python3/dist-packages/oslo_config/cfg.py:2609
2025-07-21 00:43:59.802 160418 DEBUG oslo_service.service [req-cfdda4ba-fbb6-481a-9888-46f680f353ac - - - - -] api.neutron_default_tenant_id = default log_opt_values /usr/lib/python3/dist-packages/oslo_config/cfg.py:2609
2025-07-21 00:43:59.804 160418 DEBUG oslo_service.service [req-cfdda4ba-fbb6-481a-9888-46f680f353ac - - - - -] api.use_forwarded_for = False log_opt_values /usr/lib/python3/dist-packages/oslo_config/cfg.py:2609
2025-07-21 00:43:59.804 160418 DEBUG oslo_service.service [req-cfdda4ba-fbb6-481a-9888-46f680f353ac - - - - -] api.use_neutron_default_nets = False log_opt_values /usr/lib/python3/dist-packages/oslo_config/cfg.py:2609
2025-07-21 00:43:59.804 160418 DEBUG oslo_service.service [req-cfdda4ba-fbb6-481a-9888-46f680f353ac - - - - -] api.vendordata_dynamic_connect_timeout = 5 log_opt_values /usr/lib/python3/dist-packages/oslo_config/cfg.py:2609
2025-07-21 00:43:59.804 160418 DEBUG oslo_service.service [req-cfdda4ba-fbb6-481a-9888-46f680f353ac - - - - -] api.vendordata_dynamic_failure_fatal = False log_opt_values /usr/lib/python3/dist-packages/oslo_config/cfg.py:2609
2025-07-21 00:43:59.805 160418 DEBUG oslo_service.service [req-cfdda4ba-fbb6-481a-9888-46f680f353ac - - - - -] api.vendordata_dynamic_read_timeout = 5 log_opt_values /usr/lib/python3/dist-packages/oslo_config/cfg.py:2609
2025-07-21 00:43:59.805 160418 DEBUG oslo_service.service [req-cfdda4ba-fbb6-481a-9888-46f680f353ac - - - - -] api.vendordata_dynamic_ssl_certfile = log_opt_values /usr/lib/python3/dist-packages/oslo_config/cfg.py:2609
2025-07-21 00:43:59.806 160418 DEBUG oslo_service.service [req-cfdda4ba-fbb6-481a-9888-46f680f353ac - - - - -] api.vendordata_dynamic_targets = [] log_opt_values /usr/lib/python3/dist-packages/oslo_config/cfg.py:2609
2025-07-21 00:43:59.806 160418 DEBUG oslo_service.service [req-cfdda4ba-fbb6-481a-9888-46f680f353ac - - - - -] api.vendordata_jsonfile_path = None log_opt_values /usr/lib/python3/dist-packages/oslo_config/cfg.py:2609
2025-07-21 00:43:59.806 160418 DEBUG oslo_service.service [req-cfdda4ba-fbb6-481a-9888-46f680f353ac - - - - -] api.vendordata_providers = ['StaticJSON'] log_opt_values /usr/lib/python3/dist-packages/oslo_config/cfg.py:2609
2025-07-21 00:43:59.806 160418 DEBUG oslo_service.service [req-cfdda4ba-fbb6-481a-9888-46f680f353ac - - - - -] cache.backend = dogpile.cache.null log_opt_values /usr/lib/python3/dist-packages/oslo_config/cfg.py:2609
2025-07-21 00:43:59.807 160418 DEBUG oslo_service.service [req-cfdda4ba-fbb6-481a-9888-46f680f353ac - - - - -] cache.backend_argument = **** log_opt_values /usr/lib/python3/dist-packages/oslo_config/cfg.py:2609
2025-07-21 00:43:59.807 160418 DEBUG oslo_service.service [req-cfdda4ba-fbb6-481a-9888-46f680f353ac - - - - -] cache.config_prefix = cache.oslo log_opt_values /usr/lib/python3/dist-packages/oslo_config/cfg.py:2609
2025-07-21 00:43:59.807 160418 DEBUG oslo_service.service [req-cfdda4ba-fbb6-481a-9888-46f680f353ac - - - - -] cache.debug_cache_backend = False log_opt_values /usr/lib/python3/dist-packages/oslo_config/cfg.py:2609
2025-07-21 00:43:59.808 160418 DEBUG oslo_service.service [req-cfdda4ba-fbb6-481a-9888-46f680f353ac - - - - -] cache.enabled = False log_opt_values /usr/lib/python3/dist-packages/oslo_config/cfg.py:2609
2025-07-21 00:43:59.809 160418 DEBUG oslo_service.service [req-cfdda4ba-fbb6-481a-9888-46f680f353ac - - - - -] cache.expiration_time = 600 log_opt_values /usr/lib/python3/dist-packages/oslo_config/cfg.py:2609
2025-07-21 00:43:59.810 160418 DEBUG oslo_service.service [req-cfdda4ba-fbb6-481a-9888-46f680f353ac - - - - -] cache.memcache_dead_retry = 300 log_opt_values /usr/lib/python3/dist-packages/oslo_config/cfg.py:2609
2025-07-21 00:43:59.810 160418 DEBUG oslo_service.service [req-cfdda4ba-fbb6-481a-9888-46f680f353ac - - - - -] cache.memcache_pool_connection_get_timeout = 10 log_opt_values /usr/lib/python3/dist-packages/oslo_config/cfg.py:2609
2025-07-21 00:43:59.810 160418 DEBUG oslo_service.service [req-cfdda4ba-fbb6-481a-9888-46f680f353ac - - - - -] cache.memcache_pool_flush_on_reconnect = False log_opt_values /usr/lib/python3/dist-packages/oslo_config/cfg.py:2609
2025-07-21 00:43:59.810 160418 DEBUG oslo_service.service [req-cfdda4ba-fbb6-481a-9888-46f680f353ac - - - - -] cache.memcache_pool_maxsize = 10 log_opt_values /usr/lib/python3/dist-packages/oslo_config/cfg.py:2609
2025-07-21 00:43:59.811 160418 DEBUG oslo_service.service [req-cfdda4ba-fbb6-481a-9888-46f680f353ac - - - - -] cache.memcache_pool_unused_timeout = 60 log_opt_values /usr/lib/python3/dist-packages/oslo_config/cfg.py:2609
2025-07-21 00:43:59.811 160418 DEBUG oslo_service.service [req-cfdda4ba-fbb6-481a-9888-46f680f353ac - - - - -] cache.memcache_servers = ['localhost:11211'] log_opt_values /usr/lib/python3/dist-packages/oslo_config/cfg.py:2609
2025-07-21 00:43:59.811 160418 DEBUG oslo_service.service [req-cfdda4ba-fbb6-481a-9888-46f680f353ac - - - - -] cache.memcache_socket_timeout = 1.0 log_opt_values /usr/lib/python3/dist-packages/oslo_config/cfg.py:2609
2025-07-21 00:43:59.811 160418 DEBUG oslo_service.service [req-cfdda4ba-fbb6-481a-9888-46f680f353ac - - - - -] cache.proxies = [] log_opt_values /usr/lib/python3/dist-packages/oslo_config/cfg.py:2609
2025-07-21 00:43:59.811 160418 DEBUG oslo_service.service [req-cfdda4ba-fbb6-481a-9888-46f680f353ac - - - - -] cache.tls_allowed_ciphers = None log_opt_values /usr/lib/python3/dist-packages/oslo_config/cfg.py:2609
2025-07-21 00:43:59.812 160418 DEBUG oslo_service.service [req-cfdda4ba-fbb6-481a-9888-46f680f353ac - - - - -] cache.tls_cafile = None log_opt_values /usr/lib/python3/dist-packages/oslo_config/cfg.py:2609
2025-07-21 00:43:59.813 160418 DEBUG oslo_service.service [req-cfdda4ba-fbb6-481a-9888-46f680f353ac - - - - -] cache.tls_certfile = None log_opt_values /usr/lib/python3/dist-packages/oslo_config/cfg.py:2609
2025-07-21 00:43:59.813 160418 DEBUG oslo_service.service [req-cfdda4ba-fbb6-481a-9888-46f680f353ac - - - - -] cache.tls_enabled = False log_opt_values /usr/lib/python3/dist-packages/oslo_config/cfg.py:2609
2025-07-21 00:43:59.814 160418 DEBUG oslo_service.service [req-cfdda4ba-fbb6-481a-9888-46f680f353ac - - - - -] cache.tls_keyfile = None log_opt_values /usr/lib/python3/dist-packages/oslo_config/cfg.py:2609
2025-07-21 00:43:59.815 160418 DEBUG oslo_service.service [req-cfdda4ba-fbb6-481a-9888-46f680f353ac - - - - -] cinder.auth_section = None log_opt_values /usr/lib/python3/dist-packages/oslo_config/cfg.py:2609
2025-07-21 00:43:59.817 161108 DEBUG nova.service [req-63d304ca-ac15-4080-b473-7ba859b9daf8 - - - - -] Creating RPC server for service scheduler start /usr/lib/python3/dist-packages/nova/service.py:182
2025-07-21 00:43:59.816 160418 DEBUG oslo_service.service [req-cfdda4ba-fbb6-481a-9888-46f680f353ac - - - - -] cinder.auth_type = None log_opt_values /usr/lib/python3/dist-packages/oslo_config/cfg.py:2609
2025-07-21 00:43:59.817 160418 DEBUG oslo_service.service [req-cfdda4ba-fbb6-481a-9888-46f680f353ac - - - - -] cinder.cafile = None log_opt_values /usr/lib/python3/dist-packages/oslo_config/cfg.py:2609
2025-07-21 00:43:59.818 160418 DEBUG oslo_service.service [req-cfdda4ba-fbb6-481a-9888-46f680f353ac - - - - -] cinder.catalog_info = volumev3::publicURL log_opt_values /usr/lib/python3/dist-packages/oslo_config/cfg.py:2609
2025-07-21 00:43:59.818 160418 DEBUG oslo_service.service [req-cfdda4ba-fbb6-481a-9888-46f680f353ac - - - - -] cinder.certfile = None log_opt_values /usr/lib/python3/dist-packages/oslo_config/cfg.py:2609
2025-07-21 00:43:59.818 160418 DEBUG oslo_service.service [req-cfdda4ba-fbb6-481a-9888-46f680f353ac - - - - -] cinder.collect_timing = False log_opt_values /usr/lib/python3/dist-packages/oslo_config/cfg.py:2609
2025-07-21 00:43:59.818 161099 DEBUG oslo_messaging._drivers.amqpdriver [-] Listener is running poll /usr/lib/python3/dist-packages/oslo_messaging/_drivers/amqpdriver.py:343
2025-07-21 00:43:59.819 161099 DEBUG oslo_messaging._drivers.amqpdriver [-] AMQPListener connection consume poll /usr/lib/python3/dist-packages/oslo_messaging/_drivers/amqpdriver.py:357
2025-07-21 00:43:59.819 160418 DEBUG oslo_service.service [req-cfdda4ba-fbb6-481a-9888-46f680f353ac - - - - -] cinder.cross_az_attach = True log_opt_values /usr/lib/python3/dist-packages/oslo_config/cfg.py:2609
2025-07-21 00:43:59.819 160418 DEBUG oslo_service.service [req-cfdda4ba-fbb6-481a-9888-46f680f353ac - - - - -] cinder.debug = False log_opt_values /usr/lib/python3/dist-packages/oslo_config/cfg.py:2609
2025-07-21 00:43:59.820 160418 DEBUG oslo_service.service [req-cfdda4ba-fbb6-481a-9888-46f680f353ac - - - - -] cinder.endpoint_template = None log_opt_values /usr/lib/python3/dist-packages/oslo_config/cfg.py:2609
2025-07-21 00:43:59.820 160418 DEBUG oslo_service.service [req-cfdda4ba-fbb6-481a-9888-46f680f353ac - - - - -] cinder.http_retries = 3 log_opt_values /usr/lib/python3/dist-packages/oslo_config/cfg.py:2609
2025-07-21 00:43:59.820 161099 DEBUG nova.service [req-de04fae1-32b1-4262-aa6e-60306e08e037 - - - - -] Join ServiceGroup membership for this service scheduler start /usr/lib/python3/dist-packages/nova/service.py:199
2025-07-21 00:43:59.820 160418 DEBUG oslo_service.service [req-cfdda4ba-fbb6-481a-9888-46f680f353ac - - - - -] cinder.insecure = False log_opt_values /usr/lib/python3/dist-packages/oslo_config/cfg.py:2609
2025-07-21 00:43:59.821 160418 DEBUG oslo_service.service [req-cfdda4ba-fbb6-481a-9888-46f680f353ac - - - - -] cinder.keyfile = None log_opt_values /usr/lib/python3/dist-packages/oslo_config/cfg.py:2609
2025-07-21 00:43:59.821 160418 DEBUG oslo_service.service [req-cfdda4ba-fbb6-481a-9888-46f680f353ac - - - - -] cinder.os_region_name = None log_opt_values /usr/lib/python3/dist-packages/oslo_config/cfg.py:2609
2025-07-21 00:43:59.821 160418 DEBUG oslo_service.service [req-cfdda4ba-fbb6-481a-9888-46f680f353ac - - - - -] cinder.split_loggers = False log_opt_values /usr/lib/python3/dist-packages/oslo_config/cfg.py:2609
2025-07-21 00:43:59.822 160418 DEBUG oslo_service.service [req-cfdda4ba-fbb6-481a-9888-46f680f353ac - - - - -] cinder.timeout = None log_opt_values /usr/lib/python3/dist-packages/oslo_config/cfg.py:2609
2025-07-21 00:43:59.821 161099 DEBUG nova.servicegroup.drivers.db [req-de04fae1-32b1-4262-aa6e-60306e08e037 - - - - -] DB_Driver: join new ServiceGroup member juju-9ef9ea-0-lxd-7 to the scheduler group, service = join /usr/lib/python3/dist-packages/nova/servicegroup/drivers/db.py:44
2025-07-21 00:43:59.822 160418 DEBUG oslo_service.service [req-cfdda4ba-fbb6-481a-9888-46f680f353ac - - - - -] compute.consecutive_build_service_disable_threshold = 10 log_opt_values /usr/lib/python3/dist-packages/oslo_config/cfg.py:2609
2025-07-21 00:43:59.822 160418 DEBUG oslo_service.service [req-cfdda4ba-fbb6-481a-9888-46f680f353ac - - - - -] compute.cpu_dedicated_set = None log_opt_values /usr/lib/python3/dist-packages/oslo_config/cfg.py:2609
2025-07-21 00:43:59.822 160418 DEBUG oslo_service.service [req-cfdda4ba-fbb6-481a-9888-46f680f353ac - - - - -] compute.cpu_shared_set = None log_opt_values /usr/lib/python3/dist-packages/oslo_config/cfg.py:2609
2025-07-21 00:43:59.822 160418 DEBUG oslo_service.service [req-cfdda4ba-fbb6-481a-9888-46f680f353ac - - - - -] compute.image_type_exclude_list = [] log_opt_values /usr/lib/python3/dist-packages/oslo_config/cfg.py:2609
2025-07-21 00:43:59.823 160418 DEBUG oslo_service.service [req-cfdda4ba-fbb6-481a-9888-46f680f353ac - - - - -] compute.live_migration_wait_for_vif_plug = True log_opt_values /usr/lib/python3/dist-packages/oslo_config/cfg.py:2609
2025-07-21 00:43:59.823 160418 DEBUG oslo_service.service [req-cfdda4ba-fbb6-481a-9888-46f680f353ac - - - - -] compute.max_concurrent_disk_ops = 0 log_opt_values /usr/lib/python3/dist-packages/oslo_config/cfg.py:2609
2025-07-21 00:43:59.823 160418 DEBUG oslo_service.service [req-cfdda4ba-fbb6-481a-9888-46f680f353ac - - - - -] compute.max_disk_devices_to_attach = -1 log_opt_values /usr/lib/python3/dist-packages/oslo_config/cfg.py:2609
2025-07-21 00:43:59.824 160418 DEBUG oslo_service.service [req-cfdda4ba-fbb6-481a-9888-46f680f353ac - - - - -] compute.packing_host_numa_cells_allocation_strategy = True log_opt_values /usr/lib/python3/dist-packages/oslo_config/cfg.py:2609
2025-07-21 00:43:59.824 160418 DEBUG oslo_service.service [req-cfdda4ba-fbb6-481a-9888-46f680f353ac - - - - -] compute.provider_config_location = /etc/nova/provider_config/ log_opt_values /usr/lib/python3/dist-packages/oslo_config/cfg.py:2609
2025-07-21 00:43:59.824 160418 DEBUG oslo_service.service [req-cfdda4ba-fbb6-481a-9888-46f680f353ac - - - - -] compute.resource_provider_association_refresh = 300 log_opt_values /usr/lib/python3/dist-packages/oslo_config/cfg.py:2609
2025-07-21 00:43:59.825 160418 DEBUG oslo_service.service [req-cfdda4ba-fbb6-481a-9888-46f680f353ac - - - - -] compute.shutdown_retry_interval = 10 log_opt_values /usr/lib/python3/dist-packages/oslo_config/cfg.py:2609
2025-07-21 00:43:59.825 160418 DEBUG oslo_service.service [req-cfdda4ba-fbb6-481a-9888-46f680f353ac - - - - -] compute.vmdk_allowed_types = ['streamOptimized', 'monolithicSparse'] log_opt_values /usr/lib/python3/dist-packages/oslo_config/cfg.py:2609
2025-07-21 00:43:59.825 160418 DEBUG oslo_service.service [req-cfdda4ba-fbb6-481a-9888-46f680f353ac - - - - -] conductor.workers = 4 log_opt_values /usr/lib/python3/dist-packages/oslo_config/cfg.py:2609
2025-07-21 00:43:59.826 160418 DEBUG oslo_service.service [req-cfdda4ba-fbb6-481a-9888-46f680f353ac - - - - -] console.allowed_origins = [] log_opt_values /usr/lib/python3/dist-packages/oslo_config/cfg.py:2609
2025-07-21 00:43:59.826 160418 DEBUG oslo_service.service [req-cfdda4ba-fbb6-481a-9888-46f680f353ac - - - - -] console.ssl_ciphers = None log_opt_values /usr/lib/python3/dist-packages/oslo_config/cfg.py:2609
2025-07-21 00:43:59.826 160418 DEBUG oslo_service.service [req-cfdda4ba-fbb6-481a-9888-46f680f353ac - - - - -] console.ssl_minimum_version = default log_opt_values /usr/lib/python3/dist-packages/oslo_config/cfg.py:2609
2025-07-21 00:43:59.827 160418 DEBUG oslo_service.service [req-cfdda4ba-fbb6-481a-9888-46f680f353ac - - - - -] consoleauth.token_ttl = 600 log_opt_values /usr/lib/python3/dist-packages/oslo_config/cfg.py:2609
2025-07-21 00:43:59.827 160418 DEBUG oslo_service.service [req-cfdda4ba-fbb6-481a-9888-46f680f353ac - - - - -] cyborg.cafile = None log_opt_values /usr/lib/python3/dist-packages/oslo_config/cfg.py:2609
2025-07-21 00:43:59.827 161099 DEBUG oslo_messaging._drivers.amqpdriver [-] AMQPListener connection timeout poll /usr/lib/python3/dist-packages/oslo_messaging/_drivers/amqpdriver.py:360
2025-07-21 00:43:59.827 160418 DEBUG oslo_service.service [req-cfdda4ba-fbb6-481a-9888-46f680f353ac - - - - -] cyborg.certfile = None log_opt_values /usr/lib/python3/dist-packages/oslo_config/cfg.py:2609
2025-07-21 00:43:59.827 161099 DEBUG oslo_messaging._drivers.amqpdriver [-] Listener is running poll /usr/lib/python3/dist-packages/oslo_messaging/_drivers/amqpdriver.py:343
2025-07-21 00:43:59.827 161099 DEBUG oslo_messaging._drivers.amqpdriver [-] AMQPListener connection consume poll /usr/lib/python3/dist-packages/oslo_messaging/_drivers/amqpdriver.py:357
2025-07-21 00:43:59.827 160418 DEBUG oslo_service.service [req-cfdda4ba-fbb6-481a-9888-46f680f353ac - - - - -] cyborg.collect_timing = False log_opt_values /usr/lib/python3/dist-packages/oslo_config/cfg.py:2609
2025-07-21 00:43:59.828 160418 DEBUG oslo_service.service [req-cfdda4ba-fbb6-481a-9888-46f680f353ac - - - - -] cyborg.connect_retries = None log_opt_values /usr/lib/python3/dist-packages/oslo_config/cfg.py:2609
2025-07-21 00:43:59.828 160418 DEBUG oslo_service.service [req-cfdda4ba-fbb6-481a-9888-46f680f353ac - - - - -] cyborg.connect_retry_delay = None log_opt_values /usr/lib/python3/dist-packages/oslo_config/cfg.py:2609
2025-07-21 00:43:59.828 160418 DEBUG oslo_service.service [req-cfdda4ba-fbb6-481a-9888-46f680f353ac - - - - -] cyborg.endpoint_override = None log_opt_values /usr/lib/python3/dist-packages/oslo_config/cfg.py:2609
2025-07-21 00:43:59.829 160418 DEBUG oslo_service.service [req-cfdda4ba-fbb6-481a-9888-46f680f353ac - - - - -] cyborg.insecure = False log_opt_values /usr/lib/python3/dist-packages/oslo_config/cfg.py:2609
2025-07-21 00:43:59.829 160418 DEBUG oslo_service.service [req-cfdda4ba-fbb6-481a-9888-46f680f353ac - - - - -] cyborg.keyfile = None log_opt_values /usr/lib/python3/dist-packages/oslo_config/cfg.py:2609
2025-07-21 00:43:59.829 160418 DEBUG oslo_service.service [req-cfdda4ba-fbb6-481a-9888-46f680f353ac - - - - -] cyborg.max_version = None log_opt_values /usr/lib/python3/dist-packages/oslo_config/cfg.py:2609
2025-07-21 00:43:59.830 160418 DEBUG oslo_service.service [req-cfdda4ba-fbb6-481a-9888-46f680f353ac - - - - -] cyborg.min_version = None log_opt_values /usr/lib/python3/dist-packages/oslo_config/cfg.py:2609
2025-07-21 00:43:59.830 160418 DEBUG oslo_service.service [req-cfdda4ba-fbb6-481a-9888-46f680f353ac - - - - -] cyborg.region_name = None log_opt_values /usr/lib/python3/dist-packages/oslo_config/cfg.py:2609
2025-07-21 00:43:59.830 160418 DEBUG oslo_service.service [req-cfdda4ba-fbb6-481a-9888-46f680f353ac - - - - -] cyborg.service_name = None log_opt_values /usr/lib/python3/dist-packages/oslo_config/cfg.py:2609
2025-07-21 00:43:59.830 160418 DEBUG oslo_service.service [req-cfdda4ba-fbb6-481a-9888-46f680f353ac - - - - -] cyborg.service_type = accelerator log_opt_values /usr/lib/python3/dist-packages/oslo_config/cfg.py:2609
2025-07-21 00:43:59.831 160418 DEBUG oslo_service.service [req-cfdda4ba-fbb6-481a-9888-46f680f353ac - - - - -] cyborg.split_loggers = False log_opt_values /usr/lib/python3/dist-packages/oslo_config/cfg.py:2609
2025-07-21 00:43:59.829 161107 DEBUG oslo_messaging._drivers.amqpdriver [-] Listener is running poll /usr/lib/python3/dist-packages/oslo_messaging/_drivers/amqpdriver.py:343
2025-07-21 00:43:59.831 160418 DEBUG oslo_service.service [req-cfdda4ba-fbb6-481a-9888-46f680f353ac - - - - -] cyborg.status_code_retries = None log_opt_values /usr/lib/python3/dist-packages/oslo_config/cfg.py:2609
2025-07-21 00:43:59.831 161107 DEBUG oslo_messaging._drivers.amqpdriver [-] AMQPListener connection consume poll /usr/lib/python3/dist-packages/oslo_messaging/_drivers/amqpdriver.py:357
2025-07-21 00:43:59.831 160418 DEBUG oslo_service.service [req-cfdda4ba-fbb6-481a-9888-46f680f353ac - - - - -] cyborg.status_code_retry_delay = None log_opt_values /usr/lib/python3/dist-packages/oslo_config/cfg.py:2609
2025-07-21 00:43:59.831 160418 DEBUG oslo_service.service [req-cfdda4ba-fbb6-481a-9888-46f680f353ac - - - - -] cyborg.timeout = None log_opt_values /usr/lib/python3/dist-packages/oslo_config/cfg.py:2609
2025-07-21 00:43:59.832 160418 DEBUG oslo_service.service [req-cfdda4ba-fbb6-481a-9888-46f680f353ac - - - - -] cyborg.valid_interfaces = ['internal', 'public'] log_opt_values /usr/lib/python3/dist-packages/oslo_config/cfg.py:2609
2025-07-21 00:43:59.832 160418 DEBUG oslo_service.service [req-cfdda4ba-fbb6-481a-9888-46f680f353ac - - - - -] cyborg.version = None log_opt_values /usr/lib/python3/dist-packages/oslo_config/cfg.py:2609
2025-07-21 00:43:59.832 160418 DEBUG oslo_service.service [req-cfdda4ba-fbb6-481a-9888-46f680f353ac - - - - -] database.backend = sqlalchemy log_opt_values /usr/lib/python3/dist-packages/oslo_config/cfg.py:2609
2025-07-21 00:43:59.832 160418 DEBUG oslo_service.service [req-cfdda4ba-fbb6-481a-9888-46f680f353ac - - - - -] database.connection = **** log_opt_values /usr/lib/python3/dist-packages/oslo_config/cfg.py:2609
2025-07-21 00:43:59.833 160418 DEBUG oslo_service.service [req-cfdda4ba-fbb6-481a-9888-46f680f353ac - - - - -] database.connection_debug = 0 log_opt_values /usr/lib/python3/dist-packages/oslo_config/cfg.py:2609
2025-07-21 00:43:59.833 160418 DEBUG oslo_service.service [req-cfdda4ba-fbb6-481a-9888-46f680f353ac - - - - -] database.connection_parameters = log_opt_values /usr/lib/python3/dist-packages/oslo_config/cfg.py:2609
2025-07-21 00:43:59.833 160418 DEBUG oslo_service.service [req-cfdda4ba-fbb6-481a-9888-46f680f353ac - - - - -] database.connection_recycle_time = 3600 log_opt_values /usr/lib/python3/dist-packages/oslo_config/cfg.py:2609
2025-07-21 00:43:59.833 161105 DEBUG oslo_messaging._drivers.amqpdriver [-] Listener is running poll /usr/lib/python3/dist-packages/oslo_messaging/_drivers/amqpdriver.py:343
2025-07-21 00:43:59.833 161105 DEBUG oslo_messaging._drivers.amqpdriver [-] AMQPListener connection consume poll /usr/lib/python3/dist-packages/oslo_messaging/_drivers/amqpdriver.py:357
2025-07-21 00:43:59.833 160418 DEBUG oslo_service.service [req-cfdda4ba-fbb6-481a-9888-46f680f353ac - - - - -] database.connection_trace = False log_opt_values /usr/lib/python3/dist-packages/oslo_config/cfg.py:2609
2025-07-21 00:43:59.834 160418 DEBUG oslo_service.service [req-cfdda4ba-fbb6-481a-9888-46f680f353ac - - - - -] database.db_inc_retry_interval = True log_opt_values /usr/lib/python3/dist-packages/oslo_config/cfg.py:2609
2025-07-21 00:43:59.834 161105 DEBUG nova.service [req-cf7656ca-da27-40bb-b75e-2e29156b5b56 - - - - -] Join ServiceGroup membership for this service scheduler start /usr/lib/python3/dist-packages/nova/service.py:199
2025-07-21 00:43:59.834 160418 DEBUG oslo_service.service [req-cfdda4ba-fbb6-481a-9888-46f680f353ac - - - - -] database.db_max_retries = 20 log_opt_values /usr/lib/python3/dist-packages/oslo_config/cfg.py:2609
2025-07-21 00:43:59.834 161105 DEBUG nova.servicegroup.drivers.db [req-cf7656ca-da27-40bb-b75e-2e29156b5b56 - - - - -] DB_Driver: join new ServiceGroup member juju-9ef9ea-0-lxd-7 to the scheduler group, service = join /usr/lib/python3/dist-packages/nova/servicegroup/drivers/db.py:44
2025-07-21 00:43:59.835 160418 DEBUG oslo_service.service [req-cfdda4ba-fbb6-481a-9888-46f680f353ac - - - - -] database.db_max_retry_interval = 10 log_opt_values /usr/lib/python3/dist-packages/oslo_config/cfg.py:2609
2025-07-21 00:43:59.835 160418 DEBUG oslo_service.service [req-cfdda4ba-fbb6-481a-9888-46f680f353ac - - - - -] database.db_retry_interval = 1 log_opt_values /usr/lib/python3/dist-packages/oslo_config/cfg.py:2609
2025-07-21 00:43:59.832 161107 DEBUG nova.service [req-ed698b0a-9041-4f4d-8682-641d0b5f6221 - - - - -] Join ServiceGroup membership for this service scheduler start /usr/lib/python3/dist-packages/nova/service.py:199
2025-07-21 00:43:59.835 161107 DEBUG nova.servicegroup.drivers.db [req-ed698b0a-9041-4f4d-8682-641d0b5f6221 - - - - -] DB_Driver: join new ServiceGroup member juju-9ef9ea-0-lxd-7 to the scheduler group, service = join /usr/lib/python3/dist-packages/nova/servicegroup/drivers/db.py:44
2025-07-21 00:43:59.835 160418 DEBUG oslo_service.service [req-cfdda4ba-fbb6-481a-9888-46f680f353ac - - - - -] database.max_overflow = 50 log_opt_values /usr/lib/python3/dist-packages/oslo_config/cfg.py:2609
2025-07-21 00:43:59.835 160418 DEBUG oslo_service.service [req-cfdda4ba-fbb6-481a-9888-46f680f353ac - - - - -] database.max_pool_size = 4 log_opt_values /usr/lib/python3/dist-packages/oslo_config/cfg.py:2609
2025-07-21 00:43:59.836 160418 DEBUG oslo_service.service [req-cfdda4ba-fbb6-481a-9888-46f680f353ac - - - - -] database.max_retries = 10 log_opt_values /usr/lib/python3/dist-packages/oslo_config/cfg.py:2609
2025-07-21 00:43:59.836 160418 DEBUG oslo_service.service [req-cfdda4ba-fbb6-481a-9888-46f680f353ac - - - - -] database.mysql_enable_ndb = False log_opt_values /usr/lib/python3/dist-packages/oslo_config/cfg.py:2609
2025-07-21 00:43:59.836 160418 DEBUG oslo_service.service [req-cfdda4ba-fbb6-481a-9888-46f680f353ac - - - - -] database.mysql_sql_mode = TRADITIONAL log_opt_values /usr/lib/python3/dist-packages/oslo_config/cfg.py:2609
2025-07-21 00:43:59.836 160418 DEBUG oslo_service.service [req-cfdda4ba-fbb6-481a-9888-46f680f353ac - - - - -] database.pool_timeout = None log_opt_values /usr/lib/python3/dist-packages/oslo_config/cfg.py:2609
2025-07-21 00:43:59.837 160418 DEBUG oslo_service.service [req-cfdda4ba-fbb6-481a-9888-46f680f353ac - - - - -] database.retry_interval = 10 log_opt_values /usr/lib/python3/dist-packages/oslo_config/cfg.py:2609
2025-07-21 00:43:59.837 160418 DEBUG oslo_service.service [req-cfdda4ba-fbb6-481a-9888-46f680f353ac - - - - -] database.slave_connection = **** log_opt_values /usr/lib/python3/dist-packages/oslo_config/cfg.py:2609
2025-07-21 00:43:59.837 160418 DEBUG oslo_service.service [req-cfdda4ba-fbb6-481a-9888-46f680f353ac - - - - -] database.sqlite_synchronous = True log_opt_values /usr/lib/python3/dist-packages/oslo_config/cfg.py:2609
2025-07-21 00:43:59.837 160418 DEBUG oslo_service.service [req-cfdda4ba-fbb6-481a-9888-46f680f353ac - - - - -] database.use_db_reconnect = False log_opt_values /usr/lib/python3/dist-packages/oslo_config/cfg.py:2609
2025-07-21 00:43:59.838 160418 DEBUG oslo_service.service [req-cfdda4ba-fbb6-481a-9888-46f680f353ac - - - - -] api_database.backend = sqlalchemy log_opt_values /usr/lib/python3/dist-packages/oslo_config/cfg.py:2609
2025-07-21 00:43:59.838 160418 DEBUG oslo_service.service [req-cfdda4ba-fbb6-481a-9888-46f680f353ac - - - - -] api_database.connection = **** log_opt_values /usr/lib/python3/dist-packages/oslo_config/cfg.py:2609
2025-07-21 00:43:59.838 160418 DEBUG oslo_service.service [req-cfdda4ba-fbb6-481a-9888-46f680f353ac - - - - -] api_database.connection_debug = 0 log_opt_values /usr/lib/python3/dist-packages/oslo_config/cfg.py:2609
2025-07-21 00:43:59.838 161107 DEBUG oslo_messaging._drivers.amqpdriver [-] AMQPListener connection timeout poll /usr/lib/python3/dist-packages/oslo_messaging/_drivers/amqpdriver.py:360
2025-07-21 00:43:59.838 160418 DEBUG oslo_service.service [req-cfdda4ba-fbb6-481a-9888-46f680f353ac - - - - -] api_database.connection_parameters = log_opt_values /usr/lib/python3/dist-packages/oslo_config/cfg.py:2609
2025-07-21 00:43:59.838 161105 DEBUG oslo_messaging._drivers.amqpdriver [-] AMQPListener connection timeout poll /usr/lib/python3/dist-packages/oslo_messaging/_drivers/amqpdriver.py:360
2025-07-21 00:43:59.839 161107 DEBUG oslo_messaging._drivers.amqpdriver [-] Listener is running poll /usr/lib/python3/dist-packages/oslo_messaging/_drivers/amqpdriver.py:343
2025-07-21 00:43:59.839 161107 DEBUG oslo_messaging._drivers.amqpdriver [-] AMQPListener connection consume poll /usr/lib/python3/dist-packages/oslo_messaging/_drivers/amqpdriver.py:357
2025-07-21 00:43:59.839 160418 DEBUG oslo_service.service [req-cfdda4ba-fbb6-481a-9888-46f680f353ac - - - - -] api_database.connection_recycle_time = 3600 log_opt_values /usr/lib/python3/dist-packages/oslo_config/cfg.py:2609
2025-07-21 00:43:59.839 161105 DEBUG oslo_messaging._drivers.amqpdriver [-] Listener is running poll /usr/lib/python3/dist-packages/oslo_messaging/_drivers/amqpdriver.py:343
2025-07-21 00:43:59.839 161105 DEBUG oslo_messaging._drivers.amqpdriver [-] AMQPListener connection consume poll /usr/lib/python3/dist-packages/oslo_messaging/_drivers/amqpdriver.py:357
2025-07-21 00:43:59.839 160418 DEBUG oslo_service.service [req-cfdda4ba-fbb6-481a-9888-46f680f353ac - - - - -] api_database.connection_trace = False log_opt_values /usr/lib/python3/dist-packages/oslo_config/cfg.py:2609
2025-07-21 00:43:59.839 160418 DEBUG oslo_service.service [req-cfdda4ba-fbb6-481a-9888-46f680f353ac - - - - -] api_database.db_inc_retry_interval = True log_opt_values /usr/lib/python3/dist-packages/oslo_config/cfg.py:2609
2025-07-21 00:43:59.839 160418 DEBUG oslo_service.service [req-cfdda4ba-fbb6-481a-9888-46f680f353ac - - - - -] api_database.db_max_retries = 20 log_opt_values /usr/lib/python3/dist-packages/oslo_config/cfg.py:2609
2025-07-21 00:43:59.840 160418 DEBUG oslo_service.service [req-cfdda4ba-fbb6-481a-9888-46f680f353ac - - - - -] api_database.db_max_retry_interval = 10 log_opt_values /usr/lib/python3/dist-packages/oslo_config/cfg.py:2609
2025-07-21 00:43:59.840 160418 DEBUG oslo_service.service [req-cfdda4ba-fbb6-481a-9888-46f680f353ac - - - - -] api_database.db_retry_interval = 1 log_opt_values /usr/lib/python3/dist-packages/oslo_config/cfg.py:2609
2025-07-21 00:43:59.841 160418 DEBUG oslo_service.service [req-cfdda4ba-fbb6-481a-9888-46f680f353ac - - - - -] api_database.max_overflow = 50 log_opt_values /usr/lib/python3/dist-packages/oslo_config/cfg.py:2609
2025-07-21 00:43:59.841 160418 DEBUG oslo_service.service [req-cfdda4ba-fbb6-481a-9888-46f680f353ac - - - - -] api_database.max_pool_size = 4 log_opt_values /usr/lib/python3/dist-packages/oslo_config/cfg.py:2609
2025-07-21 00:43:59.842 160418 DEBUG oslo_service.service [req-cfdda4ba-fbb6-481a-9888-46f680f353ac - - - - -] api_database.max_retries = 10 log_opt_values /usr/lib/python3/dist-packages/oslo_config/cfg.py:2609
2025-07-21 00:43:59.842 160418 DEBUG oslo_service.service [req-cfdda4ba-fbb6-481a-9888-46f680f353ac - - - - -] api_database.mysql_enable_ndb = False log_opt_values /usr/lib/python3/dist-packages/oslo_config/cfg.py:2609
2025-07-21 00:43:59.842 160418 DEBUG oslo_service.service [req-cfdda4ba-fbb6-481a-9888-46f680f353ac - - - - -] api_database.mysql_sql_mode = TRADITIONAL log_opt_values /usr/lib/python3/dist-packages/oslo_config/cfg.py:2609
2025-07-21 00:43:59.842 160418 DEBUG oslo_service.service [req-cfdda4ba-fbb6-481a-9888-46f680f353ac - - - - -] api_database.pool_timeout = None log_opt_values /usr/lib/python3/dist-packages/oslo_config/cfg.py:2609
2025-07-21 00:43:59.842 160418 DEBUG oslo_service.service [req-cfdda4ba-fbb6-481a-9888-46f680f353ac - - - - -] api_database.retry_interval = 10 log_opt_values /usr/lib/python3/dist-packages/oslo_config/cfg.py:2609
2025-07-21 00:43:59.843 160418 DEBUG oslo_service.service [req-cfdda4ba-fbb6-481a-9888-46f680f353ac - - - - -] api_database.slave_connection = **** log_opt_values /usr/lib/python3/dist-packages/oslo_config/cfg.py:2609
2025-07-21 00:43:59.843 160418 DEBUG oslo_service.service [req-cfdda4ba-fbb6-481a-9888-46f680f353ac - - - - -] api_database.sqlite_synchronous = True log_opt_values /usr/lib/python3/dist-packages/oslo_config/cfg.py:2609
2025-07-21 00:43:59.843 160418 DEBUG oslo_service.service [req-cfdda4ba-fbb6-481a-9888-46f680f353ac - - - - -] devices.enabled_mdev_types = [] log_opt_values /usr/lib/python3/dist-packages/oslo_config/cfg.py:2609
2025-07-21 00:43:59.843 160418 DEBUG oslo_service.service [req-cfdda4ba-fbb6-481a-9888-46f680f353ac - - - - -] ephemeral_storage_encryption.cipher = aes-xts-plain64 log_opt_values /usr/lib/python3/dist-packages/oslo_config/cfg.py:2609
2025-07-21 00:43:59.844 160418 DEBUG oslo_service.service [req-cfdda4ba-fbb6-481a-9888-46f680f353ac - - - - -] ephemeral_storage_encryption.enabled = False log_opt_values /usr/lib/python3/dist-packages/oslo_config/cfg.py:2609
2025-07-21 00:43:59.844 160418 DEBUG oslo_service.service [req-cfdda4ba-fbb6-481a-9888-46f680f353ac - - - - -] ephemeral_storage_encryption.key_size = 512 log_opt_values /usr/lib/python3/dist-packages/oslo_config/cfg.py:2609
2025-07-21 00:43:59.844 160418 WARNING oslo_config.cfg [req-cfdda4ba-fbb6-481a-9888-46f680f353ac - - - - -] Deprecated: Option "api_servers" from group "glance" is deprecated for removal ( Support for image service configuration via standard keystoneauth1 Adapter options was added in the 17.0.0 Queens release. The api_servers option was retained temporarily to allow consumers time to cut over to a real load balancing solution. ). Its value may be silently ignored in the future.
2025-07-21 00:43:59.845 160418 DEBUG oslo_service.service [req-cfdda4ba-fbb6-481a-9888-46f680f353ac - - - - -] glance.api_servers = ['http://252.41.65.153:9292'] log_opt_values /usr/lib/python3/dist-packages/oslo_config/cfg.py:2609
2025-07-21 00:43:59.845 160418 DEBUG oslo_service.service [req-cfdda4ba-fbb6-481a-9888-46f680f353ac - - - - -] glance.cafile = None log_opt_values /usr/lib/python3/dist-packages/oslo_config/cfg.py:2609
2025-07-21 00:43:59.845 160418 DEBUG oslo_service.service [req-cfdda4ba-fbb6-481a-9888-46f680f353ac - - - - -] glance.certfile = None log_opt_values /usr/lib/python3/dist-packages/oslo_config/cfg.py:2609
2025-07-21 00:43:59.845 160418 DEBUG oslo_service.service [req-cfdda4ba-fbb6-481a-9888-46f680f353ac - - - - -] glance.collect_timing = False log_opt_values /usr/lib/python3/dist-packages/oslo_config/cfg.py:2609
2025-07-21 00:43:59.846 160418 DEBUG oslo_service.service [req-cfdda4ba-fbb6-481a-9888-46f680f353ac - - - - -] glance.connect_retries = None log_opt_values /usr/lib/python3/dist-packages/oslo_config/cfg.py:2609
2025-07-21 00:43:59.846 160418 DEBUG oslo_service.service [req-cfdda4ba-fbb6-481a-9888-46f680f353ac - - - - -] glance.connect_retry_delay = None log_opt_values /usr/lib/python3/dist-packages/oslo_config/cfg.py:2609
2025-07-21 00:43:59.846 160418 DEBUG oslo_service.service [req-cfdda4ba-fbb6-481a-9888-46f680f353ac - - - - -] glance.debug = False log_opt_values /usr/lib/python3/dist-packages/oslo_config/cfg.py:2609
2025-07-21 00:43:59.846 160418 DEBUG oslo_service.service [req-cfdda4ba-fbb6-481a-9888-46f680f353ac - - - - -] glance.default_trusted_certificate_ids = [] log_opt_values /usr/lib/python3/dist-packages/oslo_config/cfg.py:2609
2025-07-21 00:43:59.847 160418 DEBUG oslo_service.service [req-cfdda4ba-fbb6-481a-9888-46f680f353ac - - - - -] glance.enable_certificate_validation = False log_opt_values /usr/lib/python3/dist-packages/oslo_config/cfg.py:2609
2025-07-21 00:43:59.847 160418 DEBUG oslo_service.service [req-cfdda4ba-fbb6-481a-9888-46f680f353ac - - - - -] glance.enable_rbd_download = False log_opt_values /usr/lib/python3/dist-packages/oslo_config/cfg.py:2609
2025-07-21 00:43:59.847 160418 DEBUG oslo_service.service [req-cfdda4ba-fbb6-481a-9888-46f680f353ac - - - - -] glance.endpoint_override = None log_opt_values /usr/lib/python3/dist-packages/oslo_config/cfg.py:2609
2025-07-21 00:43:59.847 160418 DEBUG oslo_service.service [req-cfdda4ba-fbb6-481a-9888-46f680f353ac - - - - -] glance.insecure = False log_opt_values /usr/lib/python3/dist-packages/oslo_config/cfg.py:2609
2025-07-21 00:43:59.848 160418 DEBUG oslo_service.service [req-cfdda4ba-fbb6-481a-9888-46f680f353ac - - - - -] glance.keyfile = None log_opt_values /usr/lib/python3/dist-packages/oslo_config/cfg.py:2609
2025-07-21 00:43:59.848 160418 DEBUG oslo_service.service [req-cfdda4ba-fbb6-481a-9888-46f680f353ac - - - - -] glance.max_version = None log_opt_values /usr/lib/python3/dist-packages/oslo_config/cfg.py:2609
2025-07-21 00:43:59.848 160418 DEBUG oslo_service.service [req-cfdda4ba-fbb6-481a-9888-46f680f353ac - - - - -] glance.min_version = None log_opt_values /usr/lib/python3/dist-packages/oslo_config/cfg.py:2609
2025-07-21 00:43:59.848 160418 DEBUG oslo_service.service [req-cfdda4ba-fbb6-481a-9888-46f680f353ac - - - - -] glance.num_retries = 3 log_opt_values /usr/lib/python3/dist-packages/oslo_config/cfg.py:2609
2025-07-21 00:43:59.849 160418 DEBUG oslo_service.service [req-cfdda4ba-fbb6-481a-9888-46f680f353ac - - - - -] glance.rbd_ceph_conf = log_opt_values /usr/lib/python3/dist-packages/oslo_config/cfg.py:2609
2025-07-21 00:43:59.849 160418 DEBUG oslo_service.service [req-cfdda4ba-fbb6-481a-9888-46f680f353ac - - - - -] glance.rbd_connect_timeout = 5 log_opt_values /usr/lib/python3/dist-packages/oslo_config/cfg.py:2609
2025-07-21 00:43:59.849 160418 DEBUG oslo_service.service [req-cfdda4ba-fbb6-481a-9888-46f680f353ac - - - - -] glance.rbd_pool = log_opt_values /usr/lib/python3/dist-packages/oslo_config/cfg.py:2609
2025-07-21 00:43:59.849 160418 DEBUG oslo_service.service [req-cfdda4ba-fbb6-481a-9888-46f680f353ac - - - - -] glance.rbd_user = log_opt_values /usr/lib/python3/dist-packages/oslo_config/cfg.py:2609
2025-07-21 00:43:59.850 160418 DEBUG oslo_service.service [req-cfdda4ba-fbb6-481a-9888-46f680f353ac - - - - -] glance.region_name = None log_opt_values /usr/lib/python3/dist-packages/oslo_config/cfg.py:2609
2025-07-21 00:43:59.850 160418 DEBUG oslo_service.service [req-cfdda4ba-fbb6-481a-9888-46f680f353ac - - - - -] glance.service_name = None log_opt_values /usr/lib/python3/dist-packages/oslo_config/cfg.py:2609
2025-07-21 00:43:59.850 160418 DEBUG oslo_service.service [req-cfdda4ba-fbb6-481a-9888-46f680f353ac - - - - -] glance.service_type = image log_opt_values /usr/lib/python3/dist-packages/oslo_config/cfg.py:2609
2025-07-21 00:43:59.851 160418 DEBUG oslo_service.service [req-cfdda4ba-fbb6-481a-9888-46f680f353ac - - - - -] glance.split_loggers = False log_opt_values /usr/lib/python3/dist-packages/oslo_config/cfg.py:2609
2025-07-21 00:43:59.851 160418 DEBUG oslo_service.service [req-cfdda4ba-fbb6-481a-9888-46f680f353ac - - - - -] glance.status_code_retries = None log_opt_values /usr/lib/python3/dist-packages/oslo_config/cfg.py:2609
2025-07-21 00:43:59.851 160418 DEBUG oslo_service.service [req-cfdda4ba-fbb6-481a-9888-46f680f353ac - - - - -] glance.status_code_retry_delay = None log_opt_values /usr/lib/python3/dist-packages/oslo_config/cfg.py:2609
2025-07-21 00:43:59.851 161108 DEBUG oslo_messaging._drivers.amqpdriver [-] Listener is running poll /usr/lib/python3/dist-packages/oslo_messaging/_drivers/amqpdriver.py:343
2025-07-21 00:43:59.851 160418 DEBUG oslo_service.service [req-cfdda4ba-fbb6-481a-9888-46f680f353ac - - - - -] glance.timeout = None log_opt_values /usr/lib/python3/dist-packages/oslo_config/cfg.py:2609
2025-07-21 00:43:59.851 161108 DEBUG oslo_messaging._drivers.amqpdriver [-] AMQPListener connection consume poll /usr/lib/python3/dist-packages/oslo_messaging/_drivers/amqpdriver.py:357
2025-07-21 00:43:59.852 160418 DEBUG oslo_service.service [req-cfdda4ba-fbb6-481a-9888-46f680f353ac - - - - -] glance.valid_interfaces = ['internal', 'public'] log_opt_values /usr/lib/python3/dist-packages/oslo_config/cfg.py:2609
2025-07-21 00:43:59.852 160418 DEBUG oslo_service.service [req-cfdda4ba-fbb6-481a-9888-46f680f353ac - - - - -] glance.verify_glance_signatures = False log_opt_values /usr/lib/python3/dist-packages/oslo_config/cfg.py:2609
2025-07-21 00:43:59.852 160418 DEBUG oslo_service.service [req-cfdda4ba-fbb6-481a-9888-46f680f353ac - - - - -] glance.version = None log_opt_values /usr/lib/python3/dist-packages/oslo_config/cfg.py:2609
2025-07-21 00:43:59.852 160418 DEBUG oslo_service.service [req-cfdda4ba-fbb6-481a-9888-46f680f353ac - - - - -] guestfs.debug = False log_opt_values /usr/lib/python3/dist-packages/oslo_config/cfg.py:2609
2025-07-21 00:43:59.853 160418 DEBUG oslo_service.service [req-cfdda4ba-fbb6-481a-9888-46f680f353ac - - - - -] hyperv.config_drive_cdrom = False log_opt_values /usr/lib/python3/dist-packages/oslo_config/cfg.py:2609
2025-07-21 00:43:59.853 160418 DEBUG oslo_service.service [req-cfdda4ba-fbb6-481a-9888-46f680f353ac - - - - -] hyperv.config_drive_inject_password = False log_opt_values /usr/lib/python3/dist-packages/oslo_config/cfg.py:2609
2025-07-21 00:43:59.853 160418 DEBUG oslo_service.service [req-cfdda4ba-fbb6-481a-9888-46f680f353ac - - - - -] hyperv.dynamic_memory_ratio = 1.0 log_opt_values /usr/lib/python3/dist-packages/oslo_config/cfg.py:2609
2025-07-21 00:43:59.853 161108 DEBUG nova.service [req-63d304ca-ac15-4080-b473-7ba859b9daf8 - - - - -] Join ServiceGroup membership for this service scheduler start /usr/lib/python3/dist-packages/nova/service.py:199
2025-07-21 00:43:59.853 160418 DEBUG oslo_service.service [req-cfdda4ba-fbb6-481a-9888-46f680f353ac - - - - -] hyperv.enable_instance_metrics_collection = False log_opt_values /usr/lib/python3/dist-packages/oslo_config/cfg.py:2609
2025-07-21 00:43:59.853 161108 DEBUG nova.servicegroup.drivers.db [req-63d304ca-ac15-4080-b473-7ba859b9daf8 - - - - -] DB_Driver: join new ServiceGroup member juju-9ef9ea-0-lxd-7 to the scheduler group, service = join /usr/lib/python3/dist-packages/nova/servicegroup/drivers/db.py:44
2025-07-21 00:43:59.855 160418 DEBUG oslo_service.service [req-cfdda4ba-fbb6-481a-9888-46f680f353ac - - - - -] hyperv.enable_remotefx = False log_opt_values /usr/lib/python3/dist-packages/oslo_config/cfg.py:2609
2025-07-21 00:43:59.855 160418 DEBUG oslo_service.service [req-cfdda4ba-fbb6-481a-9888-46f680f353ac - - - - -] hyperv.instances_path_share = log_opt_values /usr/lib/python3/dist-packages/oslo_config/cfg.py:2609
2025-07-21 00:43:59.855 160418 DEBUG oslo_service.service [req-cfdda4ba-fbb6-481a-9888-46f680f353ac - - - - -] hyperv.iscsi_initiator_list = [] log_opt_values /usr/lib/python3/dist-packages/oslo_config/cfg.py:2609
2025-07-21 00:43:59.856 160418 DEBUG oslo_service.service [req-cfdda4ba-fbb6-481a-9888-46f680f353ac - - - - -] hyperv.limit_cpu_features = False log_opt_values /usr/lib/python3/dist-packages/oslo_config/cfg.py:2609
2025-07-21 00:43:59.856 160418 DEBUG oslo_service.service [req-cfdda4ba-fbb6-481a-9888-46f680f353ac - - - - -] hyperv.mounted_disk_query_retry_count = 10 log_opt_values /usr/lib/python3/dist-packages/oslo_config/cfg.py:2609
2025-07-21 00:43:59.856 160418 DEBUG oslo_service.service [req-cfdda4ba-fbb6-481a-9888-46f680f353ac - - - - -] hyperv.mounted_disk_query_retry_interval = 5 log_opt_values /usr/lib/python3/dist-packages/oslo_config/cfg.py:2609
2025-07-21 00:43:59.857 160418 DEBUG oslo_service.service [req-cfdda4ba-fbb6-481a-9888-46f680f353ac - - - - -] hyperv.power_state_check_timeframe = 60 log_opt_values /usr/lib/python3/dist-packages/oslo_config/cfg.py:2609
2025-07-21 00:43:59.857 161108 DEBUG oslo_messaging._drivers.amqpdriver [-] AMQPListener connection timeout poll /usr/lib/python3/dist-packages/oslo_messaging/_drivers/amqpdriver.py:360
2025-07-21 00:43:59.858 161108 DEBUG oslo_messaging._drivers.amqpdriver [-] Listener is running poll /usr/lib/python3/dist-packages/oslo_messaging/_drivers/amqpdriver.py:343
2025-07-21 00:43:59.858 161108 DEBUG oslo_messaging._drivers.amqpdriver [-] AMQPListener connection consume poll /usr/lib/python3/dist-packages/oslo_messaging/_drivers/amqpdriver.py:357
