2025-07-21 00:41:26.440 132306 DEBUG oslo_service.service [req-93c8aa99-9815-403a-9381-4cbabcb2ce3e - - - - -] ram_allocation_ratio = 0.98 log_opt_values /usr/lib/python3/dist-packages/oslo_config/cfg.py:2602
2025-07-21 00:41:26.440 132306 DEBUG oslo_service.service [req-93c8aa99-9815-403a-9381-4cbabcb2ce3e - - - - -] rate_limit_burst = 0 log_opt_values /usr/lib/python3/dist-packages/oslo_config/cfg.py:2602
2025-07-21 00:41:26.440 132306 DEBUG oslo_service.service [req-93c8aa99-9815-403a-9381-4cbabcb2ce3e - - - - -] rate_limit_except_level = CRITICAL log_opt_values /usr/lib/python3/dist-packages/oslo_config/cfg.py:2602
2025-07-21 00:41:26.440 132306 DEBUG oslo_service.service [req-93c8aa99-9815-403a-9381-4cbabcb2ce3e - - - - -] rate_limit_interval = 0 log_opt_values /usr/lib/python3/dist-packages/oslo_config/cfg.py:2602
2025-07-21 00:41:26.440 132306 DEBUG oslo_service.service [req-93c8aa99-9815-403a-9381-4cbabcb2ce3e - - - - -] reboot_timeout = 0 log_opt_values /usr/lib/python3/dist-packages/oslo_config/cfg.py:2602
2025-07-21 00:41:26.441 132306 DEBUG oslo_service.service [req-93c8aa99-9815-403a-9381-4cbabcb2ce3e - - - - -] reclaim_instance_interval = 0 log_opt_values /usr/lib/python3/dist-packages/oslo_config/cfg.py:2602
2025-07-21 00:41:26.441 132306 DEBUG oslo_service.service [req-93c8aa99-9815-403a-9381-4cbabcb2ce3e - - - - -] record = None log_opt_values /usr/lib/python3/dist-packages/oslo_config/cfg.py:2602
2025-07-21 00:41:26.441 132306 DEBUG oslo_service.service [req-93c8aa99-9815-403a-9381-4cbabcb2ce3e - - - - -] report_interval = 10 log_opt_values /usr/lib/python3/dist-packages/oslo_config/cfg.py:2602
2025-07-21 00:41:26.442 132306 DEBUG oslo_service.service [req-93c8aa99-9815-403a-9381-4cbabcb2ce3e - - - - -] rescue_timeout = 0 log_opt_values /usr/lib/python3/dist-packages/oslo_config/cfg.py:2602
2025-07-21 00:41:26.442 132306 DEBUG oslo_service.service [req-93c8aa99-9815-403a-9381-4cbabcb2ce3e - - - - -] reserved_host_cpus = 0 log_opt_values /usr/lib/python3/dist-packages/oslo_config/cfg.py:2602
2025-07-21 00:41:26.442 132306 DEBUG oslo_service.service [req-93c8aa99-9815-403a-9381-4cbabcb2ce3e - - - - -] reserved_host_disk_mb = 0 log_opt_values /usr/lib/python3/dist-packages/oslo_config/cfg.py:2602
2025-07-21 00:41:26.442 132306 DEBUG oslo_service.service [req-93c8aa99-9815-403a-9381-4cbabcb2ce3e - - - - -] reserved_host_memory_mb = 512 log_opt_values /usr/lib/python3/dist-packages/oslo_config/cfg.py:2602
2025-07-21 00:41:26.442 132306 DEBUG oslo_service.service [req-93c8aa99-9815-403a-9381-4cbabcb2ce3e - - - - -] reserved_huge_pages = None log_opt_values /usr/lib/python3/dist-packages/oslo_config/cfg.py:2602
2025-07-21 00:41:26.443 132306 DEBUG oslo_service.service [req-93c8aa99-9815-403a-9381-4cbabcb2ce3e - - - - -] resize_confirm_window = 0 log_opt_values /usr/lib/python3/dist-packages/oslo_config/cfg.py:2602
2025-07-21 00:41:26.444 132306 DEBUG oslo_service.service [req-93c8aa99-9815-403a-9381-4cbabcb2ce3e - - - - -] resize_fs_using_block_device = False log_opt_values /usr/lib/python3/dist-packages/oslo_config/cfg.py:2602
2025-07-21 00:41:26.444 132306 DEBUG oslo_service.service [req-93c8aa99-9815-403a-9381-4cbabcb2ce3e - - - - -] resume_guests_state_on_host_boot = False log_opt_values /usr/lib/python3/dist-packages/oslo_config/cfg.py:2602
2025-07-21 00:41:26.444 132306 DEBUG oslo_service.service [req-93c8aa99-9815-403a-9381-4cbabcb2ce3e - - - - -] rootwrap_config = /etc/nova/rootwrap.conf log_opt_values /usr/lib/python3/dist-packages/oslo_config/cfg.py:2602
2025-07-21 00:41:26.445 132306 DEBUG oslo_service.service [req-93c8aa99-9815-403a-9381-4cbabcb2ce3e - - - - -] run_external_periodic_tasks = True log_opt_values /usr/lib/python3/dist-packages/oslo_config/cfg.py:2602
2025-07-21 00:41:26.445 132306 DEBUG oslo_service.service [req-93c8aa99-9815-403a-9381-4cbabcb2ce3e - - - - -] running_deleted_instance_action = reap log_opt_values /usr/lib/python3/dist-packages/oslo_config/cfg.py:2602
2025-07-21 00:41:26.445 132306 DEBUG oslo_service.service [req-93c8aa99-9815-403a-9381-4cbabcb2ce3e - - - - -] running_deleted_instance_poll_interval = 1800 log_opt_values /usr/lib/python3/dist-packages/oslo_config/cfg.py:2602
2025-07-21 00:41:26.445 132306 DEBUG oslo_service.service [req-93c8aa99-9815-403a-9381-4cbabcb2ce3e - - - - -] running_deleted_instance_timeout = 0 log_opt_values /usr/lib/python3/dist-packages/oslo_config/cfg.py:2602
2025-07-21 00:41:26.445 132306 DEBUG oslo_service.service [req-93c8aa99-9815-403a-9381-4cbabcb2ce3e - - - - -] scheduler_instance_sync_interval = 120 log_opt_values /usr/lib/python3/dist-packages/oslo_config/cfg.py:2602
2025-07-21 00:41:26.446 132306 DEBUG oslo_service.service [req-93c8aa99-9815-403a-9381-4cbabcb2ce3e - - - - -] service_down_time = 60 log_opt_values /usr/lib/python3/dist-packages/oslo_config/cfg.py:2602
2025-07-21 00:41:26.446 132306 DEBUG oslo_service.service [req-93c8aa99-9815-403a-9381-4cbabcb2ce3e - - - - -] servicegroup_driver = db log_opt_values /usr/lib/python3/dist-packages/oslo_config/cfg.py:2602
2025-07-21 00:41:26.446 132306 DEBUG oslo_service.service [req-93c8aa99-9815-403a-9381-4cbabcb2ce3e - - - - -] shelved_offload_time = 0 log_opt_values /usr/lib/python3/dist-packages/oslo_config/cfg.py:2602
2025-07-21 00:41:26.446 132306 DEBUG oslo_service.service [req-93c8aa99-9815-403a-9381-4cbabcb2ce3e - - - - -] shelved_poll_interval = 3600 log_opt_values /usr/lib/python3/dist-packages/oslo_config/cfg.py:2602
2025-07-21 00:41:26.447 132306 DEBUG oslo_service.service [req-93c8aa99-9815-403a-9381-4cbabcb2ce3e - - - - -] shutdown_timeout = 60 log_opt_values /usr/lib/python3/dist-packages/oslo_config/cfg.py:2602
2025-07-21 00:41:26.447 132306 DEBUG oslo_service.service [req-93c8aa99-9815-403a-9381-4cbabcb2ce3e - - - - -] source_is_ipv6 = False log_opt_values /usr/lib/python3/dist-packages/oslo_config/cfg.py:2602
2025-07-21 00:41:26.447 132306 DEBUG oslo_service.service [req-93c8aa99-9815-403a-9381-4cbabcb2ce3e - - - - -] ssl_only = False log_opt_values /usr/lib/python3/dist-packages/oslo_config/cfg.py:2602
2025-07-21 00:41:26.447 132306 DEBUG oslo_service.service [req-93c8aa99-9815-403a-9381-4cbabcb2ce3e - - - - -] state_path = /var/lib/nova log_opt_values /usr/lib/python3/dist-packages/oslo_config/cfg.py:2602
2025-07-21 00:41:26.447 132306 DEBUG oslo_service.service [req-93c8aa99-9815-403a-9381-4cbabcb2ce3e - - - - -] sync_power_state_interval = 600 log_opt_values /usr/lib/python3/dist-packages/oslo_config/cfg.py:2602
2025-07-21 00:41:26.447 132306 DEBUG oslo_service.service [req-93c8aa99-9815-403a-9381-4cbabcb2ce3e - - - - -] sync_power_state_pool_size = 1000 log_opt_values /usr/lib/python3/dist-packages/oslo_config/cfg.py:2602
2025-07-21 00:41:26.448 132306 DEBUG oslo_service.service [req-93c8aa99-9815-403a-9381-4cbabcb2ce3e - - - - -] syslog_log_facility = LOG_USER log_opt_values /usr/lib/python3/dist-packages/oslo_config/cfg.py:2602
2025-07-21 00:41:26.448 132306 DEBUG oslo_service.service [req-93c8aa99-9815-403a-9381-4cbabcb2ce3e - - - - -] tempdir = None log_opt_values /usr/lib/python3/dist-packages/oslo_config/cfg.py:2602
2025-07-21 00:41:26.448 132306 DEBUG oslo_service.service [req-93c8aa99-9815-403a-9381-4cbabcb2ce3e - - - - -] timeout_nbd = 10 log_opt_values /usr/lib/python3/dist-packages/oslo_config/cfg.py:2602
2025-07-21 00:41:26.448 132306 DEBUG oslo_service.service [req-93c8aa99-9815-403a-9381-4cbabcb2ce3e - - - - -] transport_url = **** log_opt_values /usr/lib/python3/dist-packages/oslo_config/cfg.py:2602
2025-07-21 00:41:26.448 132306 DEBUG oslo_service.service [req-93c8aa99-9815-403a-9381-4cbabcb2ce3e - - - - -] update_resources_interval = 0 log_opt_values /usr/lib/python3/dist-packages/oslo_config/cfg.py:2602
2025-07-21 00:41:26.449 132306 DEBUG oslo_service.service [req-93c8aa99-9815-403a-9381-4cbabcb2ce3e - - - - -] use_cow_images = True log_opt_values /usr/lib/python3/dist-packages/oslo_config/cfg.py:2602
2025-07-21 00:41:26.449 132306 DEBUG oslo_service.service [req-93c8aa99-9815-403a-9381-4cbabcb2ce3e - - - - -] use_eventlog = False log_opt_values /usr/lib/python3/dist-packages/oslo_config/cfg.py:2602
2025-07-21 00:41:26.449 132306 DEBUG oslo_service.service [req-93c8aa99-9815-403a-9381-4cbabcb2ce3e - - - - -] use_journal = False log_opt_values /usr/lib/python3/dist-packages/oslo_config/cfg.py:2602
2025-07-21 00:41:26.449 132306 DEBUG oslo_service.service [req-93c8aa99-9815-403a-9381-4cbabcb2ce3e - - - - -] use_json = False log_opt_values /usr/lib/python3/dist-packages/oslo_config/cfg.py:2602
2025-07-21 00:41:26.449 132306 DEBUG oslo_service.service [req-93c8aa99-9815-403a-9381-4cbabcb2ce3e - - - - -] use_rootwrap_daemon = False log_opt_values /usr/lib/python3/dist-packages/oslo_config/cfg.py:2602
2025-07-21 00:41:26.450 132306 DEBUG oslo_service.service [req-93c8aa99-9815-403a-9381-4cbabcb2ce3e - - - - -] use_stderr = False log_opt_values /usr/lib/python3/dist-packages/oslo_config/cfg.py:2602
2025-07-21 00:41:26.450 132306 DEBUG oslo_service.service [req-93c8aa99-9815-403a-9381-4cbabcb2ce3e - - - - -] use_syslog = False log_opt_values /usr/lib/python3/dist-packages/oslo_config/cfg.py:2602
2025-07-21 00:41:26.450 132306 DEBUG oslo_service.service [req-93c8aa99-9815-403a-9381-4cbabcb2ce3e - - - - -] vcpu_pin_set = None log_opt_values /usr/lib/python3/dist-packages/oslo_config/cfg.py:2602
2025-07-21 00:41:26.450 132306 DEBUG oslo_service.service [req-93c8aa99-9815-403a-9381-4cbabcb2ce3e - - - - -] vif_plugging_is_fatal = True log_opt_values /usr/lib/python3/dist-packages/oslo_config/cfg.py:2602
2025-07-21 00:41:26.450 132306 DEBUG oslo_service.service [req-93c8aa99-9815-403a-9381-4cbabcb2ce3e - - - - -] vif_plugging_timeout = 300 log_opt_values /usr/lib/python3/dist-packages/oslo_config/cfg.py:2602
2025-07-21 00:41:26.451 132306 DEBUG oslo_service.service [req-93c8aa99-9815-403a-9381-4cbabcb2ce3e - - - - -] virt_mkfs = [] log_opt_values /usr/lib/python3/dist-packages/oslo_config/cfg.py:2602
2025-07-21 00:41:26.452 132306 DEBUG oslo_service.service [req-93c8aa99-9815-403a-9381-4cbabcb2ce3e - - - - -] volume_usage_poll_interval = 0 log_opt_values /usr/lib/python3/dist-packages/oslo_config/cfg.py:2602
2025-07-21 00:41:26.452 132306 DEBUG oslo_service.service [req-93c8aa99-9815-403a-9381-4cbabcb2ce3e - - - - -] watch_log_file = False log_opt_values /usr/lib/python3/dist-packages/oslo_config/cfg.py:2602
2025-07-21 00:41:26.452 132306 DEBUG oslo_service.service [req-93c8aa99-9815-403a-9381-4cbabcb2ce3e - - - - -] web = /usr/share/spice-html5 log_opt_values /usr/lib/python3/dist-packages/oslo_config/cfg.py:2602
2025-07-21 00:41:26.452 132306 DEBUG oslo_service.service [req-93c8aa99-9815-403a-9381-4cbabcb2ce3e - - - - -] oslo_concurrency.disable_process_locking = False log_opt_values /usr/lib/python3/dist-packages/oslo_config/cfg.py:2609
2025-07-21 00:41:26.453 132306 DEBUG oslo_service.service [req-93c8aa99-9815-403a-9381-4cbabcb2ce3e - - - - -] oslo_concurrency.lock_path = /var/lock/nova log_opt_values /usr/lib/python3/dist-packages/oslo_config/cfg.py:2609
2025-07-21 00:41:26.454 132306 WARNING oslo_config.cfg [req-93c8aa99-9815-403a-9381-4cbabcb2ce3e - - - - -] Deprecated: Option "auth_strategy" from group "api" is deprecated for removal ( The only non-default choice, ``noauth2``, is for internal development and testing purposes only and should not be used in deployments. This option and its middleware, NoAuthMiddleware[V2_18], will be removed in a future release. ). Its value may be silently ignored in the future.
2025-07-21 00:41:26.454 132306 DEBUG oslo_service.service [req-93c8aa99-9815-403a-9381-4cbabcb2ce3e - - - - -] api.auth_strategy = keystone log_opt_values /usr/lib/python3/dist-packages/oslo_config/cfg.py:2609
2025-07-21 00:41:26.454 132306 DEBUG oslo_service.service [req-93c8aa99-9815-403a-9381-4cbabcb2ce3e - - - - -] api.compute_link_prefix = None log_opt_values /usr/lib/python3/dist-packages/oslo_config/cfg.py:2609
2025-07-21 00:41:26.456 132306 DEBUG oslo_service.service [req-93c8aa99-9815-403a-9381-4cbabcb2ce3e - - - - -] api.config_drive_skip_versions = 1.0 2007-01-19 2007-03-01 2007-08-29 2007-10-10 2007-12-15 2008-02-01 2008-09-01 log_opt_values /usr/lib/python3/dist-packages/oslo_config/cfg.py:2609
2025-07-21 00:41:26.456 132306 DEBUG oslo_service.service [req-93c8aa99-9815-403a-9381-4cbabcb2ce3e - - - - -] api.dhcp_domain = novalocal log_opt_values /usr/lib/python3/dist-packages/oslo_config/cfg.py:2609
2025-07-21 00:41:26.456 132306 DEBUG oslo_service.service [req-93c8aa99-9815-403a-9381-4cbabcb2ce3e - - - - -] api.enable_instance_password = True log_opt_values /usr/lib/python3/dist-packages/oslo_config/cfg.py:2609
2025-07-21 00:41:26.457 132306 DEBUG oslo_service.service [req-93c8aa99-9815-403a-9381-4cbabcb2ce3e - - - - -] api.glance_link_prefix = None log_opt_values /usr/lib/python3/dist-packages/oslo_config/cfg.py:2609
2025-07-21 00:41:26.457 132306 DEBUG oslo_service.service [req-93c8aa99-9815-403a-9381-4cbabcb2ce3e - - - - -] api.instance_list_cells_batch_fixed_size = 100 log_opt_values /usr/lib/python3/dist-packages/oslo_config/cfg.py:2609
2025-07-21 00:41:26.457 132306 DEBUG oslo_service.service [req-93c8aa99-9815-403a-9381-4cbabcb2ce3e - - - - -] api.instance_list_cells_batch_strategy = distributed log_opt_values /usr/lib/python3/dist-packages/oslo_config/cfg.py:2609
2025-07-21 00:41:26.458 132306 DEBUG oslo_service.service [req-93c8aa99-9815-403a-9381-4cbabcb2ce3e - - - - -] api.instance_list_per_project_cells = False log_opt_values /usr/lib/python3/dist-packages/oslo_config/cfg.py:2609
2025-07-21 00:41:26.458 132306 DEBUG oslo_service.service [req-93c8aa99-9815-403a-9381-4cbabcb2ce3e - - - - -] api.list_records_by_skipping_down_cells = True log_opt_values /usr/lib/python3/dist-packages/oslo_config/cfg.py:2609
2025-07-21 00:41:26.458 132306 DEBUG oslo_service.service [req-93c8aa99-9815-403a-9381-4cbabcb2ce3e - - - - -] api.local_metadata_per_cell = False log_opt_values /usr/lib/python3/dist-packages/oslo_config/cfg.py:2609
2025-07-21 00:41:26.458 132306 DEBUG oslo_service.service [req-93c8aa99-9815-403a-9381-4cbabcb2ce3e - - - - -] api.max_limit = 1000 log_opt_values /usr/lib/python3/dist-packages/oslo_config/cfg.py:2609
2025-07-21 00:41:26.459 132306 DEBUG oslo_service.service [req-93c8aa99-9815-403a-9381-4cbabcb2ce3e - - - - -] api.metadata_cache_expiration = 15 log_opt_values /usr/lib/python3/dist-packages/oslo_config/cfg.py:2609
2025-07-21 00:41:26.459 132306 DEBUG oslo_service.service [req-93c8aa99-9815-403a-9381-4cbabcb2ce3e - - - - -] api.neutron_default_tenant_id = default log_opt_values /usr/lib/python3/dist-packages/oslo_config/cfg.py:2609
2025-07-21 00:41:26.459 132306 DEBUG oslo_service.service [req-93c8aa99-9815-403a-9381-4cbabcb2ce3e - - - - -] api.use_forwarded_for = False log_opt_values /usr/lib/python3/dist-packages/oslo_config/cfg.py:2609
2025-07-21 00:41:26.460 132306 DEBUG oslo_service.service [req-93c8aa99-9815-403a-9381-4cbabcb2ce3e - - - - -] api.use_neutron_default_nets = False log_opt_values /usr/lib/python3/dist-packages/oslo_config/cfg.py:2609
2025-07-21 00:41:26.460 132306 DEBUG oslo_service.service [req-93c8aa99-9815-403a-9381-4cbabcb2ce3e - - - - -] api.vendordata_dynamic_connect_timeout = 5 log_opt_values /usr/lib/python3/dist-packages/oslo_config/cfg.py:2609
2025-07-21 00:41:26.461 132306 DEBUG oslo_service.service [req-93c8aa99-9815-403a-9381-4cbabcb2ce3e - - - - -] api.vendordata_dynamic_failure_fatal = False log_opt_values /usr/lib/python3/dist-packages/oslo_config/cfg.py:2609
2025-07-21 00:41:26.461 132306 DEBUG oslo_service.service [req-93c8aa99-9815-403a-9381-4cbabcb2ce3e - - - - -] api.vendordata_dynamic_read_timeout = 5 log_opt_values /usr/lib/python3/dist-packages/oslo_config/cfg.py:2609
2025-07-21 00:41:26.461 132306 DEBUG oslo_service.service [req-93c8aa99-9815-403a-9381-4cbabcb2ce3e - - - - -] api.vendordata_dynamic_ssl_certfile = log_opt_values /usr/lib/python3/dist-packages/oslo_config/cfg.py:2609
2025-07-21 00:41:26.463 133525 DEBUG nova.service [req-f388ef6c-2481-4685-a976-4cb32cca1406 - - - - -] Creating RPC server for service scheduler start /usr/lib/python3/dist-packages/nova/service.py:182
2025-07-21 00:41:26.474 132306 DEBUG oslo_service.service [req-93c8aa99-9815-403a-9381-4cbabcb2ce3e - - - - -] api.vendordata_dynamic_targets = [] log_opt_values /usr/lib/python3/dist-packages/oslo_config/cfg.py:2609
2025-07-21 00:41:26.475 132306 DEBUG oslo_service.service [req-93c8aa99-9815-403a-9381-4cbabcb2ce3e - - - - -] api.vendordata_jsonfile_path = None log_opt_values /usr/lib/python3/dist-packages/oslo_config/cfg.py:2609
2025-07-21 00:41:26.475 132306 DEBUG oslo_service.service [req-93c8aa99-9815-403a-9381-4cbabcb2ce3e - - - - -] api.vendordata_providers = ['StaticJSON'] log_opt_values /usr/lib/python3/dist-packages/oslo_config/cfg.py:2609
2025-07-21 00:41:26.476 132306 DEBUG oslo_service.service [req-93c8aa99-9815-403a-9381-4cbabcb2ce3e - - - - -] cache.backend = dogpile.cache.null log_opt_values /usr/lib/python3/dist-packages/oslo_config/cfg.py:2609
2025-07-21 00:41:26.476 132306 DEBUG oslo_service.service [req-93c8aa99-9815-403a-9381-4cbabcb2ce3e - - - - -] cache.backend_argument = **** log_opt_values /usr/lib/python3/dist-packages/oslo_config/cfg.py:2609
2025-07-21 00:41:26.476 132306 DEBUG oslo_service.service [req-93c8aa99-9815-403a-9381-4cbabcb2ce3e - - - - -] cache.config_prefix = cache.oslo log_opt_values /usr/lib/python3/dist-packages/oslo_config/cfg.py:2609
2025-07-21 00:41:26.477 132306 DEBUG oslo_service.service [req-93c8aa99-9815-403a-9381-4cbabcb2ce3e - - - - -] cache.debug_cache_backend = False log_opt_values /usr/lib/python3/dist-packages/oslo_config/cfg.py:2609
2025-07-21 00:41:26.477 132306 DEBUG oslo_service.service [req-93c8aa99-9815-403a-9381-4cbabcb2ce3e - - - - -] cache.enabled = False log_opt_values /usr/lib/python3/dist-packages/oslo_config/cfg.py:2609
2025-07-21 00:41:26.477 132306 DEBUG oslo_service.service [req-93c8aa99-9815-403a-9381-4cbabcb2ce3e - - - - -] cache.expiration_time = 600 log_opt_values /usr/lib/python3/dist-packages/oslo_config/cfg.py:2609
2025-07-21 00:41:26.478 132306 DEBUG oslo_service.service [req-93c8aa99-9815-403a-9381-4cbabcb2ce3e - - - - -] cache.memcache_dead_retry = 300 log_opt_values /usr/lib/python3/dist-packages/oslo_config/cfg.py:2609
2025-07-21 00:41:26.478 132306 DEBUG oslo_service.service [req-93c8aa99-9815-403a-9381-4cbabcb2ce3e - - - - -] cache.memcache_pool_connection_get_timeout = 10 log_opt_values /usr/lib/python3/dist-packages/oslo_config/cfg.py:2609
2025-07-21 00:41:26.478 132306 DEBUG oslo_service.service [req-93c8aa99-9815-403a-9381-4cbabcb2ce3e - - - - -] cache.memcache_pool_flush_on_reconnect = False log_opt_values /usr/lib/python3/dist-packages/oslo_config/cfg.py:2609
2025-07-21 00:41:26.478 132306 DEBUG oslo_service.service [req-93c8aa99-9815-403a-9381-4cbabcb2ce3e - - - - -] cache.memcache_pool_maxsize = 10 log_opt_values /usr/lib/python3/dist-packages/oslo_config/cfg.py:2609
2025-07-21 00:41:26.475 133532 DEBUG oslo_db.sqlalchemy.engines [req-f1ccb724-dd5e-4f32-9b66-409750046196 - - - - -] MySQL server mode set to STRICT_TRANS_TABLES,STRICT_ALL_TABLES,NO_ZERO_IN_DATE,NO_ZERO_DATE,ERROR_FOR_DIVISION_BY_ZERO,TRADITIONAL,NO_ENGINE_SUBSTITUTION _check_effective_sql_mode /usr/lib/python3/dist-packages/oslo_db/sqlalchemy/engines.py:314
2025-07-21 00:41:26.479 132306 DEBUG oslo_service.service [req-93c8aa99-9815-403a-9381-4cbabcb2ce3e - - - - -] cache.memcache_pool_unused_timeout = 60 log_opt_values /usr/lib/python3/dist-packages/oslo_config/cfg.py:2609
2025-07-21 00:41:26.479 132306 DEBUG oslo_service.service [req-93c8aa99-9815-403a-9381-4cbabcb2ce3e - - - - -] cache.memcache_servers = ['localhost:11211'] log_opt_values /usr/lib/python3/dist-packages/oslo_config/cfg.py:2609
2025-07-21 00:41:26.479 132306 DEBUG oslo_service.service [req-93c8aa99-9815-403a-9381-4cbabcb2ce3e - - - - -] cache.memcache_socket_timeout = 1.0 log_opt_values /usr/lib/python3/dist-packages/oslo_config/cfg.py:2609
2025-07-21 00:41:26.480 132306 DEBUG oslo_service.service [req-93c8aa99-9815-403a-9381-4cbabcb2ce3e - - - - -] cache.proxies = [] log_opt_values /usr/lib/python3/dist-packages/oslo_config/cfg.py:2609
2025-07-21 00:41:26.480 132306 DEBUG oslo_service.service [req-93c8aa99-9815-403a-9381-4cbabcb2ce3e - - - - -] cache.tls_allowed_ciphers = None log_opt_values /usr/lib/python3/dist-packages/oslo_config/cfg.py:2609
2025-07-21 00:41:26.481 132306 DEBUG oslo_service.service [req-93c8aa99-9815-403a-9381-4cbabcb2ce3e - - - - -] cache.tls_cafile = None log_opt_values /usr/lib/python3/dist-packages/oslo_config/cfg.py:2609
2025-07-21 00:41:26.481 132306 DEBUG oslo_service.service [req-93c8aa99-9815-403a-9381-4cbabcb2ce3e - - - - -] cache.tls_certfile = None log_opt_values /usr/lib/python3/dist-packages/oslo_config/cfg.py:2609
2025-07-21 00:41:26.482 132306 DEBUG oslo_service.service [req-93c8aa99-9815-403a-9381-4cbabcb2ce3e - - - - -] cache.tls_enabled = False log_opt_values /usr/lib/python3/dist-packages/oslo_config/cfg.py:2609
2025-07-21 00:41:26.482 132306 DEBUG oslo_service.service [req-93c8aa99-9815-403a-9381-4cbabcb2ce3e - - - - -] cache.tls_keyfile = None log_opt_values /usr/lib/python3/dist-packages/oslo_config/cfg.py:2609
2025-07-21 00:41:26.483 132306 DEBUG oslo_service.service [req-93c8aa99-9815-403a-9381-4cbabcb2ce3e - - - - -] cinder.auth_section = None log_opt_values /usr/lib/python3/dist-packages/oslo_config/cfg.py:2609
2025-07-21 00:41:26.483 132306 DEBUG oslo_service.service [req-93c8aa99-9815-403a-9381-4cbabcb2ce3e - - - - -] cinder.auth_type = None log_opt_values /usr/lib/python3/dist-packages/oslo_config/cfg.py:2609
2025-07-21 00:41:26.483 132306 DEBUG oslo_service.service [req-93c8aa99-9815-403a-9381-4cbabcb2ce3e - - - - -] cinder.cafile = None log_opt_values /usr/lib/python3/dist-packages/oslo_config/cfg.py:2609
2025-07-21 00:41:26.483 132306 DEBUG oslo_service.service [req-93c8aa99-9815-403a-9381-4cbabcb2ce3e - - - - -] cinder.catalog_info = volumev3::publicURL log_opt_values /usr/lib/python3/dist-packages/oslo_config/cfg.py:2609
2025-07-21 00:41:26.484 132306 DEBUG oslo_service.service [req-93c8aa99-9815-403a-9381-4cbabcb2ce3e - - - - -] cinder.certfile = None log_opt_values /usr/lib/python3/dist-packages/oslo_config/cfg.py:2609
2025-07-21 00:41:26.484 132306 DEBUG oslo_service.service [req-93c8aa99-9815-403a-9381-4cbabcb2ce3e - - - - -] cinder.collect_timing = False log_opt_values /usr/lib/python3/dist-packages/oslo_config/cfg.py:2609
2025-07-21 00:41:26.484 132306 DEBUG oslo_service.service [req-93c8aa99-9815-403a-9381-4cbabcb2ce3e - - - - -] cinder.cross_az_attach = True log_opt_values /usr/lib/python3/dist-packages/oslo_config/cfg.py:2609
2025-07-21 00:41:26.484 132306 DEBUG oslo_service.service [req-93c8aa99-9815-403a-9381-4cbabcb2ce3e - - - - -] cinder.debug = False log_opt_values /usr/lib/python3/dist-packages/oslo_config/cfg.py:2609
2025-07-21 00:41:26.485 132306 DEBUG oslo_service.service [req-93c8aa99-9815-403a-9381-4cbabcb2ce3e - - - - -] cinder.endpoint_template = None log_opt_values /usr/lib/python3/dist-packages/oslo_config/cfg.py:2609
2025-07-21 00:41:26.485 132306 DEBUG oslo_service.service [req-93c8aa99-9815-403a-9381-4cbabcb2ce3e - - - - -] cinder.http_retries = 3 log_opt_values /usr/lib/python3/dist-packages/oslo_config/cfg.py:2609
2025-07-21 00:41:26.485 132306 DEBUG oslo_service.service [req-93c8aa99-9815-403a-9381-4cbabcb2ce3e - - - - -] cinder.insecure = False log_opt_values /usr/lib/python3/dist-packages/oslo_config/cfg.py:2609
2025-07-21 00:41:26.485 132306 DEBUG oslo_service.service [req-93c8aa99-9815-403a-9381-4cbabcb2ce3e - - - - -] cinder.keyfile = None log_opt_values /usr/lib/python3/dist-packages/oslo_config/cfg.py:2609
2025-07-21 00:41:26.485 132306 DEBUG oslo_service.service [req-93c8aa99-9815-403a-9381-4cbabcb2ce3e - - - - -] cinder.os_region_name = None log_opt_values /usr/lib/python3/dist-packages/oslo_config/cfg.py:2609
2025-07-21 00:41:26.486 132306 DEBUG oslo_service.service [req-93c8aa99-9815-403a-9381-4cbabcb2ce3e - - - - -] cinder.split_loggers = False log_opt_values /usr/lib/python3/dist-packages/oslo_config/cfg.py:2609
2025-07-21 00:41:26.486 132306 DEBUG oslo_service.service [req-93c8aa99-9815-403a-9381-4cbabcb2ce3e - - - - -] cinder.timeout = None log_opt_values /usr/lib/python3/dist-packages/oslo_config/cfg.py:2609
2025-07-21 00:41:26.486 132306 DEBUG oslo_service.service [req-93c8aa99-9815-403a-9381-4cbabcb2ce3e - - - - -] compute.consecutive_build_service_disable_threshold = 10 log_opt_values /usr/lib/python3/dist-packages/oslo_config/cfg.py:2609
2025-07-21 00:41:26.486 132306 DEBUG oslo_service.service [req-93c8aa99-9815-403a-9381-4cbabcb2ce3e - - - - -] compute.cpu_dedicated_set = None log_opt_values /usr/lib/python3/dist-packages/oslo_config/cfg.py:2609
2025-07-21 00:41:26.487 133523 DEBUG nova.service [req-ec86a021-b04f-4db2-88fd-6e697a7ff9d5 - - - - -] Creating RPC server for service scheduler start /usr/lib/python3/dist-packages/nova/service.py:182
2025-07-21 00:41:26.487 132306 DEBUG oslo_service.service [req-93c8aa99-9815-403a-9381-4cbabcb2ce3e - - - - -] compute.cpu_shared_set = None log_opt_values /usr/lib/python3/dist-packages/oslo_config/cfg.py:2609
2025-07-21 00:41:26.487 133530 DEBUG nova.service [req-a231c027-1308-4a46-a7cd-589d0049d445 - - - - -] Creating RPC server for service scheduler start /usr/lib/python3/dist-packages/nova/service.py:182
2025-07-21 00:41:26.488 132306 DEBUG oslo_service.service [req-93c8aa99-9815-403a-9381-4cbabcb2ce3e - - - - -] compute.image_type_exclude_list = [] log_opt_values /usr/lib/python3/dist-packages/oslo_config/cfg.py:2609
2025-07-21 00:41:26.491 132306 DEBUG oslo_service.service [req-93c8aa99-9815-403a-9381-4cbabcb2ce3e - - - - -] compute.live_migration_wait_for_vif_plug = True log_opt_values /usr/lib/python3/dist-packages/oslo_config/cfg.py:2609
2025-07-21 00:41:26.492 132306 DEBUG oslo_service.service [req-93c8aa99-9815-403a-9381-4cbabcb2ce3e - - - - -] compute.max_concurrent_disk_ops = 0 log_opt_values /usr/lib/python3/dist-packages/oslo_config/cfg.py:2609
2025-07-21 00:41:26.495 132306 DEBUG oslo_service.service [req-93c8aa99-9815-403a-9381-4cbabcb2ce3e - - - - -] compute.max_disk_devices_to_attach = -1 log_opt_values /usr/lib/python3/dist-packages/oslo_config/cfg.py:2609
2025-07-21 00:41:26.501 132306 DEBUG oslo_service.service [req-93c8aa99-9815-403a-9381-4cbabcb2ce3e - - - - -] compute.packing_host_numa_cells_allocation_strategy = True log_opt_values /usr/lib/python3/dist-packages/oslo_config/cfg.py:2609
2025-07-21 00:41:26.501 132306 DEBUG oslo_service.service [req-93c8aa99-9815-403a-9381-4cbabcb2ce3e - - - - -] compute.provider_config_location = /etc/nova/provider_config/ log_opt_values /usr/lib/python3/dist-packages/oslo_config/cfg.py:2609
2025-07-21 00:41:26.501 132306 DEBUG oslo_service.service [req-93c8aa99-9815-403a-9381-4cbabcb2ce3e - - - - -] compute.resource_provider_association_refresh = 300 log_opt_values /usr/lib/python3/dist-packages/oslo_config/cfg.py:2609
2025-07-21 00:41:26.502 132306 DEBUG oslo_service.service [req-93c8aa99-9815-403a-9381-4cbabcb2ce3e - - - - -] compute.shutdown_retry_interval = 10 log_opt_values /usr/lib/python3/dist-packages/oslo_config/cfg.py:2609
2025-07-21 00:41:26.502 132306 DEBUG oslo_service.service [req-93c8aa99-9815-403a-9381-4cbabcb2ce3e - - - - -] compute.vmdk_allowed_types = ['streamOptimized', 'monolithicSparse'] log_opt_values /usr/lib/python3/dist-packages/oslo_config/cfg.py:2609
2025-07-21 00:41:26.502 132306 DEBUG oslo_service.service [req-93c8aa99-9815-403a-9381-4cbabcb2ce3e - - - - -] conductor.workers = 4 log_opt_values /usr/lib/python3/dist-packages/oslo_config/cfg.py:2609
2025-07-21 00:41:26.502 132306 DEBUG oslo_service.service [req-93c8aa99-9815-403a-9381-4cbabcb2ce3e - - - - -] console.allowed_origins = [] log_opt_values /usr/lib/python3/dist-packages/oslo_config/cfg.py:2609
2025-07-21 00:41:26.502 132306 DEBUG oslo_service.service [req-93c8aa99-9815-403a-9381-4cbabcb2ce3e - - - - -] console.ssl_ciphers = None log_opt_values /usr/lib/python3/dist-packages/oslo_config/cfg.py:2609
2025-07-21 00:41:26.503 132306 DEBUG oslo_service.service [req-93c8aa99-9815-403a-9381-4cbabcb2ce3e - - - - -] console.ssl_minimum_version = default log_opt_values /usr/lib/python3/dist-packages/oslo_config/cfg.py:2609
2025-07-21 00:41:26.503 132306 DEBUG oslo_service.service [req-93c8aa99-9815-403a-9381-4cbabcb2ce3e - - - - -] consoleauth.token_ttl = 600 log_opt_values /usr/lib/python3/dist-packages/oslo_config/cfg.py:2609
2025-07-21 00:41:26.506 132306 DEBUG oslo_service.service [req-93c8aa99-9815-403a-9381-4cbabcb2ce3e - - - - -] cyborg.cafile = None log_opt_values /usr/lib/python3/dist-packages/oslo_config/cfg.py:2609
2025-07-21 00:41:26.506 132306 DEBUG oslo_service.service [req-93c8aa99-9815-403a-9381-4cbabcb2ce3e - - - - -] cyborg.certfile = None log_opt_values /usr/lib/python3/dist-packages/oslo_config/cfg.py:2609
2025-07-21 00:41:26.507 132306 DEBUG oslo_service.service [req-93c8aa99-9815-403a-9381-4cbabcb2ce3e - - - - -] cyborg.collect_timing = False log_opt_values /usr/lib/python3/dist-packages/oslo_config/cfg.py:2609
2025-07-21 00:41:26.507 132306 DEBUG oslo_service.service [req-93c8aa99-9815-403a-9381-4cbabcb2ce3e - - - - -] cyborg.connect_retries = None log_opt_values /usr/lib/python3/dist-packages/oslo_config/cfg.py:2609
2025-07-21 00:41:26.508 132306 DEBUG oslo_service.service [req-93c8aa99-9815-403a-9381-4cbabcb2ce3e - - - - -] cyborg.connect_retry_delay = None log_opt_values /usr/lib/python3/dist-packages/oslo_config/cfg.py:2609
2025-07-21 00:41:26.508 132306 DEBUG oslo_service.service [req-93c8aa99-9815-403a-9381-4cbabcb2ce3e - - - - -] cyborg.endpoint_override = None log_opt_values /usr/lib/python3/dist-packages/oslo_config/cfg.py:2609
2025-07-21 00:41:26.509 133532 DEBUG nova.service [req-f1ccb724-dd5e-4f32-9b66-409750046196 - - - - -] Creating RPC server for service scheduler start /usr/lib/python3/dist-packages/nova/service.py:182
2025-07-21 00:41:26.509 132306 DEBUG oslo_service.service [req-93c8aa99-9815-403a-9381-4cbabcb2ce3e - - - - -] cyborg.insecure = False log_opt_values /usr/lib/python3/dist-packages/oslo_config/cfg.py:2609
2025-07-21 00:41:26.510 132306 DEBUG oslo_service.service [req-93c8aa99-9815-403a-9381-4cbabcb2ce3e - - - - -] cyborg.keyfile = None log_opt_values /usr/lib/python3/dist-packages/oslo_config/cfg.py:2609
2025-07-21 00:41:26.510 132306 DEBUG oslo_service.service [req-93c8aa99-9815-403a-9381-4cbabcb2ce3e - - - - -] cyborg.max_version = None log_opt_values /usr/lib/python3/dist-packages/oslo_config/cfg.py:2609
2025-07-21 00:41:26.510 132306 DEBUG oslo_service.service [req-93c8aa99-9815-403a-9381-4cbabcb2ce3e - - - - -] cyborg.min_version = None log_opt_values /usr/lib/python3/dist-packages/oslo_config/cfg.py:2609
2025-07-21 00:41:26.511 132306 DEBUG oslo_service.service [req-93c8aa99-9815-403a-9381-4cbabcb2ce3e - - - - -] cyborg.region_name = None log_opt_values /usr/lib/python3/dist-packages/oslo_config/cfg.py:2609
2025-07-21 00:41:26.512 132306 DEBUG oslo_service.service [req-93c8aa99-9815-403a-9381-4cbabcb2ce3e - - - - -] cyborg.service_name = None log_opt_values /usr/lib/python3/dist-packages/oslo_config/cfg.py:2609
2025-07-21 00:41:26.512 132306 DEBUG oslo_service.service [req-93c8aa99-9815-403a-9381-4cbabcb2ce3e - - - - -] cyborg.service_type = accelerator log_opt_values /usr/lib/python3/dist-packages/oslo_config/cfg.py:2609
2025-07-21 00:41:26.513 132306 DEBUG oslo_service.service [req-93c8aa99-9815-403a-9381-4cbabcb2ce3e - - - - -] cyborg.split_loggers = False log_opt_values /usr/lib/python3/dist-packages/oslo_config/cfg.py:2609
2025-07-21 00:41:26.513 132306 DEBUG oslo_service.service [req-93c8aa99-9815-403a-9381-4cbabcb2ce3e - - - - -] cyborg.status_code_retries = None log_opt_values /usr/lib/python3/dist-packages/oslo_config/cfg.py:2609
2025-07-21 00:41:26.514 132306 DEBUG oslo_service.service [req-93c8aa99-9815-403a-9381-4cbabcb2ce3e - - - - -] cyborg.status_code_retry_delay = None log_opt_values /usr/lib/python3/dist-packages/oslo_config/cfg.py:2609
2025-07-21 00:41:26.517 132306 DEBUG oslo_service.service [req-93c8aa99-9815-403a-9381-4cbabcb2ce3e - - - - -] cyborg.timeout = None log_opt_values /usr/lib/python3/dist-packages/oslo_config/cfg.py:2609
2025-07-21 00:41:26.518 132306 DEBUG oslo_service.service [req-93c8aa99-9815-403a-9381-4cbabcb2ce3e - - - - -] cyborg.valid_interfaces = ['internal', 'public'] log_opt_values /usr/lib/python3/dist-packages/oslo_config/cfg.py:2609
2025-07-21 00:41:26.518 133523 DEBUG oslo_messaging._drivers.amqpdriver [-] Listener is running poll /usr/lib/python3/dist-packages/oslo_messaging/_drivers/amqpdriver.py:343
2025-07-21 00:41:26.518 132306 DEBUG oslo_service.service [req-93c8aa99-9815-403a-9381-4cbabcb2ce3e - - - - -] cyborg.version = None log_opt_values /usr/lib/python3/dist-packages/oslo_config/cfg.py:2609
2025-07-21 00:41:26.518 133525 DEBUG oslo_messaging._drivers.amqpdriver [-] Listener is running poll /usr/lib/python3/dist-packages/oslo_messaging/_drivers/amqpdriver.py:343
2025-07-21 00:41:26.518 133523 DEBUG oslo_messaging._drivers.amqpdriver [-] AMQPListener connection consume poll /usr/lib/python3/dist-packages/oslo_messaging/_drivers/amqpdriver.py:357
2025-07-21 00:41:26.518 133525 DEBUG oslo_messaging._drivers.amqpdriver [-] AMQPListener connection consume poll /usr/lib/python3/dist-packages/oslo_messaging/_drivers/amqpdriver.py:357
2025-07-21 00:41:26.518 132306 DEBUG oslo_service.service [req-93c8aa99-9815-403a-9381-4cbabcb2ce3e - - - - -] database.backend = sqlalchemy log_opt_values /usr/lib/python3/dist-packages/oslo_config/cfg.py:2609
2025-07-21 00:41:26.519 132306 DEBUG oslo_service.service [req-93c8aa99-9815-403a-9381-4cbabcb2ce3e - - - - -] database.connection = **** log_opt_values /usr/lib/python3/dist-packages/oslo_config/cfg.py:2609
2025-07-21 00:41:26.519 133523 DEBUG nova.service [req-ec86a021-b04f-4db2-88fd-6e697a7ff9d5 - - - - -] Join ServiceGroup membership for this service scheduler start /usr/lib/python3/dist-packages/nova/service.py:199
2025-07-21 00:41:26.519 132306 DEBUG oslo_service.service [req-93c8aa99-9815-403a-9381-4cbabcb2ce3e - - - - -] database.connection_debug = 0 log_opt_values /usr/lib/python3/dist-packages/oslo_config/cfg.py:2609
2025-07-21 00:41:26.519 132306 DEBUG oslo_service.service [req-93c8aa99-9815-403a-9381-4cbabcb2ce3e - - - - -] database.connection_parameters = log_opt_values /usr/lib/python3/dist-packages/oslo_config/cfg.py:2609
2025-07-21 00:41:26.519 133525 DEBUG nova.service [req-f388ef6c-2481-4685-a976-4cb32cca1406 - - - - -] Join ServiceGroup membership for this service scheduler start /usr/lib/python3/dist-packages/nova/service.py:199
2025-07-21 00:41:26.519 133523 DEBUG nova.servicegroup.drivers.db [req-ec86a021-b04f-4db2-88fd-6e697a7ff9d5 - - - - -] DB_Driver: join new ServiceGroup member juju-9ef9ea-0-lxd-7 to the scheduler group, service = join /usr/lib/python3/dist-packages/nova/servicegroup/drivers/db.py:44
2025-07-21 00:41:26.520 132306 DEBUG oslo_service.service [req-93c8aa99-9815-403a-9381-4cbabcb2ce3e - - - - -] database.connection_recycle_time = 3600 log_opt_values /usr/lib/python3/dist-packages/oslo_config/cfg.py:2609
2025-07-21 00:41:26.520 132306 DEBUG oslo_service.service [req-93c8aa99-9815-403a-9381-4cbabcb2ce3e - - - - -] database.connection_trace = False log_opt_values /usr/lib/python3/dist-packages/oslo_config/cfg.py:2609
2025-07-21 00:41:26.520 133525 DEBUG nova.servicegroup.drivers.db [req-f388ef6c-2481-4685-a976-4cb32cca1406 - - - - -] DB_Driver: join new ServiceGroup member juju-9ef9ea-0-lxd-7 to the scheduler group, service = join /usr/lib/python3/dist-packages/nova/servicegroup/drivers/db.py:44
2025-07-21 00:41:26.520 132306 DEBUG oslo_service.service [req-93c8aa99-9815-403a-9381-4cbabcb2ce3e - - - - -] database.db_inc_retry_interval = True log_opt_values /usr/lib/python3/dist-packages/oslo_config/cfg.py:2609
2025-07-21 00:41:26.521 132306 DEBUG oslo_service.service [req-93c8aa99-9815-403a-9381-4cbabcb2ce3e - - - - -] database.db_max_retries = 20 log_opt_values /usr/lib/python3/dist-packages/oslo_config/cfg.py:2609
2025-07-21 00:41:26.521 132306 DEBUG oslo_service.service [req-93c8aa99-9815-403a-9381-4cbabcb2ce3e - - - - -] database.db_max_retry_interval = 10 log_opt_values /usr/lib/python3/dist-packages/oslo_config/cfg.py:2609
2025-07-21 00:41:26.522 132306 DEBUG oslo_service.service [req-93c8aa99-9815-403a-9381-4cbabcb2ce3e - - - - -] database.db_retry_interval = 1 log_opt_values /usr/lib/python3/dist-packages/oslo_config/cfg.py:2609
2025-07-21 00:41:26.522 132306 DEBUG oslo_service.service [req-93c8aa99-9815-403a-9381-4cbabcb2ce3e - - - - -] database.max_overflow = 50 log_opt_values /usr/lib/python3/dist-packages/oslo_config/cfg.py:2609
2025-07-21 00:41:26.522 132306 DEBUG oslo_service.service [req-93c8aa99-9815-403a-9381-4cbabcb2ce3e - - - - -] database.max_pool_size = 4 log_opt_values /usr/lib/python3/dist-packages/oslo_config/cfg.py:2609
2025-07-21 00:41:26.522 132306 DEBUG oslo_service.service [req-93c8aa99-9815-403a-9381-4cbabcb2ce3e - - - - -] database.max_retries = 10 log_opt_values /usr/lib/python3/dist-packages/oslo_config/cfg.py:2609
2025-07-21 00:41:26.522 132306 DEBUG oslo_service.service [req-93c8aa99-9815-403a-9381-4cbabcb2ce3e - - - - -] database.mysql_enable_ndb = False log_opt_values /usr/lib/python3/dist-packages/oslo_config/cfg.py:2609
2025-07-21 00:41:26.523 133523 DEBUG oslo_messaging._drivers.amqpdriver [-] AMQPListener connection timeout poll /usr/lib/python3/dist-packages/oslo_messaging/_drivers/amqpdriver.py:360
2025-07-21 00:41:26.523 132306 DEBUG oslo_service.service [req-93c8aa99-9815-403a-9381-4cbabcb2ce3e - - - - -] database.mysql_sql_mode = TRADITIONAL log_opt_values /usr/lib/python3/dist-packages/oslo_config/cfg.py:2609
2025-07-21 00:41:26.523 133523 DEBUG oslo_messaging._drivers.amqpdriver [-] Listener is running poll /usr/lib/python3/dist-packages/oslo_messaging/_drivers/amqpdriver.py:343
2025-07-21 00:41:26.524 133523 DEBUG oslo_messaging._drivers.amqpdriver [-] AMQPListener connection consume poll /usr/lib/python3/dist-packages/oslo_messaging/_drivers/amqpdriver.py:357
2025-07-21 00:41:26.525 132306 DEBUG oslo_service.service [req-93c8aa99-9815-403a-9381-4cbabcb2ce3e - - - - -] database.pool_timeout = None log_opt_values /usr/lib/python3/dist-packages/oslo_config/cfg.py:2609
2025-07-21 00:41:26.525 133525 DEBUG oslo_messaging._drivers.amqpdriver [-] AMQPListener connection timeout poll /usr/lib/python3/dist-packages/oslo_messaging/_drivers/amqpdriver.py:360
2025-07-21 00:41:26.525 133525 DEBUG oslo_messaging._drivers.amqpdriver [-] Listener is running poll /usr/lib/python3/dist-packages/oslo_messaging/_drivers/amqpdriver.py:343
2025-07-21 00:41:26.525 133525 DEBUG oslo_messaging._drivers.amqpdriver [-] AMQPListener connection consume poll /usr/lib/python3/dist-packages/oslo_messaging/_drivers/amqpdriver.py:357
2025-07-21 00:41:26.525 132306 DEBUG oslo_service.service [req-93c8aa99-9815-403a-9381-4cbabcb2ce3e - - - - -] database.retry_interval = 10 log_opt_values /usr/lib/python3/dist-packages/oslo_config/cfg.py:2609
2025-07-21 00:41:26.526 132306 DEBUG oslo_service.service [req-93c8aa99-9815-403a-9381-4cbabcb2ce3e - - - - -] database.slave_connection = **** log_opt_values /usr/lib/python3/dist-packages/oslo_config/cfg.py:2609
2025-07-21 00:41:26.528 133530 DEBUG oslo_messaging._drivers.amqpdriver [-] Listener is running poll /usr/lib/python3/dist-packages/oslo_messaging/_drivers/amqpdriver.py:343
2025-07-21 00:41:26.528 133530 DEBUG oslo_messaging._drivers.amqpdriver [-] AMQPListener connection consume poll /usr/lib/python3/dist-packages/oslo_messaging/_drivers/amqpdriver.py:357
2025-07-21 00:41:26.528 132306 DEBUG oslo_service.service [req-93c8aa99-9815-403a-9381-4cbabcb2ce3e - - - - -] database.sqlite_synchronous = True log_opt_values /usr/lib/python3/dist-packages/oslo_config/cfg.py:2609
2025-07-21 00:41:26.528 132306 DEBUG oslo_service.service [req-93c8aa99-9815-403a-9381-4cbabcb2ce3e - - - - -] database.use_db_reconnect = False log_opt_values /usr/lib/python3/dist-packages/oslo_config/cfg.py:2609
2025-07-21 00:41:26.529 132306 DEBUG oslo_service.service [req-93c8aa99-9815-403a-9381-4cbabcb2ce3e - - - - -] api_database.backend = sqlalchemy log_opt_values /usr/lib/python3/dist-packages/oslo_config/cfg.py:2609
2025-07-21 00:41:26.529 132306 DEBUG oslo_service.service [req-93c8aa99-9815-403a-9381-4cbabcb2ce3e - - - - -] api_database.connection = **** log_opt_values /usr/lib/python3/dist-packages/oslo_config/cfg.py:2609
2025-07-21 00:41:26.529 133530 DEBUG nova.service [req-a231c027-1308-4a46-a7cd-589d0049d445 - - - - -] Join ServiceGroup membership for this service scheduler start /usr/lib/python3/dist-packages/nova/service.py:199
2025-07-21 00:41:26.529 132306 DEBUG oslo_service.service [req-93c8aa99-9815-403a-9381-4cbabcb2ce3e - - - - -] api_database.connection_debug = 0 log_opt_values /usr/lib/python3/dist-packages/oslo_config/cfg.py:2609
2025-07-21 00:41:26.529 133530 DEBUG nova.servicegroup.drivers.db [req-a231c027-1308-4a46-a7cd-589d0049d445 - - - - -] DB_Driver: join new ServiceGroup member juju-9ef9ea-0-lxd-7 to the scheduler group, service = join /usr/lib/python3/dist-packages/nova/servicegroup/drivers/db.py:44
2025-07-21 00:41:26.530 132306 DEBUG oslo_service.service [req-93c8aa99-9815-403a-9381-4cbabcb2ce3e - - - - -] api_database.connection_parameters = log_opt_values /usr/lib/python3/dist-packages/oslo_config/cfg.py:2609
2025-07-21 00:41:26.530 132306 DEBUG oslo_service.service [req-93c8aa99-9815-403a-9381-4cbabcb2ce3e - - - - -] api_database.connection_recycle_time = 3600 log_opt_values /usr/lib/python3/dist-packages/oslo_config/cfg.py:2609
2025-07-21 00:41:26.530 132306 DEBUG oslo_service.service [req-93c8aa99-9815-403a-9381-4cbabcb2ce3e - - - - -] api_database.connection_trace = False log_opt_values /usr/lib/python3/dist-packages/oslo_config/cfg.py:2609
2025-07-21 00:41:26.531 132306 DEBUG oslo_service.service [req-93c8aa99-9815-403a-9381-4cbabcb2ce3e - - - - -] api_database.db_inc_retry_interval = True log_opt_values /usr/lib/python3/dist-packages/oslo_config/cfg.py:2609
2025-07-21 00:41:26.531 132306 DEBUG oslo_service.service [req-93c8aa99-9815-403a-9381-4cbabcb2ce3e - - - - -] api_database.db_max_retries = 20 log_opt_values /usr/lib/python3/dist-packages/oslo_config/cfg.py:2609
2025-07-21 00:41:26.531 132306 DEBUG oslo_service.service [req-93c8aa99-9815-403a-9381-4cbabcb2ce3e - - - - -] api_database.db_max_retry_interval = 10 log_opt_values /usr/lib/python3/dist-packages/oslo_config/cfg.py:2609
2025-07-21 00:41:26.532 132306 DEBUG oslo_service.service [req-93c8aa99-9815-403a-9381-4cbabcb2ce3e - - - - -] api_database.db_retry_interval = 1 log_opt_values /usr/lib/python3/dist-packages/oslo_config/cfg.py:2609
2025-07-21 00:41:26.532 133530 DEBUG oslo_messaging._drivers.amqpdriver [-] AMQPListener connection timeout poll /usr/lib/python3/dist-packages/oslo_messaging/_drivers/amqpdriver.py:360
2025-07-21 00:41:26.532 132306 DEBUG oslo_service.service [req-93c8aa99-9815-403a-9381-4cbabcb2ce3e - - - - -] api_database.max_overflow = 50 log_opt_values /usr/lib/python3/dist-packages/oslo_config/cfg.py:2609
2025-07-21 00:41:26.532 133530 DEBUG oslo_messaging._drivers.amqpdriver [-] Listener is running poll /usr/lib/python3/dist-packages/oslo_messaging/_drivers/amqpdriver.py:343
2025-07-21 00:41:26.532 132306 DEBUG oslo_service.service [req-93c8aa99-9815-403a-9381-4cbabcb2ce3e - - - - -] api_database.max_pool_size = 4 log_opt_values /usr/lib/python3/dist-packages/oslo_config/cfg.py:2609
2025-07-21 00:41:26.532 133530 DEBUG oslo_messaging._drivers.amqpdriver [-] AMQPListener connection consume poll /usr/lib/python3/dist-packages/oslo_messaging/_drivers/amqpdriver.py:357
2025-07-21 00:41:26.532 132306 DEBUG oslo_service.service [req-93c8aa99-9815-403a-9381-4cbabcb2ce3e - - - - -] api_database.max_retries = 10 log_opt_values /usr/lib/python3/dist-packages/oslo_config/cfg.py:2609
2025-07-21 00:41:26.532 132306 DEBUG oslo_service.service [req-93c8aa99-9815-403a-9381-4cbabcb2ce3e - - - - -] api_database.mysql_enable_ndb = False log_opt_values /usr/lib/python3/dist-packages/oslo_config/cfg.py:2609
2025-07-21 00:41:26.533 132306 DEBUG oslo_service.service [req-93c8aa99-9815-403a-9381-4cbabcb2ce3e - - - - -] api_database.mysql_sql_mode = TRADITIONAL log_opt_values /usr/lib/python3/dist-packages/oslo_config/cfg.py:2609
2025-07-21 00:41:26.533 132306 DEBUG oslo_service.service [req-93c8aa99-9815-403a-9381-4cbabcb2ce3e - - - - -] api_database.pool_timeout = None log_opt_values /usr/lib/python3/dist-packages/oslo_config/cfg.py:2609
2025-07-21 00:41:26.533 132306 DEBUG oslo_service.service [req-93c8aa99-9815-403a-9381-4cbabcb2ce3e - - - - -] api_database.retry_interval = 10 log_opt_values /usr/lib/python3/dist-packages/oslo_config/cfg.py:2609
2025-07-21 00:41:26.533 132306 DEBUG oslo_service.service [req-93c8aa99-9815-403a-9381-4cbabcb2ce3e - - - - -] api_database.slave_connection = **** log_opt_values /usr/lib/python3/dist-packages/oslo_config/cfg.py:2609
2025-07-21 00:41:26.534 132306 DEBUG oslo_service.service [req-93c8aa99-9815-403a-9381-4cbabcb2ce3e - - - - -] api_database.sqlite_synchronous = True log_opt_values /usr/lib/python3/dist-packages/oslo_config/cfg.py:2609
2025-07-21 00:41:26.534 132306 DEBUG oslo_service.service [req-93c8aa99-9815-403a-9381-4cbabcb2ce3e - - - - -] devices.enabled_mdev_types = [] log_opt_values /usr/lib/python3/dist-packages/oslo_config/cfg.py:2609
2025-07-21 00:41:26.534 132306 DEBUG oslo_service.service [req-93c8aa99-9815-403a-9381-4cbabcb2ce3e - - - - -] ephemeral_storage_encryption.cipher = aes-xts-plain64 log_opt_values /usr/lib/python3/dist-packages/oslo_config/cfg.py:2609
2025-07-21 00:41:26.534 132306 DEBUG oslo_service.service [req-93c8aa99-9815-403a-9381-4cbabcb2ce3e - - - - -] ephemeral_storage_encryption.enabled = False log_opt_values /usr/lib/python3/dist-packages/oslo_config/cfg.py:2609
2025-07-21 00:41:26.534 132306 DEBUG oslo_service.service [req-93c8aa99-9815-403a-9381-4cbabcb2ce3e - - - - -] ephemeral_storage_encryption.key_size = 512 log_opt_values /usr/lib/python3/dist-packages/oslo_config/cfg.py:2609
2025-07-21 00:41:26.535 132306 WARNING oslo_config.cfg [req-93c8aa99-9815-403a-9381-4cbabcb2ce3e - - - - -] Deprecated: Option "api_servers" from group "glance" is deprecated for removal ( Support for image service configuration via standard keystoneauth1 Adapter options was added in the 17.0.0 Queens release. The api_servers option was retained temporarily to allow consumers time to cut over to a real load balancing solution. ). Its value may be silently ignored in the future.
2025-07-21 00:41:26.535 132306 DEBUG oslo_service.service [req-93c8aa99-9815-403a-9381-4cbabcb2ce3e - - - - -] glance.api_servers = ['http://252.41.65.153:9292'] log_opt_values /usr/lib/python3/dist-packages/oslo_config/cfg.py:2609
2025-07-21 00:41:26.536 132306 DEBUG oslo_service.service [req-93c8aa99-9815-403a-9381-4cbabcb2ce3e - - - - -] glance.cafile = None log_opt_values /usr/lib/python3/dist-packages/oslo_config/cfg.py:2609
2025-07-21 00:41:26.536 132306 DEBUG oslo_service.service [req-93c8aa99-9815-403a-9381-4cbabcb2ce3e - - - - -] glance.certfile = None log_opt_values /usr/lib/python3/dist-packages/oslo_config/cfg.py:2609
2025-07-21 00:41:26.536 132306 DEBUG oslo_service.service [req-93c8aa99-9815-403a-9381-4cbabcb2ce3e - - - - -] glance.collect_timing = False log_opt_values /usr/lib/python3/dist-packages/oslo_config/cfg.py:2609
2025-07-21 00:41:26.536 132306 DEBUG oslo_service.service [req-93c8aa99-9815-403a-9381-4cbabcb2ce3e - - - - -] glance.connect_retries = None log_opt_values /usr/lib/python3/dist-packages/oslo_config/cfg.py:2609
2025-07-21 00:41:26.537 132306 DEBUG oslo_service.service [req-93c8aa99-9815-403a-9381-4cbabcb2ce3e - - - - -] glance.connect_retry_delay = None log_opt_values /usr/lib/python3/dist-packages/oslo_config/cfg.py:2609
2025-07-21 00:41:26.537 132306 DEBUG oslo_service.service [req-93c8aa99-9815-403a-9381-4cbabcb2ce3e - - - - -] glance.debug = False log_opt_values /usr/lib/python3/dist-packages/oslo_config/cfg.py:2609
2025-07-21 00:41:26.537 132306 DEBUG oslo_service.service [req-93c8aa99-9815-403a-9381-4cbabcb2ce3e - - - - -] glance.default_trusted_certificate_ids = [] log_opt_values /usr/lib/python3/dist-packages/oslo_config/cfg.py:2609
2025-07-21 00:41:26.537 132306 DEBUG oslo_service.service [req-93c8aa99-9815-403a-9381-4cbabcb2ce3e - - - - -] glance.enable_certificate_validation = False log_opt_values /usr/lib/python3/dist-packages/oslo_config/cfg.py:2609
2025-07-21 00:41:26.538 132306 DEBUG oslo_service.service [req-93c8aa99-9815-403a-9381-4cbabcb2ce3e - - - - -] glance.enable_rbd_download = False log_opt_values /usr/lib/python3/dist-packages/oslo_config/cfg.py:2609
2025-07-21 00:41:26.538 132306 DEBUG oslo_service.service [req-93c8aa99-9815-403a-9381-4cbabcb2ce3e - - - - -] glance.endpoint_override = None log_opt_values /usr/lib/python3/dist-packages/oslo_config/cfg.py:2609
2025-07-21 00:41:26.538 132306 DEBUG oslo_service.service [req-93c8aa99-9815-403a-9381-4cbabcb2ce3e - - - - -] glance.insecure = False log_opt_values /usr/lib/python3/dist-packages/oslo_config/cfg.py:2609
2025-07-21 00:41:26.538 132306 DEBUG oslo_service.service [req-93c8aa99-9815-403a-9381-4cbabcb2ce3e - - - - -] glance.keyfile = None log_opt_values /usr/lib/python3/dist-packages/oslo_config/cfg.py:2609
2025-07-21 00:41:26.539 132306 DEBUG oslo_service.service [req-93c8aa99-9815-403a-9381-4cbabcb2ce3e - - - - -] glance.max_version = None log_opt_values /usr/lib/python3/dist-packages/oslo_config/cfg.py:2609
2025-07-21 00:41:26.539 132306 DEBUG oslo_service.service [req-93c8aa99-9815-403a-9381-4cbabcb2ce3e - - - - -] glance.min_version = None log_opt_values /usr/lib/python3/dist-packages/oslo_config/cfg.py:2609
