2025-07-21 00:43:59.629 160424 DEBUG oslo_service.service [req-37a8435a-6ce2-400d-b829-bb293ed9d8f0 - - - - -] rescue_timeout = 0 log_opt_values /usr/lib/python3/dist-packages/oslo_config/cfg.py:2602
2025-07-21 00:43:59.629 160424 DEBUG oslo_service.service [req-37a8435a-6ce2-400d-b829-bb293ed9d8f0 - - - - -] reserved_host_cpus = 0 log_opt_values /usr/lib/python3/dist-packages/oslo_config/cfg.py:2602
2025-07-21 00:43:59.629 160424 DEBUG oslo_service.service [req-37a8435a-6ce2-400d-b829-bb293ed9d8f0 - - - - -] reserved_host_disk_mb = 0 log_opt_values /usr/lib/python3/dist-packages/oslo_config/cfg.py:2602
2025-07-21 00:43:59.630 160424 DEBUG oslo_service.service [req-37a8435a-6ce2-400d-b829-bb293ed9d8f0 - - - - -] reserved_host_memory_mb = 512 log_opt_values /usr/lib/python3/dist-packages/oslo_config/cfg.py:2602
2025-07-21 00:43:59.630 160424 DEBUG oslo_service.service [req-37a8435a-6ce2-400d-b829-bb293ed9d8f0 - - - - -] reserved_huge_pages = None log_opt_values /usr/lib/python3/dist-packages/oslo_config/cfg.py:2602
2025-07-21 00:43:59.630 160424 DEBUG oslo_service.service [req-37a8435a-6ce2-400d-b829-bb293ed9d8f0 - - - - -] resize_confirm_window = 0 log_opt_values /usr/lib/python3/dist-packages/oslo_config/cfg.py:2602
2025-07-21 00:43:59.630 160424 DEBUG oslo_service.service [req-37a8435a-6ce2-400d-b829-bb293ed9d8f0 - - - - -] resize_fs_using_block_device = False log_opt_values /usr/lib/python3/dist-packages/oslo_config/cfg.py:2602
2025-07-21 00:43:59.630 160424 DEBUG oslo_service.service [req-37a8435a-6ce2-400d-b829-bb293ed9d8f0 - - - - -] resume_guests_state_on_host_boot = False log_opt_values /usr/lib/python3/dist-packages/oslo_config/cfg.py:2602
2025-07-21 00:43:59.631 160424 DEBUG oslo_service.service [req-37a8435a-6ce2-400d-b829-bb293ed9d8f0 - - - - -] rootwrap_config = /etc/nova/rootwrap.conf log_opt_values /usr/lib/python3/dist-packages/oslo_config/cfg.py:2602
2025-07-21 00:43:59.631 160424 DEBUG oslo_service.service [req-37a8435a-6ce2-400d-b829-bb293ed9d8f0 - - - - -] rpc_response_timeout = 60 log_opt_values /usr/lib/python3/dist-packages/oslo_config/cfg.py:2602
2025-07-21 00:43:59.631 160424 DEBUG oslo_service.service [req-37a8435a-6ce2-400d-b829-bb293ed9d8f0 - - - - -] run_external_periodic_tasks = True log_opt_values /usr/lib/python3/dist-packages/oslo_config/cfg.py:2602
2025-07-21 00:43:59.631 160424 DEBUG oslo_service.service [req-37a8435a-6ce2-400d-b829-bb293ed9d8f0 - - - - -] running_deleted_instance_action = reap log_opt_values /usr/lib/python3/dist-packages/oslo_config/cfg.py:2602
2025-07-21 00:43:59.631 160424 DEBUG oslo_service.service [req-37a8435a-6ce2-400d-b829-bb293ed9d8f0 - - - - -] running_deleted_instance_poll_interval = 1800 log_opt_values /usr/lib/python3/dist-packages/oslo_config/cfg.py:2602
2025-07-21 00:43:59.632 160424 DEBUG oslo_service.service [req-37a8435a-6ce2-400d-b829-bb293ed9d8f0 - - - - -] running_deleted_instance_timeout = 0 log_opt_values /usr/lib/python3/dist-packages/oslo_config/cfg.py:2602
2025-07-21 00:43:59.632 160424 DEBUG oslo_service.service [req-37a8435a-6ce2-400d-b829-bb293ed9d8f0 - - - - -] scheduler_instance_sync_interval = 120 log_opt_values /usr/lib/python3/dist-packages/oslo_config/cfg.py:2602
2025-07-21 00:43:59.632 160424 DEBUG oslo_service.service [req-37a8435a-6ce2-400d-b829-bb293ed9d8f0 - - - - -] service_down_time = 60 log_opt_values /usr/lib/python3/dist-packages/oslo_config/cfg.py:2602
2025-07-21 00:43:59.632 160424 DEBUG oslo_service.service [req-37a8435a-6ce2-400d-b829-bb293ed9d8f0 - - - - -] servicegroup_driver = db log_opt_values /usr/lib/python3/dist-packages/oslo_config/cfg.py:2602
2025-07-21 00:43:59.632 160424 DEBUG oslo_service.service [req-37a8435a-6ce2-400d-b829-bb293ed9d8f0 - - - - -] shelved_offload_time = 0 log_opt_values /usr/lib/python3/dist-packages/oslo_config/cfg.py:2602
2025-07-21 00:43:59.633 160424 DEBUG oslo_service.service [req-37a8435a-6ce2-400d-b829-bb293ed9d8f0 - - - - -] shelved_poll_interval = 3600 log_opt_values /usr/lib/python3/dist-packages/oslo_config/cfg.py:2602
2025-07-21 00:43:59.633 160424 DEBUG oslo_service.service [req-37a8435a-6ce2-400d-b829-bb293ed9d8f0 - - - - -] shutdown_timeout = 60 log_opt_values /usr/lib/python3/dist-packages/oslo_config/cfg.py:2602
2025-07-21 00:43:59.633 160424 DEBUG oslo_service.service [req-37a8435a-6ce2-400d-b829-bb293ed9d8f0 - - - - -] source_is_ipv6 = False log_opt_values /usr/lib/python3/dist-packages/oslo_config/cfg.py:2602
2025-07-21 00:43:59.633 160424 DEBUG oslo_service.service [req-37a8435a-6ce2-400d-b829-bb293ed9d8f0 - - - - -] ssl_only = False log_opt_values /usr/lib/python3/dist-packages/oslo_config/cfg.py:2602
2025-07-21 00:43:59.633 160424 DEBUG oslo_service.service [req-37a8435a-6ce2-400d-b829-bb293ed9d8f0 - - - - -] state_path = /var/lib/nova log_opt_values /usr/lib/python3/dist-packages/oslo_config/cfg.py:2602
2025-07-21 00:43:59.634 160424 DEBUG oslo_service.service [req-37a8435a-6ce2-400d-b829-bb293ed9d8f0 - - - - -] sync_power_state_interval = 600 log_opt_values /usr/lib/python3/dist-packages/oslo_config/cfg.py:2602
2025-07-21 00:43:59.634 160424 DEBUG oslo_service.service [req-37a8435a-6ce2-400d-b829-bb293ed9d8f0 - - - - -] sync_power_state_pool_size = 1000 log_opt_values /usr/lib/python3/dist-packages/oslo_config/cfg.py:2602
2025-07-21 00:43:59.634 160424 DEBUG oslo_service.service [req-37a8435a-6ce2-400d-b829-bb293ed9d8f0 - - - - -] syslog_log_facility = LOG_USER log_opt_values /usr/lib/python3/dist-packages/oslo_config/cfg.py:2602
2025-07-21 00:43:59.634 160424 DEBUG oslo_service.service [req-37a8435a-6ce2-400d-b829-bb293ed9d8f0 - - - - -] tempdir = None log_opt_values /usr/lib/python3/dist-packages/oslo_config/cfg.py:2602
2025-07-21 00:43:59.634 160424 DEBUG oslo_service.service [req-37a8435a-6ce2-400d-b829-bb293ed9d8f0 - - - - -] timeout_nbd = 10 log_opt_values /usr/lib/python3/dist-packages/oslo_config/cfg.py:2602
2025-07-21 00:43:59.634 160424 DEBUG oslo_service.service [req-37a8435a-6ce2-400d-b829-bb293ed9d8f0 - - - - -] transport_url = **** log_opt_values /usr/lib/python3/dist-packages/oslo_config/cfg.py:2602
2025-07-21 00:43:59.635 160424 DEBUG oslo_service.service [req-37a8435a-6ce2-400d-b829-bb293ed9d8f0 - - - - -] update_resources_interval = 0 log_opt_values /usr/lib/python3/dist-packages/oslo_config/cfg.py:2602
2025-07-21 00:43:59.635 160424 DEBUG oslo_service.service [req-37a8435a-6ce2-400d-b829-bb293ed9d8f0 - - - - -] use_cow_images = True log_opt_values /usr/lib/python3/dist-packages/oslo_config/cfg.py:2602
2025-07-21 00:43:59.635 160952 DEBUG nova.service [req-34ad0882-427a-4525-961f-baf7c11fa7c4 - - - - -] Creating RPC server for service conductor start /usr/lib/python3/dist-packages/nova/service.py:182
2025-07-21 00:43:59.635 160424 DEBUG oslo_service.service [req-37a8435a-6ce2-400d-b829-bb293ed9d8f0 - - - - -] use_eventlog = False log_opt_values /usr/lib/python3/dist-packages/oslo_config/cfg.py:2602
2025-07-21 00:43:59.635 160424 DEBUG oslo_service.service [req-37a8435a-6ce2-400d-b829-bb293ed9d8f0 - - - - -] use_journal = False log_opt_values /usr/lib/python3/dist-packages/oslo_config/cfg.py:2602
2025-07-21 00:43:59.636 160424 DEBUG oslo_service.service [req-37a8435a-6ce2-400d-b829-bb293ed9d8f0 - - - - -] use_json = False log_opt_values /usr/lib/python3/dist-packages/oslo_config/cfg.py:2602
2025-07-21 00:43:59.636 160424 DEBUG oslo_service.service [req-37a8435a-6ce2-400d-b829-bb293ed9d8f0 - - - - -] use_rootwrap_daemon = False log_opt_values /usr/lib/python3/dist-packages/oslo_config/cfg.py:2602
2025-07-21 00:43:59.636 160424 DEBUG oslo_service.service [req-37a8435a-6ce2-400d-b829-bb293ed9d8f0 - - - - -] use_stderr = False log_opt_values /usr/lib/python3/dist-packages/oslo_config/cfg.py:2602
2025-07-21 00:43:59.636 160424 DEBUG oslo_service.service [req-37a8435a-6ce2-400d-b829-bb293ed9d8f0 - - - - -] use_syslog = False log_opt_values /usr/lib/python3/dist-packages/oslo_config/cfg.py:2602
2025-07-21 00:43:59.636 160424 DEBUG oslo_service.service [req-37a8435a-6ce2-400d-b829-bb293ed9d8f0 - - - - -] vcpu_pin_set = None log_opt_values /usr/lib/python3/dist-packages/oslo_config/cfg.py:2602
2025-07-21 00:43:59.637 160424 DEBUG oslo_service.service [req-37a8435a-6ce2-400d-b829-bb293ed9d8f0 - - - - -] vif_plugging_is_fatal = True log_opt_values /usr/lib/python3/dist-packages/oslo_config/cfg.py:2602
2025-07-21 00:43:59.637 160424 DEBUG oslo_service.service [req-37a8435a-6ce2-400d-b829-bb293ed9d8f0 - - - - -] vif_plugging_timeout = 300 log_opt_values /usr/lib/python3/dist-packages/oslo_config/cfg.py:2602
2025-07-21 00:43:59.637 160424 DEBUG oslo_service.service [req-37a8435a-6ce2-400d-b829-bb293ed9d8f0 - - - - -] virt_mkfs = [] log_opt_values /usr/lib/python3/dist-packages/oslo_config/cfg.py:2602
2025-07-21 00:43:59.637 160424 DEBUG oslo_service.service [req-37a8435a-6ce2-400d-b829-bb293ed9d8f0 - - - - -] volume_usage_poll_interval = 0 log_opt_values /usr/lib/python3/dist-packages/oslo_config/cfg.py:2602
2025-07-21 00:43:59.637 160424 DEBUG oslo_service.service [req-37a8435a-6ce2-400d-b829-bb293ed9d8f0 - - - - -] watch_log_file = False log_opt_values /usr/lib/python3/dist-packages/oslo_config/cfg.py:2602
2025-07-21 00:43:59.638 160424 DEBUG oslo_service.service [req-37a8435a-6ce2-400d-b829-bb293ed9d8f0 - - - - -] web = /usr/share/spice-html5 log_opt_values /usr/lib/python3/dist-packages/oslo_config/cfg.py:2602
2025-07-21 00:43:59.638 160424 DEBUG oslo_service.service [req-37a8435a-6ce2-400d-b829-bb293ed9d8f0 - - - - -] oslo_concurrency.disable_process_locking = False log_opt_values /usr/lib/python3/dist-packages/oslo_config/cfg.py:2609
2025-07-21 00:43:59.638 160424 DEBUG oslo_service.service [req-37a8435a-6ce2-400d-b829-bb293ed9d8f0 - - - - -] oslo_concurrency.lock_path = /var/lock/nova log_opt_values /usr/lib/python3/dist-packages/oslo_config/cfg.py:2609
2025-07-21 00:43:59.638 160424 DEBUG oslo_service.service [req-37a8435a-6ce2-400d-b829-bb293ed9d8f0 - - - - -] oslo_messaging_metrics.metrics_buffer_size = 1000 log_opt_values /usr/lib/python3/dist-packages/oslo_config/cfg.py:2609
2025-07-21 00:43:59.639 160424 DEBUG oslo_service.service [req-37a8435a-6ce2-400d-b829-bb293ed9d8f0 - - - - -] oslo_messaging_metrics.metrics_enabled = False log_opt_values /usr/lib/python3/dist-packages/oslo_config/cfg.py:2609
2025-07-21 00:43:59.639 160959 DEBUG nova.service [req-edcf8ea3-9ba8-48cc-aa44-e8775eb9d363 - - - - -] Creating RPC server for service conductor start /usr/lib/python3/dist-packages/nova/service.py:182
2025-07-21 00:43:59.639 160424 DEBUG oslo_service.service [req-37a8435a-6ce2-400d-b829-bb293ed9d8f0 - - - - -] oslo_messaging_metrics.metrics_process_name = log_opt_values /usr/lib/python3/dist-packages/oslo_config/cfg.py:2609
2025-07-21 00:43:59.639 160424 DEBUG oslo_service.service [req-37a8435a-6ce2-400d-b829-bb293ed9d8f0 - - - - -] oslo_messaging_metrics.metrics_socket_file = /var/tmp/metrics_collector.sock log_opt_values /usr/lib/python3/dist-packages/oslo_config/cfg.py:2609
2025-07-21 00:43:59.639 160424 DEBUG oslo_service.service [req-37a8435a-6ce2-400d-b829-bb293ed9d8f0 - - - - -] oslo_messaging_metrics.metrics_thread_stop_timeout = 10 log_opt_values /usr/lib/python3/dist-packages/oslo_config/cfg.py:2609
2025-07-21 00:43:59.640 160424 WARNING oslo_config.cfg [req-37a8435a-6ce2-400d-b829-bb293ed9d8f0 - - - - -] Deprecated: Option "auth_strategy" from group "api" is deprecated for removal ( The only non-default choice, ``noauth2``, is for internal development and testing purposes only and should not be used in deployments. This option and its middleware, NoAuthMiddleware[V2_18], will be removed in a future release. ). Its value may be silently ignored in the future.
2025-07-21 00:43:59.640 160424 DEBUG oslo_service.service [req-37a8435a-6ce2-400d-b829-bb293ed9d8f0 - - - - -] api.auth_strategy = keystone log_opt_values /usr/lib/python3/dist-packages/oslo_config/cfg.py:2609
2025-07-21 00:43:59.640 160424 DEBUG oslo_service.service [req-37a8435a-6ce2-400d-b829-bb293ed9d8f0 - - - - -] api.compute_link_prefix = None log_opt_values /usr/lib/python3/dist-packages/oslo_config/cfg.py:2609
2025-07-21 00:43:59.640 160424 DEBUG oslo_service.service [req-37a8435a-6ce2-400d-b829-bb293ed9d8f0 - - - - -] api.config_drive_skip_versions = 1.0 2007-01-19 2007-03-01 2007-08-29 2007-10-10 2007-12-15 2008-02-01 2008-09-01 log_opt_values /usr/lib/python3/dist-packages/oslo_config/cfg.py:2609
2025-07-21 00:43:59.641 160424 DEBUG oslo_service.service [req-37a8435a-6ce2-400d-b829-bb293ed9d8f0 - - - - -] api.dhcp_domain = novalocal log_opt_values /usr/lib/python3/dist-packages/oslo_config/cfg.py:2609
2025-07-21 00:43:59.641 160424 DEBUG oslo_service.service [req-37a8435a-6ce2-400d-b829-bb293ed9d8f0 - - - - -] api.enable_instance_password = True log_opt_values /usr/lib/python3/dist-packages/oslo_config/cfg.py:2609
2025-07-21 00:43:59.641 160424 DEBUG oslo_service.service [req-37a8435a-6ce2-400d-b829-bb293ed9d8f0 - - - - -] api.glance_link_prefix = None log_opt_values /usr/lib/python3/dist-packages/oslo_config/cfg.py:2609
2025-07-21 00:43:59.641 160424 DEBUG oslo_service.service [req-37a8435a-6ce2-400d-b829-bb293ed9d8f0 - - - - -] api.instance_list_cells_batch_fixed_size = 100 log_opt_values /usr/lib/python3/dist-packages/oslo_config/cfg.py:2609
2025-07-21 00:43:59.642 160424 DEBUG oslo_service.service [req-37a8435a-6ce2-400d-b829-bb293ed9d8f0 - - - - -] api.instance_list_cells_batch_strategy = distributed log_opt_values /usr/lib/python3/dist-packages/oslo_config/cfg.py:2609
2025-07-21 00:43:59.642 160424 DEBUG oslo_service.service [req-37a8435a-6ce2-400d-b829-bb293ed9d8f0 - - - - -] api.instance_list_per_project_cells = False log_opt_values /usr/lib/python3/dist-packages/oslo_config/cfg.py:2609
2025-07-21 00:43:59.642 160424 DEBUG oslo_service.service [req-37a8435a-6ce2-400d-b829-bb293ed9d8f0 - - - - -] api.list_records_by_skipping_down_cells = True log_opt_values /usr/lib/python3/dist-packages/oslo_config/cfg.py:2609
2025-07-21 00:43:59.642 160424 DEBUG oslo_service.service [req-37a8435a-6ce2-400d-b829-bb293ed9d8f0 - - - - -] api.local_metadata_per_cell = False log_opt_values /usr/lib/python3/dist-packages/oslo_config/cfg.py:2609
2025-07-21 00:43:59.642 160424 DEBUG oslo_service.service [req-37a8435a-6ce2-400d-b829-bb293ed9d8f0 - - - - -] api.max_limit = 1000 log_opt_values /usr/lib/python3/dist-packages/oslo_config/cfg.py:2609
2025-07-21 00:43:59.642 160424 DEBUG oslo_service.service [req-37a8435a-6ce2-400d-b829-bb293ed9d8f0 - - - - -] api.metadata_cache_expiration = 15 log_opt_values /usr/lib/python3/dist-packages/oslo_config/cfg.py:2609
2025-07-21 00:43:59.642 160965 DEBUG nova.service [req-5e5c3b36-1650-43e9-a8ab-c710cdee7b1a - - - - -] Creating RPC server for service conductor start /usr/lib/python3/dist-packages/nova/service.py:182
2025-07-21 00:43:59.643 160424 DEBUG oslo_service.service [req-37a8435a-6ce2-400d-b829-bb293ed9d8f0 - - - - -] api.neutron_default_tenant_id = default log_opt_values /usr/lib/python3/dist-packages/oslo_config/cfg.py:2609
2025-07-21 00:43:59.643 160424 DEBUG oslo_service.service [req-37a8435a-6ce2-400d-b829-bb293ed9d8f0 - - - - -] api.use_forwarded_for = False log_opt_values /usr/lib/python3/dist-packages/oslo_config/cfg.py:2609
2025-07-21 00:43:59.643 160424 DEBUG oslo_service.service [req-37a8435a-6ce2-400d-b829-bb293ed9d8f0 - - - - -] api.use_neutron_default_nets = False log_opt_values /usr/lib/python3/dist-packages/oslo_config/cfg.py:2609
2025-07-21 00:43:59.643 160424 DEBUG oslo_service.service [req-37a8435a-6ce2-400d-b829-bb293ed9d8f0 - - - - -] api.vendordata_dynamic_connect_timeout = 5 log_opt_values /usr/lib/python3/dist-packages/oslo_config/cfg.py:2609
2025-07-21 00:43:59.643 160424 DEBUG oslo_service.service [req-37a8435a-6ce2-400d-b829-bb293ed9d8f0 - - - - -] api.vendordata_dynamic_failure_fatal = False log_opt_values /usr/lib/python3/dist-packages/oslo_config/cfg.py:2609
2025-07-21 00:43:59.644 160424 DEBUG oslo_service.service [req-37a8435a-6ce2-400d-b829-bb293ed9d8f0 - - - - -] api.vendordata_dynamic_read_timeout = 5 log_opt_values /usr/lib/python3/dist-packages/oslo_config/cfg.py:2609
2025-07-21 00:43:59.644 160424 DEBUG oslo_service.service [req-37a8435a-6ce2-400d-b829-bb293ed9d8f0 - - - - -] api.vendordata_dynamic_ssl_certfile = log_opt_values /usr/lib/python3/dist-packages/oslo_config/cfg.py:2609
2025-07-21 00:43:59.644 160424 DEBUG oslo_service.service [req-37a8435a-6ce2-400d-b829-bb293ed9d8f0 - - - - -] api.vendordata_dynamic_targets = [] log_opt_values /usr/lib/python3/dist-packages/oslo_config/cfg.py:2609
2025-07-21 00:43:59.644 160424 DEBUG oslo_service.service [req-37a8435a-6ce2-400d-b829-bb293ed9d8f0 - - - - -] api.vendordata_jsonfile_path = None log_opt_values /usr/lib/python3/dist-packages/oslo_config/cfg.py:2609
2025-07-21 00:43:59.645 160424 DEBUG oslo_service.service [req-37a8435a-6ce2-400d-b829-bb293ed9d8f0 - - - - -] api.vendordata_providers = ['StaticJSON'] log_opt_values /usr/lib/python3/dist-packages/oslo_config/cfg.py:2609
2025-07-21 00:43:59.645 160424 DEBUG oslo_service.service [req-37a8435a-6ce2-400d-b829-bb293ed9d8f0 - - - - -] cache.backend = dogpile.cache.null log_opt_values /usr/lib/python3/dist-packages/oslo_config/cfg.py:2609
2025-07-21 00:43:59.645 160424 DEBUG oslo_service.service [req-37a8435a-6ce2-400d-b829-bb293ed9d8f0 - - - - -] cache.backend_argument = **** log_opt_values /usr/lib/python3/dist-packages/oslo_config/cfg.py:2609
2025-07-21 00:43:59.645 160424 DEBUG oslo_service.service [req-37a8435a-6ce2-400d-b829-bb293ed9d8f0 - - - - -] cache.config_prefix = cache.oslo log_opt_values /usr/lib/python3/dist-packages/oslo_config/cfg.py:2609
2025-07-21 00:43:59.645 160424 DEBUG oslo_service.service [req-37a8435a-6ce2-400d-b829-bb293ed9d8f0 - - - - -] cache.debug_cache_backend = False log_opt_values /usr/lib/python3/dist-packages/oslo_config/cfg.py:2609
2025-07-21 00:43:59.646 160424 DEBUG oslo_service.service [req-37a8435a-6ce2-400d-b829-bb293ed9d8f0 - - - - -] cache.enabled = False log_opt_values /usr/lib/python3/dist-packages/oslo_config/cfg.py:2609
2025-07-21 00:43:59.646 160424 DEBUG oslo_service.service [req-37a8435a-6ce2-400d-b829-bb293ed9d8f0 - - - - -] cache.expiration_time = 600 log_opt_values /usr/lib/python3/dist-packages/oslo_config/cfg.py:2609
2025-07-21 00:43:59.646 160424 DEBUG oslo_service.service [req-37a8435a-6ce2-400d-b829-bb293ed9d8f0 - - - - -] cache.memcache_dead_retry = 300 log_opt_values /usr/lib/python3/dist-packages/oslo_config/cfg.py:2609
2025-07-21 00:43:59.646 160424 DEBUG oslo_service.service [req-37a8435a-6ce2-400d-b829-bb293ed9d8f0 - - - - -] cache.memcache_pool_connection_get_timeout = 10 log_opt_values /usr/lib/python3/dist-packages/oslo_config/cfg.py:2609
2025-07-21 00:43:59.646 160424 DEBUG oslo_service.service [req-37a8435a-6ce2-400d-b829-bb293ed9d8f0 - - - - -] cache.memcache_pool_flush_on_reconnect = False log_opt_values /usr/lib/python3/dist-packages/oslo_config/cfg.py:2609
2025-07-21 00:43:59.647 160424 DEBUG oslo_service.service [req-37a8435a-6ce2-400d-b829-bb293ed9d8f0 - - - - -] cache.memcache_pool_maxsize = 10 log_opt_values /usr/lib/python3/dist-packages/oslo_config/cfg.py:2609
2025-07-21 00:43:59.647 160424 DEBUG oslo_service.service [req-37a8435a-6ce2-400d-b829-bb293ed9d8f0 - - - - -] cache.memcache_pool_unused_timeout = 60 log_opt_values /usr/lib/python3/dist-packages/oslo_config/cfg.py:2609
2025-07-21 00:43:59.647 160424 DEBUG oslo_service.service [req-37a8435a-6ce2-400d-b829-bb293ed9d8f0 - - - - -] cache.memcache_servers = ['localhost:11211'] log_opt_values /usr/lib/python3/dist-packages/oslo_config/cfg.py:2609
2025-07-21 00:43:59.647 160424 DEBUG oslo_service.service [req-37a8435a-6ce2-400d-b829-bb293ed9d8f0 - - - - -] cache.memcache_socket_timeout = 1.0 log_opt_values /usr/lib/python3/dist-packages/oslo_config/cfg.py:2609
2025-07-21 00:43:59.648 160424 DEBUG oslo_service.service [req-37a8435a-6ce2-400d-b829-bb293ed9d8f0 - - - - -] cache.proxies = [] log_opt_values /usr/lib/python3/dist-packages/oslo_config/cfg.py:2609
2025-07-21 00:43:59.648 160424 DEBUG oslo_service.service [req-37a8435a-6ce2-400d-b829-bb293ed9d8f0 - - - - -] cache.tls_allowed_ciphers = None log_opt_values /usr/lib/python3/dist-packages/oslo_config/cfg.py:2609
2025-07-21 00:43:59.648 160424 DEBUG oslo_service.service [req-37a8435a-6ce2-400d-b829-bb293ed9d8f0 - - - - -] cache.tls_cafile = None log_opt_values /usr/lib/python3/dist-packages/oslo_config/cfg.py:2609
2025-07-21 00:43:59.648 160424 DEBUG oslo_service.service [req-37a8435a-6ce2-400d-b829-bb293ed9d8f0 - - - - -] cache.tls_certfile = None log_opt_values /usr/lib/python3/dist-packages/oslo_config/cfg.py:2609
2025-07-21 00:43:59.648 160424 DEBUG oslo_service.service [req-37a8435a-6ce2-400d-b829-bb293ed9d8f0 - - - - -] cache.tls_enabled = False log_opt_values /usr/lib/python3/dist-packages/oslo_config/cfg.py:2609
2025-07-21 00:43:59.648 160424 DEBUG oslo_service.service [req-37a8435a-6ce2-400d-b829-bb293ed9d8f0 - - - - -] cache.tls_keyfile = None log_opt_values /usr/lib/python3/dist-packages/oslo_config/cfg.py:2609
2025-07-21 00:43:59.649 160424 DEBUG oslo_service.service [req-37a8435a-6ce2-400d-b829-bb293ed9d8f0 - - - - -] cinder.auth_section = None log_opt_values /usr/lib/python3/dist-packages/oslo_config/cfg.py:2609
2025-07-21 00:43:59.649 160424 DEBUG oslo_service.service [req-37a8435a-6ce2-400d-b829-bb293ed9d8f0 - - - - -] cinder.auth_type = None log_opt_values /usr/lib/python3/dist-packages/oslo_config/cfg.py:2609
2025-07-21 00:43:59.649 160424 DEBUG oslo_service.service [req-37a8435a-6ce2-400d-b829-bb293ed9d8f0 - - - - -] cinder.cafile = None log_opt_values /usr/lib/python3/dist-packages/oslo_config/cfg.py:2609
2025-07-21 00:43:59.649 160424 DEBUG oslo_service.service [req-37a8435a-6ce2-400d-b829-bb293ed9d8f0 - - - - -] cinder.catalog_info = volumev3::publicURL log_opt_values /usr/lib/python3/dist-packages/oslo_config/cfg.py:2609
2025-07-21 00:43:59.650 160424 DEBUG oslo_service.service [req-37a8435a-6ce2-400d-b829-bb293ed9d8f0 - - - - -] cinder.certfile = None log_opt_values /usr/lib/python3/dist-packages/oslo_config/cfg.py:2609
2025-07-21 00:43:59.650 160424 DEBUG oslo_service.service [req-37a8435a-6ce2-400d-b829-bb293ed9d8f0 - - - - -] cinder.collect_timing = False log_opt_values /usr/lib/python3/dist-packages/oslo_config/cfg.py:2609
2025-07-21 00:43:59.651 160424 DEBUG oslo_service.service [req-37a8435a-6ce2-400d-b829-bb293ed9d8f0 - - - - -] cinder.cross_az_attach = True log_opt_values /usr/lib/python3/dist-packages/oslo_config/cfg.py:2609
2025-07-21 00:43:59.651 160424 DEBUG oslo_service.service [req-37a8435a-6ce2-400d-b829-bb293ed9d8f0 - - - - -] cinder.debug = False log_opt_values /usr/lib/python3/dist-packages/oslo_config/cfg.py:2609
2025-07-21 00:43:59.652 160424 DEBUG oslo_service.service [req-37a8435a-6ce2-400d-b829-bb293ed9d8f0 - - - - -] cinder.endpoint_template = None log_opt_values /usr/lib/python3/dist-packages/oslo_config/cfg.py:2609
2025-07-21 00:43:59.652 160424 DEBUG oslo_service.service [req-37a8435a-6ce2-400d-b829-bb293ed9d8f0 - - - - -] cinder.http_retries = 3 log_opt_values /usr/lib/python3/dist-packages/oslo_config/cfg.py:2609
2025-07-21 00:43:59.653 160424 DEBUG oslo_service.service [req-37a8435a-6ce2-400d-b829-bb293ed9d8f0 - - - - -] cinder.insecure = False log_opt_values /usr/lib/python3/dist-packages/oslo_config/cfg.py:2609
2025-07-21 00:43:59.653 160424 DEBUG oslo_service.service [req-37a8435a-6ce2-400d-b829-bb293ed9d8f0 - - - - -] cinder.keyfile = None log_opt_values /usr/lib/python3/dist-packages/oslo_config/cfg.py:2609
2025-07-21 00:43:59.654 160424 DEBUG oslo_service.service [req-37a8435a-6ce2-400d-b829-bb293ed9d8f0 - - - - -] cinder.os_region_name = None log_opt_values /usr/lib/python3/dist-packages/oslo_config/cfg.py:2609
2025-07-21 00:43:59.654 160424 DEBUG oslo_service.service [req-37a8435a-6ce2-400d-b829-bb293ed9d8f0 - - - - -] cinder.split_loggers = False log_opt_values /usr/lib/python3/dist-packages/oslo_config/cfg.py:2609
2025-07-21 00:43:59.655 160424 DEBUG oslo_service.service [req-37a8435a-6ce2-400d-b829-bb293ed9d8f0 - - - - -] cinder.timeout = None log_opt_values /usr/lib/python3/dist-packages/oslo_config/cfg.py:2609
2025-07-21 00:43:59.655 160424 DEBUG oslo_service.service [req-37a8435a-6ce2-400d-b829-bb293ed9d8f0 - - - - -] compute.consecutive_build_service_disable_threshold = 10 log_opt_values /usr/lib/python3/dist-packages/oslo_config/cfg.py:2609
2025-07-21 00:43:59.657 160424 DEBUG oslo_service.service [req-37a8435a-6ce2-400d-b829-bb293ed9d8f0 - - - - -] compute.cpu_dedicated_set = None log_opt_values /usr/lib/python3/dist-packages/oslo_config/cfg.py:2609
2025-07-21 00:43:59.658 160424 DEBUG oslo_service.service [req-37a8435a-6ce2-400d-b829-bb293ed9d8f0 - - - - -] compute.cpu_shared_set = None log_opt_values /usr/lib/python3/dist-packages/oslo_config/cfg.py:2609
2025-07-21 00:43:59.660 160424 DEBUG oslo_service.service [req-37a8435a-6ce2-400d-b829-bb293ed9d8f0 - - - - -] compute.image_type_exclude_list = [] log_opt_values /usr/lib/python3/dist-packages/oslo_config/cfg.py:2609
2025-07-21 00:43:59.661 160424 DEBUG oslo_service.service [req-37a8435a-6ce2-400d-b829-bb293ed9d8f0 - - - - -] compute.live_migration_wait_for_vif_plug = True log_opt_values /usr/lib/python3/dist-packages/oslo_config/cfg.py:2609
2025-07-21 00:43:59.661 160424 DEBUG oslo_service.service [req-37a8435a-6ce2-400d-b829-bb293ed9d8f0 - - - - -] compute.max_concurrent_disk_ops = 0 log_opt_values /usr/lib/python3/dist-packages/oslo_config/cfg.py:2609
2025-07-21 00:43:59.661 160424 DEBUG oslo_service.service [req-37a8435a-6ce2-400d-b829-bb293ed9d8f0 - - - - -] compute.max_disk_devices_to_attach = -1 log_opt_values /usr/lib/python3/dist-packages/oslo_config/cfg.py:2609
2025-07-21 00:43:59.662 160424 DEBUG oslo_service.service [req-37a8435a-6ce2-400d-b829-bb293ed9d8f0 - - - - -] compute.packing_host_numa_cells_allocation_strategy = True log_opt_values /usr/lib/python3/dist-packages/oslo_config/cfg.py:2609
2025-07-21 00:43:59.662 160424 DEBUG oslo_service.service [req-37a8435a-6ce2-400d-b829-bb293ed9d8f0 - - - - -] compute.provider_config_location = /etc/nova/provider_config/ log_opt_values /usr/lib/python3/dist-packages/oslo_config/cfg.py:2609
2025-07-21 00:43:59.663 160424 DEBUG oslo_service.service [req-37a8435a-6ce2-400d-b829-bb293ed9d8f0 - - - - -] compute.resource_provider_association_refresh = 300 log_opt_values /usr/lib/python3/dist-packages/oslo_config/cfg.py:2609
2025-07-21 00:43:59.664 160424 DEBUG oslo_service.service [req-37a8435a-6ce2-400d-b829-bb293ed9d8f0 - - - - -] compute.shutdown_retry_interval = 10 log_opt_values /usr/lib/python3/dist-packages/oslo_config/cfg.py:2609
2025-07-21 00:43:59.665 160965 DEBUG oslo_messaging._drivers.amqpdriver [-] Listener is running poll /usr/lib/python3/dist-packages/oslo_messaging/_drivers/amqpdriver.py:343
2025-07-21 00:43:59.666 160965 DEBUG oslo_messaging._drivers.amqpdriver [-] AMQPListener connection consume poll /usr/lib/python3/dist-packages/oslo_messaging/_drivers/amqpdriver.py:357
2025-07-21 00:43:59.666 160944 DEBUG oslo_messaging._drivers.amqpdriver [-] Listener is running poll /usr/lib/python3/dist-packages/oslo_messaging/_drivers/amqpdriver.py:343
2025-07-21 00:43:59.666 160424 DEBUG oslo_service.service [req-37a8435a-6ce2-400d-b829-bb293ed9d8f0 - - - - -] compute.vmdk_allowed_types = ['streamOptimized', 'monolithicSparse'] log_opt_values /usr/lib/python3/dist-packages/oslo_config/cfg.py:2609
2025-07-21 00:43:59.666 160944 DEBUG oslo_messaging._drivers.amqpdriver [-] AMQPListener connection consume poll /usr/lib/python3/dist-packages/oslo_messaging/_drivers/amqpdriver.py:357
2025-07-21 00:43:59.666 160965 DEBUG nova.service [req-5e5c3b36-1650-43e9-a8ab-c710cdee7b1a - - - - -] Join ServiceGroup membership for this service conductor start /usr/lib/python3/dist-packages/nova/service.py:199
2025-07-21 00:43:59.667 160424 DEBUG oslo_service.service [req-37a8435a-6ce2-400d-b829-bb293ed9d8f0 - - - - -] conductor.workers = 4 log_opt_values /usr/lib/python3/dist-packages/oslo_config/cfg.py:2609
2025-07-21 00:43:59.668 160424 DEBUG oslo_service.service [req-37a8435a-6ce2-400d-b829-bb293ed9d8f0 - - - - -] console.allowed_origins = [] log_opt_values /usr/lib/python3/dist-packages/oslo_config/cfg.py:2609
2025-07-21 00:43:59.668 160965 DEBUG nova.servicegroup.drivers.db [req-5e5c3b36-1650-43e9-a8ab-c710cdee7b1a - - - - -] DB_Driver: join new ServiceGroup member juju-9ef9ea-0-lxd-7 to the conductor group, service = join /usr/lib/python3/dist-packages/nova/servicegroup/drivers/db.py:44
2025-07-21 00:43:59.668 160424 DEBUG oslo_service.service [req-37a8435a-6ce2-400d-b829-bb293ed9d8f0 - - - - -] console.ssl_ciphers = None log_opt_values /usr/lib/python3/dist-packages/oslo_config/cfg.py:2609
2025-07-21 00:43:59.667 160944 DEBUG nova.service [req-5bc9c434-9205-4e03-9d8b-50ab9174acbe - - - - -] Join ServiceGroup membership for this service conductor start /usr/lib/python3/dist-packages/nova/service.py:199
2025-07-21 00:43:59.668 160952 DEBUG oslo_messaging._drivers.amqpdriver [-] Listener is running poll /usr/lib/python3/dist-packages/oslo_messaging/_drivers/amqpdriver.py:343
2025-07-21 00:43:59.669 160952 DEBUG oslo_messaging._drivers.amqpdriver [-] AMQPListener connection consume poll /usr/lib/python3/dist-packages/oslo_messaging/_drivers/amqpdriver.py:357
2025-07-21 00:43:59.669 160944 DEBUG nova.servicegroup.drivers.db [req-5bc9c434-9205-4e03-9d8b-50ab9174acbe - - - - -] DB_Driver: join new ServiceGroup member juju-9ef9ea-0-lxd-7 to the conductor group, service = join /usr/lib/python3/dist-packages/nova/servicegroup/drivers/db.py:44
2025-07-21 00:43:59.669 160965 DEBUG oslo_messaging._drivers.amqpdriver [-] received message msg_id: ddb87fb367964d5aa66de7c68065ad58 reply to reply_209a927bc57c4ca0be81d6f37c416fc5 __call__ /usr/lib/python3/dist-packages/oslo_messaging/_drivers/amqpdriver.py:320
2025-07-21 00:43:59.669 160424 DEBUG oslo_service.service [req-37a8435a-6ce2-400d-b829-bb293ed9d8f0 - - - - -] console.ssl_minimum_version = default log_opt_values /usr/lib/python3/dist-packages/oslo_config/cfg.py:2609
2025-07-21 00:43:59.671 160965 DEBUG oslo_messaging._drivers.amqpdriver [-] AMQPListener connection timeout poll /usr/lib/python3/dist-packages/oslo_messaging/_drivers/amqpdriver.py:360
2025-07-21 00:43:59.671 160965 DEBUG oslo_messaging._drivers.amqpdriver [-] Listener is running poll /usr/lib/python3/dist-packages/oslo_messaging/_drivers/amqpdriver.py:343
2025-07-21 00:43:59.671 160965 DEBUG oslo_messaging._drivers.amqpdriver [-] Poll the incoming message with unique_id: 6dbe5191a5bb42e3b0835065a329480c poll /usr/lib/python3/dist-packages/oslo_messaging/_drivers/amqpdriver.py:346
2025-07-21 00:43:59.672 160965 DEBUG oslo_messaging._drivers.amqpdriver [-] Listener is running poll /usr/lib/python3/dist-packages/oslo_messaging/_drivers/amqpdriver.py:343
2025-07-21 00:43:59.671 160424 DEBUG oslo_service.service [req-37a8435a-6ce2-400d-b829-bb293ed9d8f0 - - - - -] consoleauth.token_ttl = 600 log_opt_values /usr/lib/python3/dist-packages/oslo_config/cfg.py:2609
2025-07-21 00:43:59.672 160965 DEBUG oslo_messaging._drivers.amqpdriver [-] AMQPListener connection consume poll /usr/lib/python3/dist-packages/oslo_messaging/_drivers/amqpdriver.py:357
2025-07-21 00:43:59.673 160424 DEBUG oslo_service.service [req-37a8435a-6ce2-400d-b829-bb293ed9d8f0 - - - - -] cyborg.cafile = None log_opt_values /usr/lib/python3/dist-packages/oslo_config/cfg.py:2609
2025-07-21 00:43:59.673 160424 DEBUG oslo_service.service [req-37a8435a-6ce2-400d-b829-bb293ed9d8f0 - - - - -] cyborg.certfile = None log_opt_values /usr/lib/python3/dist-packages/oslo_config/cfg.py:2609
2025-07-21 00:43:59.673 160952 DEBUG nova.service [req-34ad0882-427a-4525-961f-baf7c11fa7c4 - - - - -] Join ServiceGroup membership for this service conductor start /usr/lib/python3/dist-packages/nova/service.py:199
2025-07-21 00:43:59.674 160952 DEBUG nova.servicegroup.drivers.db [req-34ad0882-427a-4525-961f-baf7c11fa7c4 - - - - -] DB_Driver: join new ServiceGroup member juju-9ef9ea-0-lxd-7 to the conductor group, service = join /usr/lib/python3/dist-packages/nova/servicegroup/drivers/db.py:44
2025-07-21 00:43:59.674 160959 DEBUG oslo_messaging._drivers.amqpdriver [-] Listener is running poll /usr/lib/python3/dist-packages/oslo_messaging/_drivers/amqpdriver.py:343
2025-07-21 00:43:59.674 160944 DEBUG oslo_messaging._drivers.amqpdriver [-] AMQPListener connection timeout poll /usr/lib/python3/dist-packages/oslo_messaging/_drivers/amqpdriver.py:360
2025-07-21 00:43:59.675 160959 DEBUG oslo_messaging._drivers.amqpdriver [-] AMQPListener connection consume poll /usr/lib/python3/dist-packages/oslo_messaging/_drivers/amqpdriver.py:357
2025-07-21 00:43:59.675 160944 DEBUG oslo_messaging._drivers.amqpdriver [-] Listener is running poll /usr/lib/python3/dist-packages/oslo_messaging/_drivers/amqpdriver.py:343
2025-07-21 00:43:59.675 160952 DEBUG oslo_messaging._drivers.amqpdriver [-] AMQPListener connection timeout poll /usr/lib/python3/dist-packages/oslo_messaging/_drivers/amqpdriver.py:360
2025-07-21 00:43:59.675 160944 DEBUG oslo_messaging._drivers.amqpdriver [-] AMQPListener connection consume poll /usr/lib/python3/dist-packages/oslo_messaging/_drivers/amqpdriver.py:357
2025-07-21 00:43:59.676 160952 DEBUG oslo_messaging._drivers.amqpdriver [-] Listener is running poll /usr/lib/python3/dist-packages/oslo_messaging/_drivers/amqpdriver.py:343
2025-07-21 00:43:59.673 160424 DEBUG oslo_service.service [req-37a8435a-6ce2-400d-b829-bb293ed9d8f0 - - - - -] cyborg.collect_timing = False log_opt_values /usr/lib/python3/dist-packages/oslo_config/cfg.py:2609
2025-07-21 00:43:59.676 160952 DEBUG oslo_messaging._drivers.amqpdriver [-] AMQPListener connection consume poll /usr/lib/python3/dist-packages/oslo_messaging/_drivers/amqpdriver.py:357
2025-07-21 00:43:59.676 160959 DEBUG nova.service [req-edcf8ea3-9ba8-48cc-aa44-e8775eb9d363 - - - - -] Join ServiceGroup membership for this service conductor start /usr/lib/python3/dist-packages/nova/service.py:199
2025-07-21 00:43:59.676 160424 DEBUG oslo_service.service [req-37a8435a-6ce2-400d-b829-bb293ed9d8f0 - - - - -] cyborg.connect_retries = None log_opt_values /usr/lib/python3/dist-packages/oslo_config/cfg.py:2609
2025-07-21 00:43:59.676 160959 DEBUG nova.servicegroup.drivers.db [req-edcf8ea3-9ba8-48cc-aa44-e8775eb9d363 - - - - -] DB_Driver: join new ServiceGroup member juju-9ef9ea-0-lxd-7 to the conductor group, service = join /usr/lib/python3/dist-packages/nova/servicegroup/drivers/db.py:44
2025-07-21 00:43:59.676 160424 DEBUG oslo_service.service [req-37a8435a-6ce2-400d-b829-bb293ed9d8f0 - - - - -] cyborg.connect_retry_delay = None log_opt_values /usr/lib/python3/dist-packages/oslo_config/cfg.py:2609
2025-07-21 00:43:59.677 160424 DEBUG oslo_service.service [req-37a8435a-6ce2-400d-b829-bb293ed9d8f0 - - - - -] cyborg.endpoint_override = None log_opt_values /usr/lib/python3/dist-packages/oslo_config/cfg.py:2609
2025-07-21 00:43:59.677 160424 DEBUG oslo_service.service [req-37a8435a-6ce2-400d-b829-bb293ed9d8f0 - - - - -] cyborg.insecure = False log_opt_values /usr/lib/python3/dist-packages/oslo_config/cfg.py:2609
2025-07-21 00:43:59.677 160424 DEBUG oslo_service.service [req-37a8435a-6ce2-400d-b829-bb293ed9d8f0 - - - - -] cyborg.keyfile = None log_opt_values /usr/lib/python3/dist-packages/oslo_config/cfg.py:2609
2025-07-21 00:43:59.677 160424 DEBUG oslo_service.service [req-37a8435a-6ce2-400d-b829-bb293ed9d8f0 - - - - -] cyborg.max_version = None log_opt_values /usr/lib/python3/dist-packages/oslo_config/cfg.py:2609
2025-07-21 00:43:59.678 160424 DEBUG oslo_service.service [req-37a8435a-6ce2-400d-b829-bb293ed9d8f0 - - - - -] cyborg.min_version = None log_opt_values /usr/lib/python3/dist-packages/oslo_config/cfg.py:2609
2025-07-21 00:43:59.678 160424 DEBUG oslo_service.service [req-37a8435a-6ce2-400d-b829-bb293ed9d8f0 - - - - -] cyborg.region_name = None log_opt_values /usr/lib/python3/dist-packages/oslo_config/cfg.py:2609
2025-07-21 00:43:59.678 160424 DEBUG oslo_service.service [req-37a8435a-6ce2-400d-b829-bb293ed9d8f0 - - - - -] cyborg.service_name = None log_opt_values /usr/lib/python3/dist-packages/oslo_config/cfg.py:2609
2025-07-21 00:43:59.678 160424 DEBUG oslo_service.service [req-37a8435a-6ce2-400d-b829-bb293ed9d8f0 - - - - -] cyborg.service_type = accelerator log_opt_values /usr/lib/python3/dist-packages/oslo_config/cfg.py:2609
2025-07-21 00:43:59.679 160424 DEBUG oslo_service.service [req-37a8435a-6ce2-400d-b829-bb293ed9d8f0 - - - - -] cyborg.split_loggers = False log_opt_values /usr/lib/python3/dist-packages/oslo_config/cfg.py:2609
2025-07-21 00:43:59.679 160959 DEBUG oslo_messaging._drivers.amqpdriver [-] AMQPListener connection timeout poll /usr/lib/python3/dist-packages/oslo_messaging/_drivers/amqpdriver.py:360
2025-07-21 00:43:59.679 160959 DEBUG oslo_messaging._drivers.amqpdriver [-] Listener is running poll /usr/lib/python3/dist-packages/oslo_messaging/_drivers/amqpdriver.py:343
2025-07-21 00:43:59.679 160424 DEBUG oslo_service.service [req-37a8435a-6ce2-400d-b829-bb293ed9d8f0 - - - - -] cyborg.status_code_retries = None log_opt_values /usr/lib/python3/dist-packages/oslo_config/cfg.py:2609
2025-07-21 00:43:59.679 160959 DEBUG oslo_messaging._drivers.amqpdriver [-] AMQPListener connection consume poll /usr/lib/python3/dist-packages/oslo_messaging/_drivers/amqpdriver.py:357
2025-07-21 00:43:59.679 160424 DEBUG oslo_service.service [req-37a8435a-6ce2-400d-b829-bb293ed9d8f0 - - - - -] cyborg.status_code_retry_delay = None log_opt_values /usr/lib/python3/dist-packages/oslo_config/cfg.py:2609
2025-07-21 00:43:59.680 160424 DEBUG oslo_service.service [req-37a8435a-6ce2-400d-b829-bb293ed9d8f0 - - - - -] cyborg.timeout = None log_opt_values /usr/lib/python3/dist-packages/oslo_config/cfg.py:2609
2025-07-21 00:43:59.680 160424 DEBUG oslo_service.service [req-37a8435a-6ce2-400d-b829-bb293ed9d8f0 - - - - -] cyborg.valid_interfaces = ['internal', 'public'] log_opt_values /usr/lib/python3/dist-packages/oslo_config/cfg.py:2609
2025-07-21 00:43:59.680 160424 DEBUG oslo_service.service [req-37a8435a-6ce2-400d-b829-bb293ed9d8f0 - - - - -] cyborg.version = None log_opt_values /usr/lib/python3/dist-packages/oslo_config/cfg.py:2609
2025-07-21 00:43:59.680 160424 DEBUG oslo_service.service [req-37a8435a-6ce2-400d-b829-bb293ed9d8f0 - - - - -] database.backend = sqlalchemy log_opt_values /usr/lib/python3/dist-packages/oslo_config/cfg.py:2609
2025-07-21 00:43:59.681 160424 DEBUG oslo_service.service [req-37a8435a-6ce2-400d-b829-bb293ed9d8f0 - - - - -] database.connection = **** log_opt_values /usr/lib/python3/dist-packages/oslo_config/cfg.py:2609
2025-07-21 00:43:59.681 160424 DEBUG oslo_service.service [req-37a8435a-6ce2-400d-b829-bb293ed9d8f0 - - - - -] database.connection_debug = 0 log_opt_values /usr/lib/python3/dist-packages/oslo_config/cfg.py:2609
2025-07-21 00:43:59.681 160424 DEBUG oslo_service.service [req-37a8435a-6ce2-400d-b829-bb293ed9d8f0 - - - - -] database.connection_parameters = log_opt_values /usr/lib/python3/dist-packages/oslo_config/cfg.py:2609
2025-07-21 00:43:59.682 160424 DEBUG oslo_service.service [req-37a8435a-6ce2-400d-b829-bb293ed9d8f0 - - - - -] database.connection_recycle_time = 3600 log_opt_values /usr/lib/python3/dist-packages/oslo_config/cfg.py:2609
2025-07-21 00:43:59.682 160424 DEBUG oslo_service.service [req-37a8435a-6ce2-400d-b829-bb293ed9d8f0 - - - - -] database.connection_trace = False log_opt_values /usr/lib/python3/dist-packages/oslo_config/cfg.py:2609
2025-07-21 00:43:59.682 160424 DEBUG oslo_service.service [req-37a8435a-6ce2-400d-b829-bb293ed9d8f0 - - - - -] database.db_inc_retry_interval = True log_opt_values /usr/lib/python3/dist-packages/oslo_config/cfg.py:2609
2025-07-21 00:43:59.682 160424 DEBUG oslo_service.service [req-37a8435a-6ce2-400d-b829-bb293ed9d8f0 - - - - -] database.db_max_retries = 20 log_opt_values /usr/lib/python3/dist-packages/oslo_config/cfg.py:2609
2025-07-21 00:43:59.683 160424 DEBUG oslo_service.service [req-37a8435a-6ce2-400d-b829-bb293ed9d8f0 - - - - -] database.db_max_retry_interval = 10 log_opt_values /usr/lib/python3/dist-packages/oslo_config/cfg.py:2609
2025-07-21 00:43:59.683 160424 DEBUG oslo_service.service [req-37a8435a-6ce2-400d-b829-bb293ed9d8f0 - - - - -] database.db_retry_interval = 1 log_opt_values /usr/lib/python3/dist-packages/oslo_config/cfg.py:2609
2025-07-21 00:43:59.683 160424 DEBUG oslo_service.service [req-37a8435a-6ce2-400d-b829-bb293ed9d8f0 - - - - -] database.max_overflow = 50 log_opt_values /usr/lib/python3/dist-packages/oslo_config/cfg.py:2609
2025-07-21 00:43:59.683 160424 DEBUG oslo_service.service [req-37a8435a-6ce2-400d-b829-bb293ed9d8f0 - - - - -] database.max_pool_size = 4 log_opt_values /usr/lib/python3/dist-packages/oslo_config/cfg.py:2609
2025-07-21 00:43:59.684 160424 DEBUG oslo_service.service [req-37a8435a-6ce2-400d-b829-bb293ed9d8f0 - - - - -] database.max_retries = 10 log_opt_values /usr/lib/python3/dist-packages/oslo_config/cfg.py:2609
2025-07-21 00:43:59.684 160424 DEBUG oslo_service.service [req-37a8435a-6ce2-400d-b829-bb293ed9d8f0 - - - - -] database.mysql_enable_ndb = False log_opt_values /usr/lib/python3/dist-packages/oslo_config/cfg.py:2609
2025-07-21 00:43:59.684 160424 DEBUG oslo_service.service [req-37a8435a-6ce2-400d-b829-bb293ed9d8f0 - - - - -] database.mysql_sql_mode = TRADITIONAL log_opt_values /usr/lib/python3/dist-packages/oslo_config/cfg.py:2609
2025-07-21 00:43:59.685 160424 DEBUG oslo_service.service [req-37a8435a-6ce2-400d-b829-bb293ed9d8f0 - - - - -] database.pool_timeout = None log_opt_values /usr/lib/python3/dist-packages/oslo_config/cfg.py:2609
2025-07-21 00:43:59.685 160424 DEBUG oslo_service.service [req-37a8435a-6ce2-400d-b829-bb293ed9d8f0 - - - - -] database.retry_interval = 10 log_opt_values /usr/lib/python3/dist-packages/oslo_config/cfg.py:2609
2025-07-21 00:43:59.685 160424 DEBUG oslo_service.service [req-37a8435a-6ce2-400d-b829-bb293ed9d8f0 - - - - -] database.slave_connection = **** log_opt_values /usr/lib/python3/dist-packages/oslo_config/cfg.py:2609
2025-07-21 00:43:59.685 160424 DEBUG oslo_service.service [req-37a8435a-6ce2-400d-b829-bb293ed9d8f0 - - - - -] database.sqlite_synchronous = True log_opt_values /usr/lib/python3/dist-packages/oslo_config/cfg.py:2609
2025-07-21 00:43:59.686 160424 DEBUG oslo_service.service [req-37a8435a-6ce2-400d-b829-bb293ed9d8f0 - - - - -] database.use_db_reconnect = False log_opt_values /usr/lib/python3/dist-packages/oslo_config/cfg.py:2609
2025-07-21 00:43:59.686 160424 DEBUG oslo_service.service [req-37a8435a-6ce2-400d-b829-bb293ed9d8f0 - - - - -] api_database.backend = sqlalchemy log_opt_values /usr/lib/python3/dist-packages/oslo_config/cfg.py:2609
2025-07-21 00:43:59.686 160424 DEBUG oslo_service.service [req-37a8435a-6ce2-400d-b829-bb293ed9d8f0 - - - - -] api_database.connection = **** log_opt_values /usr/lib/python3/dist-packages/oslo_config/cfg.py:2609
2025-07-21 00:43:59.687 160424 DEBUG oslo_service.service [req-37a8435a-6ce2-400d-b829-bb293ed9d8f0 - - - - -] api_database.connection_debug = 0 log_opt_values /usr/lib/python3/dist-packages/oslo_config/cfg.py:2609
2025-07-21 00:43:59.687 160424 DEBUG oslo_service.service [req-37a8435a-6ce2-400d-b829-bb293ed9d8f0 - - - - -] api_database.connection_parameters = log_opt_values /usr/lib/python3/dist-packages/oslo_config/cfg.py:2609
2025-07-21 00:43:59.687 160424 DEBUG oslo_service.service [req-37a8435a-6ce2-400d-b829-bb293ed9d8f0 - - - - -] api_database.connection_recycle_time = 3600 log_opt_values /usr/lib/python3/dist-packages/oslo_config/cfg.py:2609
2025-07-21 00:43:59.688 160424 DEBUG oslo_service.service [req-37a8435a-6ce2-400d-b829-bb293ed9d8f0 - - - - -] api_database.connection_trace = False log_opt_values /usr/lib/python3/dist-packages/oslo_config/cfg.py:2609
2025-07-21 00:43:59.688 160424 DEBUG oslo_service.service [req-37a8435a-6ce2-400d-b829-bb293ed9d8f0 - - - - -] api_database.db_inc_retry_interval = True log_opt_values /usr/lib/python3/dist-packages/oslo_config/cfg.py:2609
2025-07-21 00:43:59.688 160424 DEBUG oslo_service.service [req-37a8435a-6ce2-400d-b829-bb293ed9d8f0 - - - - -] api_database.db_max_retries = 20 log_opt_values /usr/lib/python3/dist-packages/oslo_config/cfg.py:2609
2025-07-21 00:43:59.688 160424 DEBUG oslo_service.service [req-37a8435a-6ce2-400d-b829-bb293ed9d8f0 - - - - -] api_database.db_max_retry_interval = 10 log_opt_values /usr/lib/python3/dist-packages/oslo_config/cfg.py:2609
2025-07-21 00:43:59.689 160424 DEBUG oslo_service.service [req-37a8435a-6ce2-400d-b829-bb293ed9d8f0 - - - - -] api_database.db_retry_interval = 1 log_opt_values /usr/lib/python3/dist-packages/oslo_config/cfg.py:2609
2025-07-21 00:43:59.690 160424 DEBUG oslo_service.service [req-37a8435a-6ce2-400d-b829-bb293ed9d8f0 - - - - -] api_database.max_overflow = 50 log_opt_values /usr/lib/python3/dist-packages/oslo_config/cfg.py:2609
2025-07-21 00:43:59.690 160424 DEBUG oslo_service.service [req-37a8435a-6ce2-400d-b829-bb293ed9d8f0 - - - - -] api_database.max_pool_size = 4 log_opt_values /usr/lib/python3/dist-packages/oslo_config/cfg.py:2609
2025-07-21 00:43:59.691 160424 DEBUG oslo_service.service [req-37a8435a-6ce2-400d-b829-bb293ed9d8f0 - - - - -] api_database.max_retries = 10 log_opt_values /usr/lib/python3/dist-packages/oslo_config/cfg.py:2609
2025-07-21 00:43:59.691 160424 DEBUG oslo_service.service [req-37a8435a-6ce2-400d-b829-bb293ed9d8f0 - - - - -] api_database.mysql_enable_ndb = False log_opt_values /usr/lib/python3/dist-packages/oslo_config/cfg.py:2609
2025-07-21 00:43:59.692 160424 DEBUG oslo_service.service [req-37a8435a-6ce2-400d-b829-bb293ed9d8f0 - - - - -] api_database.mysql_sql_mode = TRADITIONAL log_opt_values /usr/lib/python3/dist-packages/oslo_config/cfg.py:2609
2025-07-21 00:43:59.692 160424 DEBUG oslo_service.service [req-37a8435a-6ce2-400d-b829-bb293ed9d8f0 - - - - -] api_database.pool_timeout = None log_opt_values /usr/lib/python3/dist-packages/oslo_config/cfg.py:2609
2025-07-21 00:43:59.692 160424 DEBUG oslo_service.service [req-37a8435a-6ce2-400d-b829-bb293ed9d8f0 - - - - -] api_database.retry_interval = 10 log_opt_values /usr/lib/python3/dist-packages/oslo_config/cfg.py:2609
2025-07-21 00:43:59.693 160424 DEBUG oslo_service.service [req-37a8435a-6ce2-400d-b829-bb293ed9d8f0 - - - - -] api_database.slave_connection = **** log_opt_values /usr/lib/python3/dist-packages/oslo_config/cfg.py:2609
2025-07-21 00:43:59.694 160424 DEBUG oslo_service.service [req-37a8435a-6ce2-400d-b829-bb293ed9d8f0 - - - - -] api_database.sqlite_synchronous = True log_opt_values /usr/lib/python3/dist-packages/oslo_config/cfg.py:2609
2025-07-21 00:43:59.694 160424 DEBUG oslo_service.service [req-37a8435a-6ce2-400d-b829-bb293ed9d8f0 - - - - -] devices.enabled_mdev_types = [] log_opt_values /usr/lib/python3/dist-packages/oslo_config/cfg.py:2609
2025-07-21 00:43:59.694 160424 DEBUG oslo_service.service [req-37a8435a-6ce2-400d-b829-bb293ed9d8f0 - - - - -] ephemeral_storage_encryption.cipher = aes-xts-plain64 log_opt_values /usr/lib/python3/dist-packages/oslo_config/cfg.py:2609
2025-07-21 00:43:59.695 160424 DEBUG oslo_service.service [req-37a8435a-6ce2-400d-b829-bb293ed9d8f0 - - - - -] ephemeral_storage_encryption.enabled = False log_opt_values /usr/lib/python3/dist-packages/oslo_config/cfg.py:2609
2025-07-21 00:43:59.696 160424 DEBUG oslo_service.service [req-37a8435a-6ce2-400d-b829-bb293ed9d8f0 - - - - -] ephemeral_storage_encryption.key_size = 512 log_opt_values /usr/lib/python3/dist-packages/oslo_config/cfg.py:2609
2025-07-21 00:43:59.697 160424 WARNING oslo_config.cfg [req-37a8435a-6ce2-400d-b829-bb293ed9d8f0 - - - - -] Deprecated: Option "api_servers" from group "glance" is deprecated for removal ( Support for image service configuration via standard keystoneauth1 Adapter options was added in the 17.0.0 Queens release. The api_servers option was retained temporarily to allow consumers time to cut over to a real load balancing solution. ). Its value may be silently ignored in the future.
2025-07-21 00:43:59.697 160424 DEBUG oslo_service.service [req-37a8435a-6ce2-400d-b829-bb293ed9d8f0 - - - - -] glance.api_servers = ['http://252.41.65.153:9292'] log_opt_values /usr/lib/python3/dist-packages/oslo_config/cfg.py:2609
2025-07-21 00:43:59.698 160424 DEBUG oslo_service.service [req-37a8435a-6ce2-400d-b829-bb293ed9d8f0 - - - - -] glance.cafile = None log_opt_values /usr/lib/python3/dist-packages/oslo_config/cfg.py:2609
2025-07-21 00:43:59.698 160424 DEBUG oslo_service.service [req-37a8435a-6ce2-400d-b829-bb293ed9d8f0 - - - - -] glance.certfile = None log_opt_values /usr/lib/python3/dist-packages/oslo_config/cfg.py:2609
2025-07-21 00:43:59.699 160424 DEBUG oslo_service.service [req-37a8435a-6ce2-400d-b829-bb293ed9d8f0 - - - - -] glance.collect_timing = False log_opt_values /usr/lib/python3/dist-packages/oslo_config/cfg.py:2609
2025-07-21 00:43:59.700 160424 DEBUG oslo_service.service [req-37a8435a-6ce2-400d-b829-bb293ed9d8f0 - - - - -] glance.connect_retries = None log_opt_values /usr/lib/python3/dist-packages/oslo_config/cfg.py:2609
2025-07-21 00:43:59.700 160424 DEBUG oslo_service.service [req-37a8435a-6ce2-400d-b829-bb293ed9d8f0 - - - - -] glance.connect_retry_delay = None log_opt_values /usr/lib/python3/dist-packages/oslo_config/cfg.py:2609
2025-07-21 00:43:59.700 160424 DEBUG oslo_service.service [req-37a8435a-6ce2-400d-b829-bb293ed9d8f0 - - - - -] glance.debug = False log_opt_values /usr/lib/python3/dist-packages/oslo_config/cfg.py:2609
2025-07-21 00:43:59.701 160424 DEBUG oslo_service.service [req-37a8435a-6ce2-400d-b829-bb293ed9d8f0 - - - - -] glance.default_trusted_certificate_ids = [] log_opt_values /usr/lib/python3/dist-packages/oslo_config/cfg.py:2609
2025-07-21 00:43:59.701 160424 DEBUG oslo_service.service [req-37a8435a-6ce2-400d-b829-bb293ed9d8f0 - - - - -] glance.enable_certificate_validation = False log_opt_values /usr/lib/python3/dist-packages/oslo_config/cfg.py:2609
