2025-07-21 00:40:03.074 112456 DEBUG oslo_service.service [req-2d267d05-2c24-4bb1-999a-6e0a0badfbde - - - - -] glance.service_name = None log_opt_values /usr/lib/python3/dist-packages/oslo_config/cfg.py:2609
2025-07-21 00:40:03.074 112456 DEBUG oslo_service.service [req-2d267d05-2c24-4bb1-999a-6e0a0badfbde - - - - -] glance.service_type = image log_opt_values /usr/lib/python3/dist-packages/oslo_config/cfg.py:2609
2025-07-21 00:40:03.075 112456 DEBUG oslo_service.service [req-2d267d05-2c24-4bb1-999a-6e0a0badfbde - - - - -] glance.split_loggers = False log_opt_values /usr/lib/python3/dist-packages/oslo_config/cfg.py:2609
2025-07-21 00:40:03.075 112456 DEBUG oslo_service.service [req-2d267d05-2c24-4bb1-999a-6e0a0badfbde - - - - -] glance.status_code_retries = None log_opt_values /usr/lib/python3/dist-packages/oslo_config/cfg.py:2609
2025-07-21 00:40:03.075 112456 DEBUG oslo_service.service [req-2d267d05-2c24-4bb1-999a-6e0a0badfbde - - - - -] glance.status_code_retry_delay = None log_opt_values /usr/lib/python3/dist-packages/oslo_config/cfg.py:2609
2025-07-21 00:40:03.075 112456 DEBUG oslo_service.service [req-2d267d05-2c24-4bb1-999a-6e0a0badfbde - - - - -] glance.timeout = None log_opt_values /usr/lib/python3/dist-packages/oslo_config/cfg.py:2609
2025-07-21 00:40:03.075 112456 DEBUG oslo_service.service [req-2d267d05-2c24-4bb1-999a-6e0a0badfbde - - - - -] glance.valid_interfaces = ['internal', 'public'] log_opt_values /usr/lib/python3/dist-packages/oslo_config/cfg.py:2609
2025-07-21 00:40:03.076 112456 DEBUG oslo_service.service [req-2d267d05-2c24-4bb1-999a-6e0a0badfbde - - - - -] glance.verify_glance_signatures = False log_opt_values /usr/lib/python3/dist-packages/oslo_config/cfg.py:2609
2025-07-21 00:40:03.076 112763 DEBUG oslo_messaging._drivers.amqpdriver [-] AMQPListener connection timeout poll /usr/lib/python3/dist-packages/oslo_messaging/_drivers/amqpdriver.py:360
2025-07-21 00:40:03.076 112456 DEBUG oslo_service.service [req-2d267d05-2c24-4bb1-999a-6e0a0badfbde - - - - -] glance.version = None log_opt_values /usr/lib/python3/dist-packages/oslo_config/cfg.py:2609
2025-07-21 00:40:03.076 112763 DEBUG oslo_messaging._drivers.amqpdriver [-] Listener is running poll /usr/lib/python3/dist-packages/oslo_messaging/_drivers/amqpdriver.py:343
2025-07-21 00:40:03.076 112763 DEBUG oslo_messaging._drivers.amqpdriver [-] Poll the incoming message with unique_id: 06f79e8836eb45bf9d27f5ab771bf4cd poll /usr/lib/python3/dist-packages/oslo_messaging/_drivers/amqpdriver.py:346
2025-07-21 00:40:03.076 112456 DEBUG oslo_service.service [req-2d267d05-2c24-4bb1-999a-6e0a0badfbde - - - - -] guestfs.debug = False log_opt_values /usr/lib/python3/dist-packages/oslo_config/cfg.py:2609
2025-07-21 00:40:03.076 112456 DEBUG oslo_service.service [req-2d267d05-2c24-4bb1-999a-6e0a0badfbde - - - - -] hyperv.config_drive_cdrom = False log_opt_values /usr/lib/python3/dist-packages/oslo_config/cfg.py:2609
2025-07-21 00:40:03.076 112456 DEBUG oslo_service.service [req-2d267d05-2c24-4bb1-999a-6e0a0badfbde - - - - -] hyperv.config_drive_inject_password = False log_opt_values /usr/lib/python3/dist-packages/oslo_config/cfg.py:2609
2025-07-21 00:40:03.076 112763 DEBUG oslo_messaging._drivers.amqpdriver [-] Listener is running poll /usr/lib/python3/dist-packages/oslo_messaging/_drivers/amqpdriver.py:343
2025-07-21 00:40:03.077 112763 DEBUG oslo_messaging._drivers.amqpdriver [-] AMQPListener connection consume poll /usr/lib/python3/dist-packages/oslo_messaging/_drivers/amqpdriver.py:357
2025-07-21 00:40:03.077 112456 DEBUG oslo_service.service [req-2d267d05-2c24-4bb1-999a-6e0a0badfbde - - - - -] hyperv.dynamic_memory_ratio = 1.0 log_opt_values /usr/lib/python3/dist-packages/oslo_config/cfg.py:2609
2025-07-21 00:40:03.076 112762 DEBUG oslo_messaging._drivers.amqpdriver [-] Listener is running poll /usr/lib/python3/dist-packages/oslo_messaging/_drivers/amqpdriver.py:343
2025-07-21 00:40:03.077 112456 DEBUG oslo_service.service [req-2d267d05-2c24-4bb1-999a-6e0a0badfbde - - - - -] hyperv.enable_instance_metrics_collection = False log_opt_values /usr/lib/python3/dist-packages/oslo_config/cfg.py:2609
2025-07-21 00:40:03.077 112762 DEBUG oslo_messaging._drivers.amqpdriver [-] AMQPListener connection consume poll /usr/lib/python3/dist-packages/oslo_messaging/_drivers/amqpdriver.py:357
2025-07-21 00:40:03.077 112456 DEBUG oslo_service.service [req-2d267d05-2c24-4bb1-999a-6e0a0badfbde - - - - -] hyperv.enable_remotefx = False log_opt_values /usr/lib/python3/dist-packages/oslo_config/cfg.py:2609
2025-07-21 00:40:03.077 112456 DEBUG oslo_service.service [req-2d267d05-2c24-4bb1-999a-6e0a0badfbde - - - - -] hyperv.instances_path_share = log_opt_values /usr/lib/python3/dist-packages/oslo_config/cfg.py:2609
2025-07-21 00:40:03.077 112456 DEBUG oslo_service.service [req-2d267d05-2c24-4bb1-999a-6e0a0badfbde - - - - -] hyperv.iscsi_initiator_list = [] log_opt_values /usr/lib/python3/dist-packages/oslo_config/cfg.py:2609
2025-07-21 00:40:03.078 112456 DEBUG oslo_service.service [req-2d267d05-2c24-4bb1-999a-6e0a0badfbde - - - - -] hyperv.limit_cpu_features = False log_opt_values /usr/lib/python3/dist-packages/oslo_config/cfg.py:2609
2025-07-21 00:40:03.078 112762 DEBUG nova.service [req-72aa7593-0ccd-4775-adcc-0f3fb897d6a3 - - - - -] Join ServiceGroup membership for this service conductor start /usr/lib/python3/dist-packages/nova/service.py:199
2025-07-21 00:40:03.078 112456 DEBUG oslo_service.service [req-2d267d05-2c24-4bb1-999a-6e0a0badfbde - - - - -] hyperv.mounted_disk_query_retry_count = 10 log_opt_values /usr/lib/python3/dist-packages/oslo_config/cfg.py:2609
2025-07-21 00:40:03.078 112762 DEBUG nova.servicegroup.drivers.db [req-72aa7593-0ccd-4775-adcc-0f3fb897d6a3 - - - - -] DB_Driver: join new ServiceGroup member juju-9ef9ea-0-lxd-7 to the conductor group, service = join /usr/lib/python3/dist-packages/nova/servicegroup/drivers/db.py:44
2025-07-21 00:40:03.078 112456 DEBUG oslo_service.service [req-2d267d05-2c24-4bb1-999a-6e0a0badfbde - - - - -] hyperv.mounted_disk_query_retry_interval = 5 log_opt_values /usr/lib/python3/dist-packages/oslo_config/cfg.py:2609
2025-07-21 00:40:03.078 112456 DEBUG oslo_service.service [req-2d267d05-2c24-4bb1-999a-6e0a0badfbde - - - - -] hyperv.power_state_check_timeframe = 60 log_opt_values /usr/lib/python3/dist-packages/oslo_config/cfg.py:2609
2025-07-21 00:40:03.079 112456 DEBUG oslo_service.service [req-2d267d05-2c24-4bb1-999a-6e0a0badfbde - - - - -] hyperv.power_state_event_polling_interval = 2 log_opt_values /usr/lib/python3/dist-packages/oslo_config/cfg.py:2609
2025-07-21 00:40:03.079 112456 DEBUG oslo_service.service [req-2d267d05-2c24-4bb1-999a-6e0a0badfbde - - - - -] hyperv.qemu_img_cmd = qemu-img.exe log_opt_values /usr/lib/python3/dist-packages/oslo_config/cfg.py:2609
2025-07-21 00:40:03.079 112456 DEBUG oslo_service.service [req-2d267d05-2c24-4bb1-999a-6e0a0badfbde - - - - -] hyperv.use_multipath_io = False log_opt_values /usr/lib/python3/dist-packages/oslo_config/cfg.py:2609
2025-07-21 00:40:03.079 112456 DEBUG oslo_service.service [req-2d267d05-2c24-4bb1-999a-6e0a0badfbde - - - - -] hyperv.volume_attach_retry_count = 10 log_opt_values /usr/lib/python3/dist-packages/oslo_config/cfg.py:2609
2025-07-21 00:40:03.080 112456 DEBUG oslo_service.service [req-2d267d05-2c24-4bb1-999a-6e0a0badfbde - - - - -] hyperv.volume_attach_retry_interval = 5 log_opt_values /usr/lib/python3/dist-packages/oslo_config/cfg.py:2609
2025-07-21 00:40:03.080 112456 DEBUG oslo_service.service [req-2d267d05-2c24-4bb1-999a-6e0a0badfbde - - - - -] hyperv.vswitch_name = None log_opt_values /usr/lib/python3/dist-packages/oslo_config/cfg.py:2609
2025-07-21 00:40:03.076 112765 DEBUG nova.service [req-8d757b48-2040-4fe7-93d7-5f9ff892aa6b - - - - -] Join ServiceGroup membership for this service conductor start /usr/lib/python3/dist-packages/nova/service.py:199
2025-07-21 00:40:03.080 112456 DEBUG oslo_service.service [req-2d267d05-2c24-4bb1-999a-6e0a0badfbde - - - - -] hyperv.wait_soft_reboot_seconds = 60 log_opt_values /usr/lib/python3/dist-packages/oslo_config/cfg.py:2609
2025-07-21 00:40:03.080 112456 DEBUG oslo_service.service [req-2d267d05-2c24-4bb1-999a-6e0a0badfbde - - - - -] mks.enabled = False log_opt_values /usr/lib/python3/dist-packages/oslo_config/cfg.py:2609
2025-07-21 00:40:03.081 112456 DEBUG oslo_service.service [req-2d267d05-2c24-4bb1-999a-6e0a0badfbde - - - - -] mks.mksproxy_base_url = http://127.0.0.1:6090/ log_opt_values /usr/lib/python3/dist-packages/oslo_config/cfg.py:2609
2025-07-21 00:40:03.081 112456 DEBUG oslo_service.service [req-2d267d05-2c24-4bb1-999a-6e0a0badfbde - - - - -] image_cache.manager_interval = 2400 log_opt_values /usr/lib/python3/dist-packages/oslo_config/cfg.py:2609
2025-07-21 00:40:03.081 112456 DEBUG oslo_service.service [req-2d267d05-2c24-4bb1-999a-6e0a0badfbde - - - - -] image_cache.precache_concurrency = 1 log_opt_values /usr/lib/python3/dist-packages/oslo_config/cfg.py:2609
2025-07-21 00:40:03.081 112456 DEBUG oslo_service.service [req-2d267d05-2c24-4bb1-999a-6e0a0badfbde - - - - -] image_cache.remove_unused_base_images = True log_opt_values /usr/lib/python3/dist-packages/oslo_config/cfg.py:2609
2025-07-21 00:40:03.082 112456 DEBUG oslo_service.service [req-2d267d05-2c24-4bb1-999a-6e0a0badfbde - - - - -] image_cache.remove_unused_original_minimum_age_seconds = 86400 log_opt_values /usr/lib/python3/dist-packages/oslo_config/cfg.py:2609
2025-07-21 00:40:03.081 112765 DEBUG nova.servicegroup.drivers.db [req-8d757b48-2040-4fe7-93d7-5f9ff892aa6b - - - - -] DB_Driver: join new ServiceGroup member juju-9ef9ea-0-lxd-7 to the conductor group, service = join /usr/lib/python3/dist-packages/nova/servicegroup/drivers/db.py:44
2025-07-21 00:40:03.082 112456 DEBUG oslo_service.service [req-2d267d05-2c24-4bb1-999a-6e0a0badfbde - - - - -] image_cache.remove_unused_resized_minimum_age_seconds = 3600 log_opt_values /usr/lib/python3/dist-packages/oslo_config/cfg.py:2609
2025-07-21 00:40:03.082 112456 DEBUG oslo_service.service [req-2d267d05-2c24-4bb1-999a-6e0a0badfbde - - - - -] image_cache.subdirectory_name = _base log_opt_values /usr/lib/python3/dist-packages/oslo_config/cfg.py:2609
2025-07-21 00:40:03.082 112763 DEBUG oslo_messaging._drivers.amqpdriver [req-c63dce30-2975-4d07-9cff-e20e24f06359 - - - - -] sending reply msg_id: 0d59a193af9b4e8d8525aa97f411f89e reply queue: reply_419563085c7e41d8972464e96a8c381b time elapsed: 0.00837388500031011s _send_reply /usr/lib/python3/dist-packages/oslo_messaging/_drivers/amqpdriver.py:118
2025-07-21 00:40:03.082 112456 DEBUG oslo_service.service [req-2d267d05-2c24-4bb1-999a-6e0a0badfbde - - - - -] ironic.api_max_retries = 60 log_opt_values /usr/lib/python3/dist-packages/oslo_config/cfg.py:2609
2025-07-21 00:40:03.082 112456 DEBUG oslo_service.service [req-2d267d05-2c24-4bb1-999a-6e0a0badfbde - - - - -] ironic.api_retry_interval = 2 log_opt_values /usr/lib/python3/dist-packages/oslo_config/cfg.py:2609
2025-07-21 00:40:03.083 112456 DEBUG oslo_service.service [req-2d267d05-2c24-4bb1-999a-6e0a0badfbde - - - - -] ironic.auth_section = None log_opt_values /usr/lib/python3/dist-packages/oslo_config/cfg.py:2609
2025-07-21 00:40:03.083 112456 DEBUG oslo_service.service [req-2d267d05-2c24-4bb1-999a-6e0a0badfbde - - - - -] ironic.auth_type = None log_opt_values /usr/lib/python3/dist-packages/oslo_config/cfg.py:2609
2025-07-21 00:40:03.083 112456 DEBUG oslo_service.service [req-2d267d05-2c24-4bb1-999a-6e0a0badfbde - - - - -] ironic.cafile = None log_opt_values /usr/lib/python3/dist-packages/oslo_config/cfg.py:2609
2025-07-21 00:40:03.083 112456 DEBUG oslo_service.service [req-2d267d05-2c24-4bb1-999a-6e0a0badfbde - - - - -] ironic.certfile = None log_opt_values /usr/lib/python3/dist-packages/oslo_config/cfg.py:2609
2025-07-21 00:40:03.083 112456 DEBUG oslo_service.service [req-2d267d05-2c24-4bb1-999a-6e0a0badfbde - - - - -] ironic.collect_timing = False log_opt_values /usr/lib/python3/dist-packages/oslo_config/cfg.py:2609
2025-07-21 00:40:03.084 112456 DEBUG oslo_service.service [req-2d267d05-2c24-4bb1-999a-6e0a0badfbde - - - - -] ironic.connect_retries = None log_opt_values /usr/lib/python3/dist-packages/oslo_config/cfg.py:2609
2025-07-21 00:40:03.084 112456 DEBUG oslo_service.service [req-2d267d05-2c24-4bb1-999a-6e0a0badfbde - - - - -] ironic.connect_retry_delay = None log_opt_values /usr/lib/python3/dist-packages/oslo_config/cfg.py:2609
2025-07-21 00:40:03.084 112456 DEBUG oslo_service.service [req-2d267d05-2c24-4bb1-999a-6e0a0badfbde - - - - -] ironic.endpoint_override = None log_opt_values /usr/lib/python3/dist-packages/oslo_config/cfg.py:2609
2025-07-21 00:40:03.084 112456 DEBUG oslo_service.service [req-2d267d05-2c24-4bb1-999a-6e0a0badfbde - - - - -] ironic.insecure = False log_opt_values /usr/lib/python3/dist-packages/oslo_config/cfg.py:2609
2025-07-21 00:40:03.084 112456 DEBUG oslo_service.service [req-2d267d05-2c24-4bb1-999a-6e0a0badfbde - - - - -] ironic.keyfile = None log_opt_values /usr/lib/python3/dist-packages/oslo_config/cfg.py:2609
2025-07-21 00:40:03.085 112456 DEBUG oslo_service.service [req-2d267d05-2c24-4bb1-999a-6e0a0badfbde - - - - -] ironic.max_version = None log_opt_values /usr/lib/python3/dist-packages/oslo_config/cfg.py:2609
2025-07-21 00:40:03.085 112456 DEBUG oslo_service.service [req-2d267d05-2c24-4bb1-999a-6e0a0badfbde - - - - -] ironic.min_version = None log_opt_values /usr/lib/python3/dist-packages/oslo_config/cfg.py:2609
2025-07-21 00:40:03.085 112765 DEBUG oslo_messaging._drivers.amqpdriver [-] AMQPListener connection timeout poll /usr/lib/python3/dist-packages/oslo_messaging/_drivers/amqpdriver.py:360
2025-07-21 00:40:03.085 112456 DEBUG oslo_service.service [req-2d267d05-2c24-4bb1-999a-6e0a0badfbde - - - - -] ironic.partition_key = None log_opt_values /usr/lib/python3/dist-packages/oslo_config/cfg.py:2609
2025-07-21 00:40:03.085 112456 DEBUG oslo_service.service [req-2d267d05-2c24-4bb1-999a-6e0a0badfbde - - - - -] ironic.peer_list = [] log_opt_values /usr/lib/python3/dist-packages/oslo_config/cfg.py:2609
2025-07-21 00:40:03.085 112765 DEBUG oslo_messaging._drivers.amqpdriver [-] Listener is running poll /usr/lib/python3/dist-packages/oslo_messaging/_drivers/amqpdriver.py:343
2025-07-21 00:40:03.085 112456 DEBUG oslo_service.service [req-2d267d05-2c24-4bb1-999a-6e0a0badfbde - - - - -] ironic.region_name = None log_opt_values /usr/lib/python3/dist-packages/oslo_config/cfg.py:2609
2025-07-21 00:40:03.085 112765 DEBUG oslo_messaging._drivers.amqpdriver [-] AMQPListener connection consume poll /usr/lib/python3/dist-packages/oslo_messaging/_drivers/amqpdriver.py:357
2025-07-21 00:40:03.085 112456 DEBUG oslo_service.service [req-2d267d05-2c24-4bb1-999a-6e0a0badfbde - - - - -] ironic.serial_console_state_timeout = 10 log_opt_values /usr/lib/python3/dist-packages/oslo_config/cfg.py:2609
2025-07-21 00:40:03.086 112456 DEBUG oslo_service.service [req-2d267d05-2c24-4bb1-999a-6e0a0badfbde - - - - -] ironic.service_name = None log_opt_values /usr/lib/python3/dist-packages/oslo_config/cfg.py:2609
2025-07-21 00:40:03.086 112456 DEBUG oslo_service.service [req-2d267d05-2c24-4bb1-999a-6e0a0badfbde - - - - -] ironic.service_type = baremetal log_opt_values /usr/lib/python3/dist-packages/oslo_config/cfg.py:2609
2025-07-21 00:40:03.086 112456 DEBUG oslo_service.service [req-2d267d05-2c24-4bb1-999a-6e0a0badfbde - - - - -] ironic.split_loggers = False log_opt_values /usr/lib/python3/dist-packages/oslo_config/cfg.py:2609
2025-07-21 00:40:03.086 112456 DEBUG oslo_service.service [req-2d267d05-2c24-4bb1-999a-6e0a0badfbde - - - - -] ironic.status_code_retries = None log_opt_values /usr/lib/python3/dist-packages/oslo_config/cfg.py:2609
2025-07-21 00:40:03.086 112456 DEBUG oslo_service.service [req-2d267d05-2c24-4bb1-999a-6e0a0badfbde - - - - -] ironic.status_code_retry_delay = None log_opt_values /usr/lib/python3/dist-packages/oslo_config/cfg.py:2609
2025-07-21 00:40:03.086 112762 DEBUG oslo_messaging._drivers.amqpdriver [-] AMQPListener connection timeout poll /usr/lib/python3/dist-packages/oslo_messaging/_drivers/amqpdriver.py:360
2025-07-21 00:40:03.087 112456 DEBUG oslo_service.service [req-2d267d05-2c24-4bb1-999a-6e0a0badfbde - - - - -] ironic.timeout = None log_opt_values /usr/lib/python3/dist-packages/oslo_config/cfg.py:2609
2025-07-21 00:40:03.087 112762 DEBUG oslo_messaging._drivers.amqpdriver [-] Listener is running poll /usr/lib/python3/dist-packages/oslo_messaging/_drivers/amqpdriver.py:343
2025-07-21 00:40:03.087 112456 DEBUG oslo_service.service [req-2d267d05-2c24-4bb1-999a-6e0a0badfbde - - - - -] ironic.valid_interfaces = ['internal', 'public'] log_opt_values /usr/lib/python3/dist-packages/oslo_config/cfg.py:2609
2025-07-21 00:40:03.087 112762 DEBUG oslo_messaging._drivers.amqpdriver [-] AMQPListener connection consume poll /usr/lib/python3/dist-packages/oslo_messaging/_drivers/amqpdriver.py:357
2025-07-21 00:40:03.087 112456 DEBUG oslo_service.service [req-2d267d05-2c24-4bb1-999a-6e0a0badfbde - - - - -] ironic.version = None log_opt_values /usr/lib/python3/dist-packages/oslo_config/cfg.py:2609
2025-07-21 00:40:03.087 112456 DEBUG oslo_service.service [req-2d267d05-2c24-4bb1-999a-6e0a0badfbde - - - - -] key_manager.backend = barbican log_opt_values /usr/lib/python3/dist-packages/oslo_config/cfg.py:2609
2025-07-21 00:40:03.087 112456 DEBUG oslo_service.service [req-2d267d05-2c24-4bb1-999a-6e0a0badfbde - - - - -] key_manager.fixed_key = **** log_opt_values /usr/lib/python3/dist-packages/oslo_config/cfg.py:2609
2025-07-21 00:40:03.088 112456 DEBUG oslo_service.service [req-2d267d05-2c24-4bb1-999a-6e0a0badfbde - - - - -] barbican.auth_endpoint = http://localhost/identity/v3 log_opt_values /usr/lib/python3/dist-packages/oslo_config/cfg.py:2609
2025-07-21 00:40:03.088 112456 DEBUG oslo_service.service [req-2d267d05-2c24-4bb1-999a-6e0a0badfbde - - - - -] barbican.barbican_api_version = None log_opt_values /usr/lib/python3/dist-packages/oslo_config/cfg.py:2609
2025-07-21 00:40:03.088 112456 DEBUG oslo_service.service [req-2d267d05-2c24-4bb1-999a-6e0a0badfbde - - - - -] barbican.barbican_endpoint = None log_opt_values /usr/lib/python3/dist-packages/oslo_config/cfg.py:2609
2025-07-21 00:40:03.088 112456 DEBUG oslo_service.service [req-2d267d05-2c24-4bb1-999a-6e0a0badfbde - - - - -] barbican.barbican_endpoint_type = public log_opt_values /usr/lib/python3/dist-packages/oslo_config/cfg.py:2609
2025-07-21 00:40:03.088 112456 DEBUG oslo_service.service [req-2d267d05-2c24-4bb1-999a-6e0a0badfbde - - - - -] barbican.barbican_region_name = None log_opt_values /usr/lib/python3/dist-packages/oslo_config/cfg.py:2609
2025-07-21 00:40:03.089 112456 DEBUG oslo_service.service [req-2d267d05-2c24-4bb1-999a-6e0a0badfbde - - - - -] barbican.cafile = None log_opt_values /usr/lib/python3/dist-packages/oslo_config/cfg.py:2609
2025-07-21 00:40:03.089 112456 DEBUG oslo_service.service [req-2d267d05-2c24-4bb1-999a-6e0a0badfbde - - - - -] barbican.certfile = None log_opt_values /usr/lib/python3/dist-packages/oslo_config/cfg.py:2609
2025-07-21 00:40:03.089 112456 DEBUG oslo_service.service [req-2d267d05-2c24-4bb1-999a-6e0a0badfbde - - - - -] barbican.collect_timing = False log_opt_values /usr/lib/python3/dist-packages/oslo_config/cfg.py:2609
2025-07-21 00:40:03.089 112456 DEBUG oslo_service.service [req-2d267d05-2c24-4bb1-999a-6e0a0badfbde - - - - -] barbican.insecure = False log_opt_values /usr/lib/python3/dist-packages/oslo_config/cfg.py:2609
2025-07-21 00:40:03.089 112456 DEBUG oslo_service.service [req-2d267d05-2c24-4bb1-999a-6e0a0badfbde - - - - -] barbican.keyfile = None log_opt_values /usr/lib/python3/dist-packages/oslo_config/cfg.py:2609
2025-07-21 00:40:03.090 112456 DEBUG oslo_service.service [req-2d267d05-2c24-4bb1-999a-6e0a0badfbde - - - - -] barbican.number_of_retries = 60 log_opt_values /usr/lib/python3/dist-packages/oslo_config/cfg.py:2609
2025-07-21 00:40:03.090 112456 DEBUG oslo_service.service [req-2d267d05-2c24-4bb1-999a-6e0a0badfbde - - - - -] barbican.retry_delay = 1 log_opt_values /usr/lib/python3/dist-packages/oslo_config/cfg.py:2609
2025-07-21 00:40:03.090 112456 DEBUG oslo_service.service [req-2d267d05-2c24-4bb1-999a-6e0a0badfbde - - - - -] barbican.send_service_user_token = False log_opt_values /usr/lib/python3/dist-packages/oslo_config/cfg.py:2609
2025-07-21 00:40:03.091 112456 DEBUG oslo_service.service [req-2d267d05-2c24-4bb1-999a-6e0a0badfbde - - - - -] barbican.split_loggers = False log_opt_values /usr/lib/python3/dist-packages/oslo_config/cfg.py:2609
2025-07-21 00:40:03.091 112456 DEBUG oslo_service.service [req-2d267d05-2c24-4bb1-999a-6e0a0badfbde - - - - -] barbican.timeout = None log_opt_values /usr/lib/python3/dist-packages/oslo_config/cfg.py:2609
2025-07-21 00:40:03.091 112456 DEBUG oslo_service.service [req-2d267d05-2c24-4bb1-999a-6e0a0badfbde - - - - -] barbican.verify_ssl = True log_opt_values /usr/lib/python3/dist-packages/oslo_config/cfg.py:2609
2025-07-21 00:40:03.091 112456 DEBUG oslo_service.service [req-2d267d05-2c24-4bb1-999a-6e0a0badfbde - - - - -] barbican.verify_ssl_path = None log_opt_values /usr/lib/python3/dist-packages/oslo_config/cfg.py:2609
2025-07-21 00:40:03.092 112456 DEBUG oslo_service.service [req-2d267d05-2c24-4bb1-999a-6e0a0badfbde - - - - -] barbican_service_user.auth_section = None log_opt_values /usr/lib/python3/dist-packages/oslo_config/cfg.py:2609
2025-07-21 00:40:03.092 112456 DEBUG oslo_service.service [req-2d267d05-2c24-4bb1-999a-6e0a0badfbde - - - - -] barbican_service_user.auth_type = None log_opt_values /usr/lib/python3/dist-packages/oslo_config/cfg.py:2609
2025-07-21 00:40:03.092 112456 DEBUG oslo_service.service [req-2d267d05-2c24-4bb1-999a-6e0a0badfbde - - - - -] barbican_service_user.cafile = None log_opt_values /usr/lib/python3/dist-packages/oslo_config/cfg.py:2609
2025-07-21 00:40:03.092 112456 DEBUG oslo_service.service [req-2d267d05-2c24-4bb1-999a-6e0a0badfbde - - - - -] barbican_service_user.certfile = None log_opt_values /usr/lib/python3/dist-packages/oslo_config/cfg.py:2609
2025-07-21 00:40:03.093 112456 DEBUG oslo_service.service [req-2d267d05-2c24-4bb1-999a-6e0a0badfbde - - - - -] barbican_service_user.collect_timing = False log_opt_values /usr/lib/python3/dist-packages/oslo_config/cfg.py:2609
2025-07-21 00:40:03.093 112456 DEBUG oslo_service.service [req-2d267d05-2c24-4bb1-999a-6e0a0badfbde - - - - -] barbican_service_user.insecure = False log_opt_values /usr/lib/python3/dist-packages/oslo_config/cfg.py:2609
2025-07-21 00:40:03.093 112456 DEBUG oslo_service.service [req-2d267d05-2c24-4bb1-999a-6e0a0badfbde - - - - -] barbican_service_user.keyfile = None log_opt_values /usr/lib/python3/dist-packages/oslo_config/cfg.py:2609
2025-07-21 00:40:03.093 112456 DEBUG oslo_service.service [req-2d267d05-2c24-4bb1-999a-6e0a0badfbde - - - - -] barbican_service_user.split_loggers = False log_opt_values /usr/lib/python3/dist-packages/oslo_config/cfg.py:2609
2025-07-21 00:40:03.094 112456 DEBUG oslo_service.service [req-2d267d05-2c24-4bb1-999a-6e0a0badfbde - - - - -] barbican_service_user.timeout = None log_opt_values /usr/lib/python3/dist-packages/oslo_config/cfg.py:2609
2025-07-21 00:40:03.094 112456 DEBUG oslo_service.service [req-2d267d05-2c24-4bb1-999a-6e0a0badfbde - - - - -] vault.approle_role_id = None log_opt_values /usr/lib/python3/dist-packages/oslo_config/cfg.py:2609
2025-07-21 00:40:03.094 112456 DEBUG oslo_service.service [req-2d267d05-2c24-4bb1-999a-6e0a0badfbde - - - - -] vault.approle_secret_id = None log_opt_values /usr/lib/python3/dist-packages/oslo_config/cfg.py:2609
2025-07-21 00:40:03.095 112456 DEBUG oslo_service.service [req-2d267d05-2c24-4bb1-999a-6e0a0badfbde - - - - -] vault.cafile = None log_opt_values /usr/lib/python3/dist-packages/oslo_config/cfg.py:2609
2025-07-21 00:40:03.095 112764 DEBUG nova.service [req-63766375-cb9e-42d9-8063-a0c196373ea6 - - - - -] Creating RPC server for service conductor start /usr/lib/python3/dist-packages/nova/service.py:182
2025-07-21 00:40:03.095 112456 DEBUG oslo_service.service [req-2d267d05-2c24-4bb1-999a-6e0a0badfbde - - - - -] vault.certfile = None log_opt_values /usr/lib/python3/dist-packages/oslo_config/cfg.py:2609
2025-07-21 00:40:03.096 112456 DEBUG oslo_service.service [req-2d267d05-2c24-4bb1-999a-6e0a0badfbde - - - - -] vault.collect_timing = False log_opt_values /usr/lib/python3/dist-packages/oslo_config/cfg.py:2609
2025-07-21 00:40:03.096 112456 DEBUG oslo_service.service [req-2d267d05-2c24-4bb1-999a-6e0a0badfbde - - - - -] vault.insecure = False log_opt_values /usr/lib/python3/dist-packages/oslo_config/cfg.py:2609
2025-07-21 00:40:03.097 112456 DEBUG oslo_service.service [req-2d267d05-2c24-4bb1-999a-6e0a0badfbde - - - - -] vault.keyfile = None log_opt_values /usr/lib/python3/dist-packages/oslo_config/cfg.py:2609
2025-07-21 00:40:03.097 112456 DEBUG oslo_service.service [req-2d267d05-2c24-4bb1-999a-6e0a0badfbde - - - - -] vault.kv_mountpoint = secret log_opt_values /usr/lib/python3/dist-packages/oslo_config/cfg.py:2609
2025-07-21 00:40:03.097 112456 DEBUG oslo_service.service [req-2d267d05-2c24-4bb1-999a-6e0a0badfbde - - - - -] vault.kv_version = 2 log_opt_values /usr/lib/python3/dist-packages/oslo_config/cfg.py:2609
2025-07-21 00:40:03.098 112456 DEBUG oslo_service.service [req-2d267d05-2c24-4bb1-999a-6e0a0badfbde - - - - -] vault.namespace = None log_opt_values /usr/lib/python3/dist-packages/oslo_config/cfg.py:2609
2025-07-21 00:40:03.098 112456 DEBUG oslo_service.service [req-2d267d05-2c24-4bb1-999a-6e0a0badfbde - - - - -] vault.root_token_id = None log_opt_values /usr/lib/python3/dist-packages/oslo_config/cfg.py:2609
2025-07-21 00:40:03.098 112456 DEBUG oslo_service.service [req-2d267d05-2c24-4bb1-999a-6e0a0badfbde - - - - -] vault.split_loggers = False log_opt_values /usr/lib/python3/dist-packages/oslo_config/cfg.py:2609
2025-07-21 00:40:03.098 112456 DEBUG oslo_service.service [req-2d267d05-2c24-4bb1-999a-6e0a0badfbde - - - - -] vault.ssl_ca_crt_file = None log_opt_values /usr/lib/python3/dist-packages/oslo_config/cfg.py:2609
2025-07-21 00:40:03.099 112456 DEBUG oslo_service.service [req-2d267d05-2c24-4bb1-999a-6e0a0badfbde - - - - -] vault.timeout = None log_opt_values /usr/lib/python3/dist-packages/oslo_config/cfg.py:2609
2025-07-21 00:40:03.099 112456 DEBUG oslo_service.service [req-2d267d05-2c24-4bb1-999a-6e0a0badfbde - - - - -] vault.use_ssl = False log_opt_values /usr/lib/python3/dist-packages/oslo_config/cfg.py:2609
2025-07-21 00:40:03.099 112456 DEBUG oslo_service.service [req-2d267d05-2c24-4bb1-999a-6e0a0badfbde - - - - -] vault.vault_url = http://127.0.0.1:8200 log_opt_values /usr/lib/python3/dist-packages/oslo_config/cfg.py:2609
2025-07-21 00:40:03.099 112456 DEBUG oslo_service.service [req-2d267d05-2c24-4bb1-999a-6e0a0badfbde - - - - -] keystone.cafile = None log_opt_values /usr/lib/python3/dist-packages/oslo_config/cfg.py:2609
2025-07-21 00:40:03.100 112456 DEBUG oslo_service.service [req-2d267d05-2c24-4bb1-999a-6e0a0badfbde - - - - -] keystone.certfile = None log_opt_values /usr/lib/python3/dist-packages/oslo_config/cfg.py:2609
2025-07-21 00:40:03.100 112456 DEBUG oslo_service.service [req-2d267d05-2c24-4bb1-999a-6e0a0badfbde - - - - -] keystone.collect_timing = False log_opt_values /usr/lib/python3/dist-packages/oslo_config/cfg.py:2609
2025-07-21 00:40:03.100 112456 DEBUG oslo_service.service [req-2d267d05-2c24-4bb1-999a-6e0a0badfbde - - - - -] keystone.connect_retries = None log_opt_values /usr/lib/python3/dist-packages/oslo_config/cfg.py:2609
2025-07-21 00:40:03.100 112456 DEBUG oslo_service.service [req-2d267d05-2c24-4bb1-999a-6e0a0badfbde - - - - -] keystone.connect_retry_delay = None log_opt_values /usr/lib/python3/dist-packages/oslo_config/cfg.py:2609
2025-07-21 00:40:03.101 112456 DEBUG oslo_service.service [req-2d267d05-2c24-4bb1-999a-6e0a0badfbde - - - - -] keystone.endpoint_override = None log_opt_values /usr/lib/python3/dist-packages/oslo_config/cfg.py:2609
2025-07-21 00:40:03.101 112456 DEBUG oslo_service.service [req-2d267d05-2c24-4bb1-999a-6e0a0badfbde - - - - -] keystone.insecure = False log_opt_values /usr/lib/python3/dist-packages/oslo_config/cfg.py:2609
2025-07-21 00:40:03.101 112456 DEBUG oslo_service.service [req-2d267d05-2c24-4bb1-999a-6e0a0badfbde - - - - -] keystone.keyfile = None log_opt_values /usr/lib/python3/dist-packages/oslo_config/cfg.py:2609
2025-07-21 00:40:03.101 112456 DEBUG oslo_service.service [req-2d267d05-2c24-4bb1-999a-6e0a0badfbde - - - - -] keystone.max_version = None log_opt_values /usr/lib/python3/dist-packages/oslo_config/cfg.py:2609
2025-07-21 00:40:03.101 112456 DEBUG oslo_service.service [req-2d267d05-2c24-4bb1-999a-6e0a0badfbde - - - - -] keystone.min_version = None log_opt_values /usr/lib/python3/dist-packages/oslo_config/cfg.py:2609
2025-07-21 00:40:03.102 112456 DEBUG oslo_service.service [req-2d267d05-2c24-4bb1-999a-6e0a0badfbde - - - - -] keystone.region_name = None log_opt_values /usr/lib/python3/dist-packages/oslo_config/cfg.py:2609
2025-07-21 00:40:03.102 112456 DEBUG oslo_service.service [req-2d267d05-2c24-4bb1-999a-6e0a0badfbde - - - - -] keystone.service_name = None log_opt_values /usr/lib/python3/dist-packages/oslo_config/cfg.py:2609
2025-07-21 00:40:03.102 112456 DEBUG oslo_service.service [req-2d267d05-2c24-4bb1-999a-6e0a0badfbde - - - - -] keystone.service_type = identity log_opt_values /usr/lib/python3/dist-packages/oslo_config/cfg.py:2609
2025-07-21 00:40:03.102 112456 DEBUG oslo_service.service [req-2d267d05-2c24-4bb1-999a-6e0a0badfbde - - - - -] keystone.split_loggers = False log_opt_values /usr/lib/python3/dist-packages/oslo_config/cfg.py:2609
2025-07-21 00:40:03.102 112456 DEBUG oslo_service.service [req-2d267d05-2c24-4bb1-999a-6e0a0badfbde - - - - -] keystone.status_code_retries = None log_opt_values /usr/lib/python3/dist-packages/oslo_config/cfg.py:2609
2025-07-21 00:40:03.102 112456 DEBUG oslo_service.service [req-2d267d05-2c24-4bb1-999a-6e0a0badfbde - - - - -] keystone.status_code_retry_delay = None log_opt_values /usr/lib/python3/dist-packages/oslo_config/cfg.py:2609
2025-07-21 00:40:03.103 112456 DEBUG oslo_service.service [req-2d267d05-2c24-4bb1-999a-6e0a0badfbde - - - - -] keystone.timeout = None log_opt_values /usr/lib/python3/dist-packages/oslo_config/cfg.py:2609
2025-07-21 00:40:03.103 112456 DEBUG oslo_service.service [req-2d267d05-2c24-4bb1-999a-6e0a0badfbde - - - - -] keystone.valid_interfaces = ['internal', 'public'] log_opt_values /usr/lib/python3/dist-packages/oslo_config/cfg.py:2609
2025-07-21 00:40:03.103 112456 DEBUG oslo_service.service [req-2d267d05-2c24-4bb1-999a-6e0a0badfbde - - - - -] keystone.version = None log_opt_values /usr/lib/python3/dist-packages/oslo_config/cfg.py:2609
2025-07-21 00:40:03.103 112456 DEBUG oslo_service.service [req-2d267d05-2c24-4bb1-999a-6e0a0badfbde - - - - -] libvirt.connection_uri = log_opt_values /usr/lib/python3/dist-packages/oslo_config/cfg.py:2609
2025-07-21 00:40:03.103 112456 DEBUG oslo_service.service [req-2d267d05-2c24-4bb1-999a-6e0a0badfbde - - - - -] libvirt.cpu_mode = None log_opt_values /usr/lib/python3/dist-packages/oslo_config/cfg.py:2609
2025-07-21 00:40:03.104 112456 DEBUG oslo_service.service [req-2d267d05-2c24-4bb1-999a-6e0a0badfbde - - - - -] libvirt.cpu_model_extra_flags = [] log_opt_values /usr/lib/python3/dist-packages/oslo_config/cfg.py:2609
2025-07-21 00:40:03.104 112456 DEBUG oslo_service.service [req-2d267d05-2c24-4bb1-999a-6e0a0badfbde - - - - -] libvirt.cpu_models = [] log_opt_values /usr/lib/python3/dist-packages/oslo_config/cfg.py:2609
2025-07-21 00:40:03.104 112456 DEBUG oslo_service.service [req-2d267d05-2c24-4bb1-999a-6e0a0badfbde - - - - -] libvirt.device_detach_attempts = 8 log_opt_values /usr/lib/python3/dist-packages/oslo_config/cfg.py:2609
2025-07-21 00:40:03.104 112456 DEBUG oslo_service.service [req-2d267d05-2c24-4bb1-999a-6e0a0badfbde - - - - -] libvirt.device_detach_timeout = 20 log_opt_values /usr/lib/python3/dist-packages/oslo_config/cfg.py:2609
2025-07-21 00:40:03.105 112456 DEBUG oslo_service.service [req-2d267d05-2c24-4bb1-999a-6e0a0badfbde - - - - -] libvirt.disk_cachemodes = [] log_opt_values /usr/lib/python3/dist-packages/oslo_config/cfg.py:2609
2025-07-21 00:40:03.105 112456 DEBUG oslo_service.service [req-2d267d05-2c24-4bb1-999a-6e0a0badfbde - - - - -] libvirt.disk_prefix = None log_opt_values /usr/lib/python3/dist-packages/oslo_config/cfg.py:2609
2025-07-21 00:40:03.105 112456 DEBUG oslo_service.service [req-2d267d05-2c24-4bb1-999a-6e0a0badfbde - - - - -] libvirt.enabled_perf_events = [] log_opt_values /usr/lib/python3/dist-packages/oslo_config/cfg.py:2609
2025-07-21 00:40:03.105 112456 DEBUG oslo_service.service [req-2d267d05-2c24-4bb1-999a-6e0a0badfbde - - - - -] libvirt.file_backed_memory = 0 log_opt_values /usr/lib/python3/dist-packages/oslo_config/cfg.py:2609
2025-07-21 00:40:03.106 112456 DEBUG oslo_service.service [req-2d267d05-2c24-4bb1-999a-6e0a0badfbde - - - - -] libvirt.gid_maps = [] log_opt_values /usr/lib/python3/dist-packages/oslo_config/cfg.py:2609
2025-07-21 00:40:03.106 112456 DEBUG oslo_service.service [req-2d267d05-2c24-4bb1-999a-6e0a0badfbde - - - - -] libvirt.hw_disk_discard = None log_opt_values /usr/lib/python3/dist-packages/oslo_config/cfg.py:2609
2025-07-21 00:40:03.106 112456 DEBUG oslo_service.service [req-2d267d05-2c24-4bb1-999a-6e0a0badfbde - - - - -] libvirt.hw_machine_type = None log_opt_values /usr/lib/python3/dist-packages/oslo_config/cfg.py:2609
2025-07-21 00:40:03.106 112456 DEBUG oslo_service.service [req-2d267d05-2c24-4bb1-999a-6e0a0badfbde - - - - -] libvirt.images_rbd_ceph_conf = log_opt_values /usr/lib/python3/dist-packages/oslo_config/cfg.py:2609
2025-07-21 00:40:03.106 112456 DEBUG oslo_service.service [req-2d267d05-2c24-4bb1-999a-6e0a0badfbde - - - - -] libvirt.images_rbd_glance_copy_poll_interval = 15 log_opt_values /usr/lib/python3/dist-packages/oslo_config/cfg.py:2609
2025-07-21 00:40:03.107 112456 DEBUG oslo_service.service [req-2d267d05-2c24-4bb1-999a-6e0a0badfbde - - - - -] libvirt.images_rbd_glance_copy_timeout = 600 log_opt_values /usr/lib/python3/dist-packages/oslo_config/cfg.py:2609
2025-07-21 00:40:03.107 112456 DEBUG oslo_service.service [req-2d267d05-2c24-4bb1-999a-6e0a0badfbde - - - - -] libvirt.images_rbd_glance_store_name = log_opt_values /usr/lib/python3/dist-packages/oslo_config/cfg.py:2609
2025-07-21 00:40:03.107 112456 DEBUG oslo_service.service [req-2d267d05-2c24-4bb1-999a-6e0a0badfbde - - - - -] libvirt.images_rbd_pool = rbd log_opt_values /usr/lib/python3/dist-packages/oslo_config/cfg.py:2609
2025-07-21 00:40:03.107 112456 DEBUG oslo_service.service [req-2d267d05-2c24-4bb1-999a-6e0a0badfbde - - - - -] libvirt.images_type = default log_opt_values /usr/lib/python3/dist-packages/oslo_config/cfg.py:2609
2025-07-21 00:40:03.107 112456 DEBUG oslo_service.service [req-2d267d05-2c24-4bb1-999a-6e0a0badfbde - - - - -] libvirt.images_volume_group = None log_opt_values /usr/lib/python3/dist-packages/oslo_config/cfg.py:2609
2025-07-21 00:40:03.107 112456 DEBUG oslo_service.service [req-2d267d05-2c24-4bb1-999a-6e0a0badfbde - - - - -] libvirt.inject_key = False log_opt_values /usr/lib/python3/dist-packages/oslo_config/cfg.py:2609
2025-07-21 00:40:03.108 112456 DEBUG oslo_service.service [req-2d267d05-2c24-4bb1-999a-6e0a0badfbde - - - - -] libvirt.inject_partition = -2 log_opt_values /usr/lib/python3/dist-packages/oslo_config/cfg.py:2609
2025-07-21 00:40:03.108 112456 DEBUG oslo_service.service [req-2d267d05-2c24-4bb1-999a-6e0a0badfbde - - - - -] libvirt.inject_password = False log_opt_values /usr/lib/python3/dist-packages/oslo_config/cfg.py:2609
2025-07-21 00:40:03.108 112456 DEBUG oslo_service.service [req-2d267d05-2c24-4bb1-999a-6e0a0badfbde - - - - -] libvirt.iscsi_iface = None log_opt_values /usr/lib/python3/dist-packages/oslo_config/cfg.py:2609
2025-07-21 00:40:03.108 112456 DEBUG oslo_service.service [req-2d267d05-2c24-4bb1-999a-6e0a0badfbde - - - - -] libvirt.iser_use_multipath = False log_opt_values /usr/lib/python3/dist-packages/oslo_config/cfg.py:2609
2025-07-21 00:40:03.109 112456 DEBUG oslo_service.service [req-2d267d05-2c24-4bb1-999a-6e0a0badfbde - - - - -] libvirt.live_migration_bandwidth = 0 log_opt_values /usr/lib/python3/dist-packages/oslo_config/cfg.py:2609
2025-07-21 00:40:03.109 112456 DEBUG oslo_service.service [req-2d267d05-2c24-4bb1-999a-6e0a0badfbde - - - - -] libvirt.live_migration_completion_timeout = 800 log_opt_values /usr/lib/python3/dist-packages/oslo_config/cfg.py:2609
2025-07-21 00:40:03.109 112456 DEBUG oslo_service.service [req-2d267d05-2c24-4bb1-999a-6e0a0badfbde - - - - -] libvirt.live_migration_downtime = 500 log_opt_values /usr/lib/python3/dist-packages/oslo_config/cfg.py:2609
2025-07-21 00:40:03.109 112456 DEBUG oslo_service.service [req-2d267d05-2c24-4bb1-999a-6e0a0badfbde - - - - -] libvirt.live_migration_downtime_delay = 75 log_opt_values /usr/lib/python3/dist-packages/oslo_config/cfg.py:2609
2025-07-21 00:40:03.110 112456 DEBUG oslo_service.service [req-2d267d05-2c24-4bb1-999a-6e0a0badfbde - - - - -] libvirt.live_migration_downtime_steps = 10 log_opt_values /usr/lib/python3/dist-packages/oslo_config/cfg.py:2609
2025-07-21 00:40:03.110 112456 DEBUG oslo_service.service [req-2d267d05-2c24-4bb1-999a-6e0a0badfbde - - - - -] libvirt.live_migration_inbound_addr = None log_opt_values /usr/lib/python3/dist-packages/oslo_config/cfg.py:2609
2025-07-21 00:40:03.110 112456 DEBUG oslo_service.service [req-2d267d05-2c24-4bb1-999a-6e0a0badfbde - - - - -] libvirt.live_migration_permit_auto_converge = False log_opt_values /usr/lib/python3/dist-packages/oslo_config/cfg.py:2609
2025-07-21 00:40:03.111 112456 DEBUG oslo_service.service [req-2d267d05-2c24-4bb1-999a-6e0a0badfbde - - - - -] libvirt.live_migration_permit_post_copy = False log_opt_values /usr/lib/python3/dist-packages/oslo_config/cfg.py:2609
2025-07-21 00:40:03.111 112456 DEBUG oslo_service.service [req-2d267d05-2c24-4bb1-999a-6e0a0badfbde - - - - -] libvirt.live_migration_scheme = None log_opt_values /usr/lib/python3/dist-packages/oslo_config/cfg.py:2609
2025-07-21 00:40:03.111 112456 DEBUG oslo_service.service [req-2d267d05-2c24-4bb1-999a-6e0a0badfbde - - - - -] libvirt.live_migration_timeout_action = abort log_opt_values /usr/lib/python3/dist-packages/oslo_config/cfg.py:2609
2025-07-21 00:40:03.111 112456 DEBUG oslo_service.service [req-2d267d05-2c24-4bb1-999a-6e0a0badfbde - - - - -] libvirt.live_migration_tunnelled = False log_opt_values /usr/lib/python3/dist-packages/oslo_config/cfg.py:2609
2025-07-21 00:40:03.111 112456 DEBUG oslo_service.service [req-2d267d05-2c24-4bb1-999a-6e0a0badfbde - - - - -] libvirt.live_migration_uri = None log_opt_values /usr/lib/python3/dist-packages/oslo_config/cfg.py:2609
2025-07-21 00:40:03.112 112456 DEBUG oslo_service.service [req-2d267d05-2c24-4bb1-999a-6e0a0badfbde - - - - -] libvirt.live_migration_with_native_tls = False log_opt_values /usr/lib/python3/dist-packages/oslo_config/cfg.py:2609
2025-07-21 00:40:03.112 112456 DEBUG oslo_service.service [req-2d267d05-2c24-4bb1-999a-6e0a0badfbde - - - - -] libvirt.max_queues = None log_opt_values /usr/lib/python3/dist-packages/oslo_config/cfg.py:2609
2025-07-21 00:40:03.112 112456 DEBUG oslo_service.service [req-2d267d05-2c24-4bb1-999a-6e0a0badfbde - - - - -] libvirt.mem_stats_period_seconds = 10 log_opt_values /usr/lib/python3/dist-packages/oslo_config/cfg.py:2609
2025-07-21 00:40:03.112 112456 DEBUG oslo_service.service [req-2d267d05-2c24-4bb1-999a-6e0a0badfbde - - - - -] libvirt.nfs_mount_options = None log_opt_values /usr/lib/python3/dist-packages/oslo_config/cfg.py:2609
2025-07-21 00:40:03.113 112456 DEBUG oslo_service.service [req-2d267d05-2c24-4bb1-999a-6e0a0badfbde - - - - -] libvirt.nfs_mount_point_base = /var/lib/nova/mnt log_opt_values /usr/lib/python3/dist-packages/oslo_config/cfg.py:2609
2025-07-21 00:40:03.113 112456 DEBUG oslo_service.service [req-2d267d05-2c24-4bb1-999a-6e0a0badfbde - - - - -] libvirt.num_aoe_discover_tries = 3 log_opt_values /usr/lib/python3/dist-packages/oslo_config/cfg.py:2609
2025-07-21 00:40:03.113 112456 DEBUG oslo_service.service [req-2d267d05-2c24-4bb1-999a-6e0a0badfbde - - - - -] libvirt.num_iser_scan_tries = 5 log_opt_values /usr/lib/python3/dist-packages/oslo_config/cfg.py:2609
2025-07-21 00:40:03.113 112456 DEBUG oslo_service.service [req-2d267d05-2c24-4bb1-999a-6e0a0badfbde - - - - -] libvirt.num_memory_encrypted_guests = None log_opt_values /usr/lib/python3/dist-packages/oslo_config/cfg.py:2609
2025-07-21 00:40:03.113 112456 DEBUG oslo_service.service [req-2d267d05-2c24-4bb1-999a-6e0a0badfbde - - - - -] libvirt.num_nvme_discover_tries = 5 log_opt_values /usr/lib/python3/dist-packages/oslo_config/cfg.py:2609
2025-07-21 00:40:03.114 112456 DEBUG oslo_service.service [req-2d267d05-2c24-4bb1-999a-6e0a0badfbde - - - - -] libvirt.num_pcie_ports = 0 log_opt_values /usr/lib/python3/dist-packages/oslo_config/cfg.py:2609
2025-07-21 00:40:03.114 112456 DEBUG oslo_service.service [req-2d267d05-2c24-4bb1-999a-6e0a0badfbde - - - - -] libvirt.num_volume_scan_tries = 5 log_opt_values /usr/lib/python3/dist-packages/oslo_config/cfg.py:2609
2025-07-21 00:40:03.114 112456 DEBUG oslo_service.service [req-2d267d05-2c24-4bb1-999a-6e0a0badfbde - - - - -] libvirt.pmem_namespaces = [] log_opt_values /usr/lib/python3/dist-packages/oslo_config/cfg.py:2609
2025-07-21 00:40:03.115 112456 DEBUG oslo_service.service [req-2d267d05-2c24-4bb1-999a-6e0a0badfbde - - - - -] libvirt.quobyte_client_cfg = None log_opt_values /usr/lib/python3/dist-packages/oslo_config/cfg.py:2609
2025-07-21 00:40:03.115 112456 DEBUG oslo_service.service [req-2d267d05-2c24-4bb1-999a-6e0a0badfbde - - - - -] libvirt.quobyte_mount_point_base = /var/lib/nova/mnt log_opt_values /usr/lib/python3/dist-packages/oslo_config/cfg.py:2609
2025-07-21 00:40:03.116 112456 DEBUG oslo_service.service [req-2d267d05-2c24-4bb1-999a-6e0a0badfbde - - - - -] libvirt.rbd_connect_timeout = 5 log_opt_values /usr/lib/python3/dist-packages/oslo_config/cfg.py:2609
2025-07-21 00:40:03.116 112456 DEBUG oslo_service.service [req-2d267d05-2c24-4bb1-999a-6e0a0badfbde - - - - -] libvirt.rbd_destroy_volume_retries = 12 log_opt_values /usr/lib/python3/dist-packages/oslo_config/cfg.py:2609
2025-07-21 00:40:03.116 112456 DEBUG oslo_service.service [req-2d267d05-2c24-4bb1-999a-6e0a0badfbde - - - - -] libvirt.rbd_destroy_volume_retry_interval = 5 log_opt_values /usr/lib/python3/dist-packages/oslo_config/cfg.py:2609
2025-07-21 00:40:03.116 112456 DEBUG oslo_service.service [req-2d267d05-2c24-4bb1-999a-6e0a0badfbde - - - - -] libvirt.rbd_secret_uuid = None log_opt_values /usr/lib/python3/dist-packages/oslo_config/cfg.py:2609
2025-07-21 00:40:03.117 112456 DEBUG oslo_service.service [req-2d267d05-2c24-4bb1-999a-6e0a0badfbde - - - - -] libvirt.rbd_user = None log_opt_values /usr/lib/python3/dist-packages/oslo_config/cfg.py:2609
2025-07-21 00:40:03.117 112456 DEBUG oslo_service.service [req-2d267d05-2c24-4bb1-999a-6e0a0badfbde - - - - -] libvirt.realtime_scheduler_priority = 1 log_opt_values /usr/lib/python3/dist-packages/oslo_config/cfg.py:2609
2025-07-21 00:40:03.118 112456 DEBUG oslo_service.service [req-2d267d05-2c24-4bb1-999a-6e0a0badfbde - - - - -] libvirt.remote_filesystem_transport = ssh log_opt_values /usr/lib/python3/dist-packages/oslo_config/cfg.py:2609
2025-07-21 00:40:03.118 112456 DEBUG oslo_service.service [req-2d267d05-2c24-4bb1-999a-6e0a0badfbde - - - - -] libvirt.rescue_image_id = None log_opt_values /usr/lib/python3/dist-packages/oslo_config/cfg.py:2609
2025-07-21 00:40:03.118 112456 DEBUG oslo_service.service [req-2d267d05-2c24-4bb1-999a-6e0a0badfbde - - - - -] libvirt.rescue_kernel_id = None log_opt_values /usr/lib/python3/dist-packages/oslo_config/cfg.py:2609
2025-07-21 00:40:03.119 112456 DEBUG oslo_service.service [req-2d267d05-2c24-4bb1-999a-6e0a0badfbde - - - - -] libvirt.rescue_ramdisk_id = None log_opt_values /usr/lib/python3/dist-packages/oslo_config/cfg.py:2609
2025-07-21 00:40:03.119 112456 DEBUG oslo_service.service [req-2d267d05-2c24-4bb1-999a-6e0a0badfbde - - - - -] libvirt.rng_dev_path = /dev/urandom log_opt_values /usr/lib/python3/dist-packages/oslo_config/cfg.py:2609
2025-07-21 00:40:03.119 112456 DEBUG oslo_service.service [req-2d267d05-2c24-4bb1-999a-6e0a0badfbde - - - - -] libvirt.rx_queue_size = None log_opt_values /usr/lib/python3/dist-packages/oslo_config/cfg.py:2609
2025-07-21 00:40:03.120 112456 DEBUG oslo_service.service [req-2d267d05-2c24-4bb1-999a-6e0a0badfbde - - - - -] libvirt.smbfs_mount_options = log_opt_values /usr/lib/python3/dist-packages/oslo_config/cfg.py:2609
2025-07-21 00:40:03.120 112456 DEBUG oslo_service.service [req-2d267d05-2c24-4bb1-999a-6e0a0badfbde - - - - -] libvirt.smbfs_mount_point_base = /var/lib/nova/mnt log_opt_values /usr/lib/python3/dist-packages/oslo_config/cfg.py:2609
2025-07-21 00:40:03.120 112456 DEBUG oslo_service.service [req-2d267d05-2c24-4bb1-999a-6e0a0badfbde - - - - -] libvirt.snapshot_compression = False log_opt_values /usr/lib/python3/dist-packages/oslo_config/cfg.py:2609
2025-07-21 00:40:03.120 112456 DEBUG oslo_service.service [req-2d267d05-2c24-4bb1-999a-6e0a0badfbde - - - - -] libvirt.snapshot_image_format = None log_opt_values /usr/lib/python3/dist-packages/oslo_config/cfg.py:2609
2025-07-21 00:40:03.120 112456 DEBUG oslo_service.service [req-2d267d05-2c24-4bb1-999a-6e0a0badfbde - - - - -] libvirt.snapshots_directory = /var/lib/nova/instances/snapshots log_opt_values /usr/lib/python3/dist-packages/oslo_config/cfg.py:2609
2025-07-21 00:40:03.121 112456 DEBUG oslo_service.service [req-2d267d05-2c24-4bb1-999a-6e0a0badfbde - - - - -] libvirt.sparse_logical_volumes = False log_opt_values /usr/lib/python3/dist-packages/oslo_config/cfg.py:2609
2025-07-21 00:40:03.121 112456 DEBUG oslo_service.service [req-2d267d05-2c24-4bb1-999a-6e0a0badfbde - - - - -] libvirt.swtpm_enabled = False log_opt_values /usr/lib/python3/dist-packages/oslo_config/cfg.py:2609
2025-07-21 00:40:03.121 112456 DEBUG oslo_service.service [req-2d267d05-2c24-4bb1-999a-6e0a0badfbde - - - - -] libvirt.swtpm_group = tss log_opt_values /usr/lib/python3/dist-packages/oslo_config/cfg.py:2609
2025-07-21 00:40:03.121 112456 DEBUG oslo_service.service [req-2d267d05-2c24-4bb1-999a-6e0a0badfbde - - - - -] libvirt.swtpm_user = tss log_opt_values /usr/lib/python3/dist-packages/oslo_config/cfg.py:2609
2025-07-21 00:40:03.122 112456 DEBUG oslo_service.service [req-2d267d05-2c24-4bb1-999a-6e0a0badfbde - - - - -] libvirt.sysinfo_serial = unique log_opt_values /usr/lib/python3/dist-packages/oslo_config/cfg.py:2609
2025-07-21 00:40:03.122 112456 DEBUG oslo_service.service [req-2d267d05-2c24-4bb1-999a-6e0a0badfbde - - - - -] libvirt.tx_queue_size = None log_opt_values /usr/lib/python3/dist-packages/oslo_config/cfg.py:2609
2025-07-21 00:40:03.122 112764 DEBUG oslo_messaging._drivers.amqpdriver [-] Listener is running poll /usr/lib/python3/dist-packages/oslo_messaging/_drivers/amqpdriver.py:343
2025-07-21 00:40:03.122 112456 DEBUG oslo_service.service [req-2d267d05-2c24-4bb1-999a-6e0a0badfbde - - - - -] libvirt.uid_maps = [] log_opt_values /usr/lib/python3/dist-packages/oslo_config/cfg.py:2609
2025-07-21 00:40:03.122 112764 DEBUG oslo_messaging._drivers.amqpdriver [-] AMQPListener connection consume poll /usr/lib/python3/dist-packages/oslo_messaging/_drivers/amqpdriver.py:357
2025-07-21 00:40:03.122 112456 DEBUG oslo_service.service [req-2d267d05-2c24-4bb1-999a-6e0a0badfbde - - - - -] libvirt.use_virtio_for_bridges = True log_opt_values /usr/lib/python3/dist-packages/oslo_config/cfg.py:2609
2025-07-21 00:40:03.123 112456 DEBUG oslo_service.service [req-2d267d05-2c24-4bb1-999a-6e0a0badfbde - - - - -] libvirt.virt_type = kvm log_opt_values /usr/lib/python3/dist-packages/oslo_config/cfg.py:2609
2025-07-21 00:40:03.123 112456 DEBUG oslo_service.service [req-2d267d05-2c24-4bb1-999a-6e0a0badfbde - - - - -] libvirt.volume_clear = zero log_opt_values /usr/lib/python3/dist-packages/oslo_config/cfg.py:2609
2025-07-21 00:40:03.123 112456 DEBUG oslo_service.service [req-2d267d05-2c24-4bb1-999a-6e0a0badfbde - - - - -] libvirt.volume_clear_size = 0 log_opt_values /usr/lib/python3/dist-packages/oslo_config/cfg.py:2609
2025-07-21 00:40:03.123 112456 DEBUG oslo_service.service [req-2d267d05-2c24-4bb1-999a-6e0a0badfbde - - - - -] libvirt.volume_use_multipath = False log_opt_values /usr/lib/python3/dist-packages/oslo_config/cfg.py:2609
2025-07-21 00:40:03.123 112764 DEBUG nova.service [req-63766375-cb9e-42d9-8063-a0c196373ea6 - - - - -] Join ServiceGroup membership for this service conductor start /usr/lib/python3/dist-packages/nova/service.py:199
2025-07-21 00:40:03.124 112456 DEBUG oslo_service.service [req-2d267d05-2c24-4bb1-999a-6e0a0badfbde - - - - -] libvirt.vzstorage_cache_path = None log_opt_values /usr/lib/python3/dist-packages/oslo_config/cfg.py:2609
2025-07-21 00:40:03.124 112764 DEBUG nova.servicegroup.drivers.db [req-63766375-cb9e-42d9-8063-a0c196373ea6 - - - - -] DB_Driver: join new ServiceGroup member juju-9ef9ea-0-lxd-7 to the conductor group, service = join /usr/lib/python3/dist-packages/nova/servicegroup/drivers/db.py:44
2025-07-21 00:40:03.124 112456 DEBUG oslo_service.service [req-2d267d05-2c24-4bb1-999a-6e0a0badfbde - - - - -] libvirt.vzstorage_log_path = /var/log/vstorage/%(cluster_name)s/nova.log.gz log_opt_values /usr/lib/python3/dist-packages/oslo_config/cfg.py:2609
2025-07-21 00:40:03.124 112456 DEBUG oslo_service.service [req-2d267d05-2c24-4bb1-999a-6e0a0badfbde - - - - -] libvirt.vzstorage_mount_group = qemu log_opt_values /usr/lib/python3/dist-packages/oslo_config/cfg.py:2609
2025-07-21 00:40:03.124 112456 DEBUG oslo_service.service [req-2d267d05-2c24-4bb1-999a-6e0a0badfbde - - - - -] libvirt.vzstorage_mount_opts = [] log_opt_values /usr/lib/python3/dist-packages/oslo_config/cfg.py:2609
2025-07-21 00:40:03.125 112456 DEBUG oslo_service.service [req-2d267d05-2c24-4bb1-999a-6e0a0badfbde - - - - -] libvirt.vzstorage_mount_perms = 0770 log_opt_values /usr/lib/python3/dist-packages/oslo_config/cfg.py:2609
