2025-07-21 02:13:10.036 7 DEBUG oslo_service.service [-] ml2_type_gre.tunnel_id_ranges = [] log_opt_values /var/lib/kolla/venv/lib/python3.6/site-packages/oslo_config/cfg.py:2611
2025-07-21 02:13:10.036 7 DEBUG oslo_service.service [-] ml2_type_vlan.network_vlan_ranges = [] log_opt_values /var/lib/kolla/venv/lib/python3.6/site-packages/oslo_config/cfg.py:2611
2025-07-21 02:13:10.036 7 DEBUG oslo_service.service [-] ml2_type_vxlan.vni_ranges = [] log_opt_values /var/lib/kolla/venv/lib/python3.6/site-packages/oslo_config/cfg.py:2611
2025-07-21 02:13:10.036 7 DEBUG oslo_service.service [-] ml2_type_vxlan.vxlan_group = None log_opt_values /var/lib/kolla/venv/lib/python3.6/site-packages/oslo_config/cfg.py:2611
2025-07-21 02:13:10.036 7 DEBUG oslo_service.service [-] database.backend = sqlalchemy log_opt_values /var/lib/kolla/venv/lib/python3.6/site-packages/oslo_config/cfg.py:2611
2025-07-21 02:13:10.036 7 DEBUG oslo_service.service [-] database.connection = **** log_opt_values /var/lib/kolla/venv/lib/python3.6/site-packages/oslo_config/cfg.py:2611
2025-07-21 02:13:10.036 7 DEBUG oslo_service.service [-] database.connection_debug = 0 log_opt_values /var/lib/kolla/venv/lib/python3.6/site-packages/oslo_config/cfg.py:2611
2025-07-21 02:13:10.036 7 DEBUG oslo_service.service [-] database.connection_parameters = log_opt_values /var/lib/kolla/venv/lib/python3.6/site-packages/oslo_config/cfg.py:2611
2025-07-21 02:13:10.037 7 DEBUG oslo_service.service [-] database.connection_recycle_time = 10 log_opt_values /var/lib/kolla/venv/lib/python3.6/site-packages/oslo_config/cfg.py:2611
2025-07-21 02:13:10.037 7 DEBUG oslo_service.service [-] database.connection_trace = False log_opt_values /var/lib/kolla/venv/lib/python3.6/site-packages/oslo_config/cfg.py:2611
2025-07-21 02:13:10.037 7 DEBUG oslo_service.service [-] database.db_inc_retry_interval = True log_opt_values /var/lib/kolla/venv/lib/python3.6/site-packages/oslo_config/cfg.py:2611
2025-07-21 02:13:10.037 7 DEBUG oslo_service.service [-] database.db_max_retries = 20 log_opt_values /var/lib/kolla/venv/lib/python3.6/site-packages/oslo_config/cfg.py:2611
2025-07-21 02:13:10.037 7 DEBUG oslo_service.service [-] database.db_max_retry_interval = 10 log_opt_values /var/lib/kolla/venv/lib/python3.6/site-packages/oslo_config/cfg.py:2611
2025-07-21 02:13:10.037 7 DEBUG oslo_service.service [-] database.db_retry_interval = 1 log_opt_values /var/lib/kolla/venv/lib/python3.6/site-packages/oslo_config/cfg.py:2611
2025-07-21 02:13:10.037 7 DEBUG oslo_service.service [-] database.max_overflow = 50 log_opt_values /var/lib/kolla/venv/lib/python3.6/site-packages/oslo_config/cfg.py:2611
2025-07-21 02:13:10.037 7 DEBUG oslo_service.service [-] database.max_pool_size = 1 log_opt_values /var/lib/kolla/venv/lib/python3.6/site-packages/oslo_config/cfg.py:2611
2025-07-21 02:13:10.037 7 DEBUG oslo_service.service [-] database.max_retries = -1 log_opt_values /var/lib/kolla/venv/lib/python3.6/site-packages/oslo_config/cfg.py:2611
2025-07-21 02:13:10.037 7 DEBUG oslo_service.service [-] database.mysql_enable_ndb = False log_opt_values /var/lib/kolla/venv/lib/python3.6/site-packages/oslo_config/cfg.py:2611
2025-07-21 02:13:10.037 7 DEBUG oslo_service.service [-] database.mysql_sql_mode = TRADITIONAL log_opt_values /var/lib/kolla/venv/lib/python3.6/site-packages/oslo_config/cfg.py:2611
2025-07-21 02:13:10.037 7 DEBUG oslo_service.service [-] database.pool_timeout = None log_opt_values /var/lib/kolla/venv/lib/python3.6/site-packages/oslo_config/cfg.py:2611
2025-07-21 02:13:10.037 7 DEBUG oslo_service.service [-] database.retry_interval = 10 log_opt_values /var/lib/kolla/venv/lib/python3.6/site-packages/oslo_config/cfg.py:2611
2025-07-21 02:13:10.037 7 DEBUG oslo_service.service [-] database.slave_connection = **** log_opt_values /var/lib/kolla/venv/lib/python3.6/site-packages/oslo_config/cfg.py:2611
2025-07-21 02:13:10.037 7 DEBUG oslo_service.service [-] database.sqlite_synchronous = True log_opt_values /var/lib/kolla/venv/lib/python3.6/site-packages/oslo_config/cfg.py:2611
2025-07-21 02:13:10.037 7 DEBUG oslo_service.service [-] database.use_db_reconnect = False log_opt_values /var/lib/kolla/venv/lib/python3.6/site-packages/oslo_config/cfg.py:2611
2025-07-21 02:13:10.037 7 DEBUG oslo_service.service [-] ******************************************************************************** log_opt_values /var/lib/kolla/venv/lib/python3.6/site-packages/oslo_config/cfg.py:2613
2025-07-21 02:13:11.680 22 DEBUG neutron.wsgi [-] (22) accepted ('10.0.0.242', 47948) server /var/lib/kolla/venv/lib/python3.6/site-packages/eventlet/wsgi.py:1004
2025-07-21 02:13:11.688 22 INFO neutron.wsgi [-] 10.0.0.242 "GET / HTTP/1.1" status: 200 len: 228 time: 0.0055943
2025-07-21 02:13:13.854 24 DEBUG neutron.api.rpc.handlers.dhcp_rpc [req-46731cb6-5a9a-48a0-a4b7-c43d10414458 - - - - -] get_active_networks_info from cn-jenkins-deploy-platform-ansible-os-3676-1 get_active_networks_info /var/lib/kolla/venv/lib/python3.6/site-packages/neutron/api/rpc/handlers/dhcp_rpc.py:159
2025-07-21 02:13:13.877 27 DEBUG neutron_lib.callbacks.manager [req-81977f21-2793-4a2c-9283-2dbdebf6cf98 - - - - -] Publish callbacks ['neutron.services.segments.db._update_segment_host_mapping_for_agent-8766807807552', 'neutron.services.l3_router.l3_router_plugin.DVRResourceOperationHandler.create_fip_agent_gw_ports-1617597'] for agent (f53d2939-85d4-45eb-afe0-adf35ebf77e7), after_create _notify_loop /var/lib/kolla/venv/lib/python3.6/site-packages/neutron_lib/callbacks/manager.py:177
2025-07-21 02:13:13.890 24 DEBUG neutron.scheduler.dhcp_agent_scheduler [req-46731cb6-5a9a-48a0-a4b7-c43d10414458 - - - - -] No non-hosted networks auto_schedule_networks /var/lib/kolla/venv/lib/python3.6/site-packages/neutron/scheduler/dhcp_agent_scheduler.py:60
2025-07-21 02:13:30.891 28 DEBUG neutron_lib.callbacks.manager [req-7eef5838-3a5a-424a-98df-ed8a80e8fe11 - - - - -] Publish callbacks ['neutron.services.segments.db._update_segment_host_mapping_for_agent-8766807807552', 'neutron.services.l3_router.l3_router_plugin.DVRResourceOperationHandler.create_fip_agent_gw_ports-1617597'] for agent (34d16012-7dcd-41d2-82f2-8ab29ecf2151), after_create _notify_loop /var/lib/kolla/venv/lib/python3.6/site-packages/neutron_lib/callbacks/manager.py:177
2025-07-21 02:13:41.735 22 DEBUG neutron.wsgi [-] (22) accepted ('10.0.0.242', 45078) server /var/lib/kolla/venv/lib/python3.6/site-packages/eventlet/wsgi.py:1004
2025-07-21 02:13:41.740 22 INFO neutron.wsgi [-] 10.0.0.242 "GET / HTTP/1.1" status: 200 len: 228 time: 0.0038884
2025-07-21 02:13:43.865 26 DEBUG neutron_lib.callbacks.manager [req-c4cc75ed-4eb3-429d-b97c-45016e0cc70a - - - - -] Publish callbacks ['neutron.services.segments.db._update_segment_host_mapping_for_agent-8766807807552', 'neutron.plugins.ml2.plugin.Ml2Plugin._retry_binding_revived_agents--9223372036838762258'] for agent (f53d2939-85d4-45eb-afe0-adf35ebf77e7), after_update _notify_loop /var/lib/kolla/venv/lib/python3.6/site-packages/neutron_lib/callbacks/manager.py:177
2025-07-21 02:13:54.999 29 DEBUG neutron.db.agents_db [req-5aa81f7a-bb27-44b8-a636-518292b7b3f2 - - - - -] Agent healthcheck: found 2 active agents agent_health_check /var/lib/kolla/venv/lib/python3.6/site-packages/neutron/db/agents_db.py:318
2025-07-21 02:14:00.871 23 DEBUG neutron_lib.callbacks.manager [req-7eef5838-3a5a-424a-98df-ed8a80e8fe11 - - - - -] Publish callbacks ['neutron.services.segments.db._update_segment_host_mapping_for_agent-8766807807552', 'neutron.plugins.ml2.plugin.Ml2Plugin._retry_binding_revived_agents--9223372036838762258'] for agent (34d16012-7dcd-41d2-82f2-8ab29ecf2151), after_update _notify_loop /var/lib/kolla/venv/lib/python3.6/site-packages/neutron_lib/callbacks/manager.py:177
2025-07-21 02:14:11.782 22 DEBUG neutron.wsgi [-] (22) accepted ('10.0.0.242', 33086) server /var/lib/kolla/venv/lib/python3.6/site-packages/eventlet/wsgi.py:1004
2025-07-21 02:14:11.786 22 INFO neutron.wsgi [-] 10.0.0.242 "GET / HTTP/1.1" status: 200 len: 228 time: 0.0027540
2025-07-21 02:14:13.852 24 DEBUG neutron_lib.callbacks.manager [req-6065ecf2-9a1e-4b3b-866f-8c16d5d2d1cd - - - - -] Publish callbacks ['neutron.services.segments.db._update_segment_host_mapping_for_agent-8766807807552', 'neutron.plugins.ml2.plugin.Ml2Plugin._retry_binding_revived_agents--9223372036838762258'] for agent (f53d2939-85d4-45eb-afe0-adf35ebf77e7), after_update _notify_loop /var/lib/kolla/venv/lib/python3.6/site-packages/neutron_lib/callbacks/manager.py:177
2025-07-21 02:14:30.873 25 DEBUG neutron_lib.callbacks.manager [req-7eef5838-3a5a-424a-98df-ed8a80e8fe11 - - - - -] Publish callbacks ['neutron.services.segments.db._update_segment_host_mapping_for_agent-8766807807552', 'neutron.plugins.ml2.plugin.Ml2Plugin._retry_binding_revived_agents--9223372036838762258'] for agent (34d16012-7dcd-41d2-82f2-8ab29ecf2151), after_update _notify_loop /var/lib/kolla/venv/lib/python3.6/site-packages/neutron_lib/callbacks/manager.py:177
2025-07-21 02:14:31.998 29 DEBUG neutron.db.agents_db [req-5aa81f7a-bb27-44b8-a636-518292b7b3f2 - - - - -] Agent healthcheck: found 2 active agents agent_health_check /var/lib/kolla/venv/lib/python3.6/site-packages/neutron/db/agents_db.py:318
2025-07-21 02:14:41.829 22 DEBUG neutron.wsgi [-] (22) accepted ('10.0.0.242', 56030) server /var/lib/kolla/venv/lib/python3.6/site-packages/eventlet/wsgi.py:1004
2025-07-21 02:14:41.833 22 INFO neutron.wsgi [-] 10.0.0.242 "GET / HTTP/1.1" status: 200 len: 228 time: 0.0028467
2025-07-21 02:14:43.850 27 DEBUG neutron_lib.callbacks.manager [req-0562ef34-4877-4bbf-b2b0-d8c04bd3efc0 - - - - -] Publish callbacks ['neutron.services.segments.db._update_segment_host_mapping_for_agent-8766807807552', 'neutron.plugins.ml2.plugin.Ml2Plugin._retry_binding_revived_agents--9223372036838762258'] for agent (f53d2939-85d4-45eb-afe0-adf35ebf77e7), after_update _notify_loop /var/lib/kolla/venv/lib/python3.6/site-packages/neutron_lib/callbacks/manager.py:177
2025-07-21 02:15:00.863 28 DEBUG neutron_lib.callbacks.manager [req-7eef5838-3a5a-424a-98df-ed8a80e8fe11 - - - - -] Publish callbacks ['neutron.services.segments.db._update_segment_host_mapping_for_agent-8766807807552', 'neutron.plugins.ml2.plugin.Ml2Plugin._retry_binding_revived_agents--9223372036838762258'] for agent (34d16012-7dcd-41d2-82f2-8ab29ecf2151), after_update _notify_loop /var/lib/kolla/venv/lib/python3.6/site-packages/neutron_lib/callbacks/manager.py:177
2025-07-21 02:15:08.997 29 DEBUG neutron.db.agents_db [req-5aa81f7a-bb27-44b8-a636-518292b7b3f2 - - - - -] Agent healthcheck: found 2 active agents agent_health_check /var/lib/kolla/venv/lib/python3.6/site-packages/neutron/db/agents_db.py:318
2025-07-21 02:15:11.875 22 DEBUG neutron.wsgi [-] (22) accepted ('10.0.0.242', 55710) server /var/lib/kolla/venv/lib/python3.6/site-packages/eventlet/wsgi.py:1004
2025-07-21 02:15:11.879 22 INFO neutron.wsgi [-] 10.0.0.242 "GET / HTTP/1.1" status: 200 len: 228 time: 0.0025270
2025-07-21 02:15:13.846 26 DEBUG neutron_lib.callbacks.manager [req-a49e8dc3-f85f-4177-9986-2b37f27794fc - - - - -] Publish callbacks ['neutron.services.segments.db._update_segment_host_mapping_for_agent-8766807807552', 'neutron.plugins.ml2.plugin.Ml2Plugin._retry_binding_revived_agents--9223372036838762258'] for agent (f53d2939-85d4-45eb-afe0-adf35ebf77e7), after_update _notify_loop /var/lib/kolla/venv/lib/python3.6/site-packages/neutron_lib/callbacks/manager.py:177
2025-07-21 02:15:30.864 23 DEBUG neutron_lib.callbacks.manager [req-7eef5838-3a5a-424a-98df-ed8a80e8fe11 - - - - -] Publish callbacks ['neutron.services.segments.db._update_segment_host_mapping_for_agent-8766807807552', 'neutron.plugins.ml2.plugin.Ml2Plugin._retry_binding_revived_agents--9223372036838762258'] for agent (34d16012-7dcd-41d2-82f2-8ab29ecf2151), after_update _notify_loop /var/lib/kolla/venv/lib/python3.6/site-packages/neutron_lib/callbacks/manager.py:177
2025-07-21 02:15:41.923 22 DEBUG neutron.wsgi [-] (22) accepted ('10.0.0.242', 51664) server /var/lib/kolla/venv/lib/python3.6/site-packages/eventlet/wsgi.py:1004
2025-07-21 02:15:41.931 22 INFO neutron.wsgi [-] 10.0.0.242 "GET / HTTP/1.1" status: 200 len: 228 time: 0.0063174
2025-07-21 02:15:43.842 24 DEBUG neutron_lib.callbacks.manager [req-e98336f0-f479-4f2a-9be8-ad55b37afea4 - - - - -] Publish callbacks ['neutron.services.segments.db._update_segment_host_mapping_for_agent-8766807807552', 'neutron.plugins.ml2.plugin.Ml2Plugin._retry_binding_revived_agents--9223372036838762258'] for agent (f53d2939-85d4-45eb-afe0-adf35ebf77e7), after_update _notify_loop /var/lib/kolla/venv/lib/python3.6/site-packages/neutron_lib/callbacks/manager.py:177
2025-07-21 02:15:45.996 29 DEBUG neutron.db.agents_db [req-5aa81f7a-bb27-44b8-a636-518292b7b3f2 - - - - -] Agent healthcheck: found 2 active agents agent_health_check /var/lib/kolla/venv/lib/python3.6/site-packages/neutron/db/agents_db.py:318
2025-07-21 02:16:00.867 25 DEBUG neutron_lib.callbacks.manager [req-7eef5838-3a5a-424a-98df-ed8a80e8fe11 - - - - -] Publish callbacks ['neutron.services.segments.db._update_segment_host_mapping_for_agent-8766807807552', 'neutron.plugins.ml2.plugin.Ml2Plugin._retry_binding_revived_agents--9223372036838762258'] for agent (34d16012-7dcd-41d2-82f2-8ab29ecf2151), after_update _notify_loop /var/lib/kolla/venv/lib/python3.6/site-packages/neutron_lib/callbacks/manager.py:177
2025-07-21 02:16:11.976 22 DEBUG neutron.wsgi [-] (22) accepted ('10.0.0.242', 34984) server /var/lib/kolla/venv/lib/python3.6/site-packages/eventlet/wsgi.py:1004
2025-07-21 02:16:11.979 22 INFO neutron.wsgi [-] 10.0.0.242 "GET / HTTP/1.1" status: 200 len: 228 time: 0.0025656
2025-07-21 02:16:13.847 27 DEBUG neutron_lib.callbacks.manager [req-e0fc3c90-9860-4f28-9ee9-4bf8963d4fdd - - - - -] Publish callbacks ['neutron.services.segments.db._update_segment_host_mapping_for_agent-8766807807552', 'neutron.plugins.ml2.plugin.Ml2Plugin._retry_binding_revived_agents--9223372036838762258'] for agent (f53d2939-85d4-45eb-afe0-adf35ebf77e7), after_update _notify_loop /var/lib/kolla/venv/lib/python3.6/site-packages/neutron_lib/callbacks/manager.py:177
2025-07-21 02:16:22.996 29 DEBUG neutron.db.agents_db [req-5aa81f7a-bb27-44b8-a636-518292b7b3f2 - - - - -] Agent healthcheck: found 2 active agents agent_health_check /var/lib/kolla/venv/lib/python3.6/site-packages/neutron/db/agents_db.py:318
2025-07-21 02:16:30.867 28 DEBUG neutron_lib.callbacks.manager [req-7eef5838-3a5a-424a-98df-ed8a80e8fe11 - - - - -] Publish callbacks ['neutron.services.segments.db._update_segment_host_mapping_for_agent-8766807807552', 'neutron.plugins.ml2.plugin.Ml2Plugin._retry_binding_revived_agents--9223372036838762258'] for agent (34d16012-7dcd-41d2-82f2-8ab29ecf2151), after_update _notify_loop /var/lib/kolla/venv/lib/python3.6/site-packages/neutron_lib/callbacks/manager.py:177
2025-07-21 02:16:42.020 22 DEBUG neutron.wsgi [-] (22) accepted ('10.0.0.242', 33994) server /var/lib/kolla/venv/lib/python3.6/site-packages/eventlet/wsgi.py:1004
2025-07-21 02:16:42.023 22 INFO neutron.wsgi [-] 10.0.0.242 "GET / HTTP/1.1" status: 200 len: 228 time: 0.0024736
2025-07-21 02:16:43.855 26 DEBUG neutron_lib.callbacks.manager [req-1c24731d-0b8d-48f1-93b2-8a0316e90e05 - - - - -] Publish callbacks ['neutron.services.segments.db._update_segment_host_mapping_for_agent-8766807807552', 'neutron.plugins.ml2.plugin.Ml2Plugin._retry_binding_revived_agents--9223372036838762258'] for agent (f53d2939-85d4-45eb-afe0-adf35ebf77e7), after_update _notify_loop /var/lib/kolla/venv/lib/python3.6/site-packages/neutron_lib/callbacks/manager.py:177
2025-07-21 02:16:59.997 29 DEBUG neutron.db.agents_db [req-5aa81f7a-bb27-44b8-a636-518292b7b3f2 - - - - -] Agent healthcheck: found 2 active agents agent_health_check /var/lib/kolla/venv/lib/python3.6/site-packages/neutron/db/agents_db.py:318
2025-07-21 02:17:00.869 23 DEBUG neutron_lib.callbacks.manager [req-7eef5838-3a5a-424a-98df-ed8a80e8fe11 - - - - -] Publish callbacks ['neutron.services.segments.db._update_segment_host_mapping_for_agent-8766807807552', 'neutron.plugins.ml2.plugin.Ml2Plugin._retry_binding_revived_agents--9223372036838762258'] for agent (34d16012-7dcd-41d2-82f2-8ab29ecf2151), after_update _notify_loop /var/lib/kolla/venv/lib/python3.6/site-packages/neutron_lib/callbacks/manager.py:177
2025-07-21 02:17:12.065 22 DEBUG neutron.wsgi [-] (22) accepted ('10.0.0.242', 33230) server /var/lib/kolla/venv/lib/python3.6/site-packages/eventlet/wsgi.py:1004
2025-07-21 02:17:12.070 22 INFO neutron.wsgi [-] 10.0.0.242 "GET / HTTP/1.1" status: 200 len: 228 time: 0.0035348
2025-07-21 02:17:13.853 24 DEBUG neutron_lib.callbacks.manager [req-59980eea-2453-41ac-858f-ad71fbae1480 - - - - -] Publish callbacks ['neutron.services.segments.db._update_segment_host_mapping_for_agent-8766807807552', 'neutron.plugins.ml2.plugin.Ml2Plugin._retry_binding_revived_agents--9223372036838762258'] for agent (f53d2939-85d4-45eb-afe0-adf35ebf77e7), after_update _notify_loop /var/lib/kolla/venv/lib/python3.6/site-packages/neutron_lib/callbacks/manager.py:177
2025-07-21 02:17:30.879 25 DEBUG neutron_lib.callbacks.manager [req-7eef5838-3a5a-424a-98df-ed8a80e8fe11 - - - - -] Publish callbacks ['neutron.services.segments.db._update_segment_host_mapping_for_agent-8766807807552', 'neutron.plugins.ml2.plugin.Ml2Plugin._retry_binding_revived_agents--9223372036838762258'] for agent (34d16012-7dcd-41d2-82f2-8ab29ecf2151), after_update _notify_loop /var/lib/kolla/venv/lib/python3.6/site-packages/neutron_lib/callbacks/manager.py:177
2025-07-21 02:17:36.994 29 DEBUG neutron.db.agents_db [req-5aa81f7a-bb27-44b8-a636-518292b7b3f2 - - - - -] Agent healthcheck: found 2 active agents agent_health_check /var/lib/kolla/venv/lib/python3.6/site-packages/neutron/db/agents_db.py:318
2025-07-21 02:17:42.115 22 DEBUG neutron.wsgi [-] (22) accepted ('10.0.0.242', 56422) server /var/lib/kolla/venv/lib/python3.6/site-packages/eventlet/wsgi.py:1004
2025-07-21 02:17:42.118 22 INFO neutron.wsgi [-] 10.0.0.242 "GET / HTTP/1.1" status: 200 len: 228 time: 0.0026069
2025-07-21 02:17:43.849 27 DEBUG neutron_lib.callbacks.manager [req-599efc4b-9a51-49a1-b6a6-3d47fb896906 - - - - -] Publish callbacks ['neutron.services.segments.db._update_segment_host_mapping_for_agent-8766807807552', 'neutron.plugins.ml2.plugin.Ml2Plugin._retry_binding_revived_agents--9223372036838762258'] for agent (f53d2939-85d4-45eb-afe0-adf35ebf77e7), after_update _notify_loop /var/lib/kolla/venv/lib/python3.6/site-packages/neutron_lib/callbacks/manager.py:177
2025-07-21 02:18:00.873 28 DEBUG neutron_lib.callbacks.manager [req-7eef5838-3a5a-424a-98df-ed8a80e8fe11 - - - - -] Publish callbacks ['neutron.services.segments.db._update_segment_host_mapping_for_agent-8766807807552', 'neutron.plugins.ml2.plugin.Ml2Plugin._retry_binding_revived_agents--9223372036838762258'] for agent (34d16012-7dcd-41d2-82f2-8ab29ecf2151), after_update _notify_loop /var/lib/kolla/venv/lib/python3.6/site-packages/neutron_lib/callbacks/manager.py:177
2025-07-21 02:18:12.164 22 DEBUG neutron.wsgi [-] (22) accepted ('10.0.0.242', 55344) server /var/lib/kolla/venv/lib/python3.6/site-packages/eventlet/wsgi.py:1004
2025-07-21 02:18:12.168 22 INFO neutron.wsgi [-] 10.0.0.242 "GET / HTTP/1.1" status: 200 len: 228 time: 0.0027642
2025-07-21 02:18:13.858 26 DEBUG neutron_lib.callbacks.manager [req-e4592f0d-9fbd-4ff0-95a3-8343081c5646 - - - - -] Publish callbacks ['neutron.services.segments.db._update_segment_host_mapping_for_agent-8766807807552', 'neutron.plugins.ml2.plugin.Ml2Plugin._retry_binding_revived_agents--9223372036838762258'] for agent (f53d2939-85d4-45eb-afe0-adf35ebf77e7), after_update _notify_loop /var/lib/kolla/venv/lib/python3.6/site-packages/neutron_lib/callbacks/manager.py:177
2025-07-21 02:18:13.994 29 DEBUG neutron.db.agents_db [req-5aa81f7a-bb27-44b8-a636-518292b7b3f2 - - - - -] Agent healthcheck: found 2 active agents agent_health_check /var/lib/kolla/venv/lib/python3.6/site-packages/neutron/db/agents_db.py:318
2025-07-21 02:18:30.881 23 DEBUG neutron_lib.callbacks.manager [req-7eef5838-3a5a-424a-98df-ed8a80e8fe11 - - - - -] Publish callbacks ['neutron.services.segments.db._update_segment_host_mapping_for_agent-8766807807552', 'neutron.plugins.ml2.plugin.Ml2Plugin._retry_binding_revived_agents--9223372036838762258'] for agent (34d16012-7dcd-41d2-82f2-8ab29ecf2151), after_update _notify_loop /var/lib/kolla/venv/lib/python3.6/site-packages/neutron_lib/callbacks/manager.py:177
2025-07-21 02:18:42.212 22 DEBUG neutron.wsgi [-] (22) accepted ('10.0.0.242', 38170) server /var/lib/kolla/venv/lib/python3.6/site-packages/eventlet/wsgi.py:1004
2025-07-21 02:18:42.216 22 INFO neutron.wsgi [-] 10.0.0.242 "GET / HTTP/1.1" status: 200 len: 228 time: 0.0024781
2025-07-21 02:18:43.851 24 DEBUG neutron_lib.callbacks.manager [req-534bf8fd-347a-4428-8f9a-67b7fdb3e194 - - - - -] Publish callbacks ['neutron.services.segments.db._update_segment_host_mapping_for_agent-8766807807552', 'neutron.plugins.ml2.plugin.Ml2Plugin._retry_binding_revived_agents--9223372036838762258'] for agent (f53d2939-85d4-45eb-afe0-adf35ebf77e7), after_update _notify_loop /var/lib/kolla/venv/lib/python3.6/site-packages/neutron_lib/callbacks/manager.py:177
2025-07-21 02:18:51.001 29 DEBUG neutron.db.agents_db [req-5aa81f7a-bb27-44b8-a636-518292b7b3f2 - - - - -] Agent healthcheck: found 2 active agents agent_health_check /var/lib/kolla/venv/lib/python3.6/site-packages/neutron/db/agents_db.py:318
2025-07-21 02:19:00.879 25 DEBUG neutron_lib.callbacks.manager [req-7eef5838-3a5a-424a-98df-ed8a80e8fe11 - - - - -] Publish callbacks ['neutron.services.segments.db._update_segment_host_mapping_for_agent-8766807807552', 'neutron.plugins.ml2.plugin.Ml2Plugin._retry_binding_revived_agents--9223372036838762258'] for agent (34d16012-7dcd-41d2-82f2-8ab29ecf2151), after_update _notify_loop /var/lib/kolla/venv/lib/python3.6/site-packages/neutron_lib/callbacks/manager.py:177
2025-07-21 02:19:12.258 22 DEBUG neutron.wsgi [-] (22) accepted ('10.0.0.242', 55400) server /var/lib/kolla/venv/lib/python3.6/site-packages/eventlet/wsgi.py:1004
2025-07-21 02:19:12.262 22 INFO neutron.wsgi [-] 10.0.0.242 "GET / HTTP/1.1" status: 200 len: 228 time: 0.0027039
2025-07-21 02:19:13.905 27 DEBUG neutron_lib.callbacks.manager [req-b3b919f8-ebe4-470b-85bb-15c4fb787d9e - - - - -] Publish callbacks ['neutron.services.segments.db._update_segment_host_mapping_for_agent-8766807807552', 'neutron.plugins.ml2.plugin.Ml2Plugin._retry_binding_revived_agents--9223372036838762258'] for agent (f53d2939-85d4-45eb-afe0-adf35ebf77e7), after_update _notify_loop /var/lib/kolla/venv/lib/python3.6/site-packages/neutron_lib/callbacks/manager.py:177
2025-07-21 02:19:28.000 29 DEBUG neutron.db.agents_db [req-5aa81f7a-bb27-44b8-a636-518292b7b3f2 - - - - -] Agent healthcheck: found 2 active agents agent_health_check /var/lib/kolla/venv/lib/python3.6/site-packages/neutron/db/agents_db.py:318
2025-07-21 02:19:30.878 28 DEBUG neutron_lib.callbacks.manager [req-7eef5838-3a5a-424a-98df-ed8a80e8fe11 - - - - -] Publish callbacks ['neutron.services.segments.db._update_segment_host_mapping_for_agent-8766807807552', 'neutron.plugins.ml2.plugin.Ml2Plugin._retry_binding_revived_agents--9223372036838762258'] for agent (34d16012-7dcd-41d2-82f2-8ab29ecf2151), after_update _notify_loop /var/lib/kolla/venv/lib/python3.6/site-packages/neutron_lib/callbacks/manager.py:177
2025-07-21 02:19:42.305 22 DEBUG neutron.wsgi [-] (22) accepted ('10.0.0.242', 57212) server /var/lib/kolla/venv/lib/python3.6/site-packages/eventlet/wsgi.py:1004
2025-07-21 02:19:42.308 22 INFO neutron.wsgi [-] 10.0.0.242 "GET / HTTP/1.1" status: 200 len: 228 time: 0.0024421
2025-07-21 02:19:43.851 26 DEBUG neutron_lib.callbacks.manager [req-cebbc589-bf63-44cb-a77c-a9b18f8ce400 - - - - -] Publish callbacks ['neutron.services.segments.db._update_segment_host_mapping_for_agent-8766807807552', 'neutron.plugins.ml2.plugin.Ml2Plugin._retry_binding_revived_agents--9223372036838762258'] for agent (f53d2939-85d4-45eb-afe0-adf35ebf77e7), after_update _notify_loop /var/lib/kolla/venv/lib/python3.6/site-packages/neutron_lib/callbacks/manager.py:177
2025-07-21 02:20:00.881 23 DEBUG neutron_lib.callbacks.manager [req-7eef5838-3a5a-424a-98df-ed8a80e8fe11 - - - - -] Publish callbacks ['neutron.services.segments.db._update_segment_host_mapping_for_agent-8766807807552', 'neutron.plugins.ml2.plugin.Ml2Plugin._retry_binding_revived_agents--9223372036838762258'] for agent (34d16012-7dcd-41d2-82f2-8ab29ecf2151), after_update _notify_loop /var/lib/kolla/venv/lib/python3.6/site-packages/neutron_lib/callbacks/manager.py:177
2025-07-21 02:20:04.998 29 DEBUG neutron.db.agents_db [req-5aa81f7a-bb27-44b8-a636-518292b7b3f2 - - - - -] Agent healthcheck: found 2 active agents agent_health_check /var/lib/kolla/venv/lib/python3.6/site-packages/neutron/db/agents_db.py:318
2025-07-21 02:20:12.352 22 DEBUG neutron.wsgi [-] (22) accepted ('10.0.0.242', 58818) server /var/lib/kolla/venv/lib/python3.6/site-packages/eventlet/wsgi.py:1004
2025-07-21 02:20:12.355 22 INFO neutron.wsgi [-] 10.0.0.242 "GET / HTTP/1.1" status: 200 len: 228 time: 0.0024242
2025-07-21 02:20:13.858 24 DEBUG neutron_lib.callbacks.manager [req-2fb5f614-2aad-4ed8-b35b-2eadd2d4cabe - - - - -] Publish callbacks ['neutron.services.segments.db._update_segment_host_mapping_for_agent-8766807807552', 'neutron.plugins.ml2.plugin.Ml2Plugin._retry_binding_revived_agents--9223372036838762258'] for agent (f53d2939-85d4-45eb-afe0-adf35ebf77e7), after_update _notify_loop /var/lib/kolla/venv/lib/python3.6/site-packages/neutron_lib/callbacks/manager.py:177
2025-07-21 02:20:30.882 25 DEBUG neutron_lib.callbacks.manager [req-7eef5838-3a5a-424a-98df-ed8a80e8fe11 - - - - -] Publish callbacks ['neutron.services.segments.db._update_segment_host_mapping_for_agent-8766807807552', 'neutron.plugins.ml2.plugin.Ml2Plugin._retry_binding_revived_agents--9223372036838762258'] for agent (34d16012-7dcd-41d2-82f2-8ab29ecf2151), after_update _notify_loop /var/lib/kolla/venv/lib/python3.6/site-packages/neutron_lib/callbacks/manager.py:177
2025-07-21 02:20:41.996 29 DEBUG neutron.db.agents_db [req-5aa81f7a-bb27-44b8-a636-518292b7b3f2 - - - - -] Agent healthcheck: found 2 active agents agent_health_check /var/lib/kolla/venv/lib/python3.6/site-packages/neutron/db/agents_db.py:318
2025-07-21 02:20:42.406 22 DEBUG neutron.wsgi [-] (22) accepted ('10.0.0.242', 47196) server /var/lib/kolla/venv/lib/python3.6/site-packages/eventlet/wsgi.py:1004
2025-07-21 02:20:42.411 22 INFO neutron.wsgi [-] 10.0.0.242 "GET / HTTP/1.1" status: 200 len: 228 time: 0.0044560
2025-07-21 02:20:43.857 27 DEBUG neutron_lib.callbacks.manager [req-f013cce8-fccd-4a13-81f0-f62f6130ea98 - - - - -] Publish callbacks ['neutron.services.segments.db._update_segment_host_mapping_for_agent-8766807807552', 'neutron.plugins.ml2.plugin.Ml2Plugin._retry_binding_revived_agents--9223372036838762258'] for agent (f53d2939-85d4-45eb-afe0-adf35ebf77e7), after_update _notify_loop /var/lib/kolla/venv/lib/python3.6/site-packages/neutron_lib/callbacks/manager.py:177
2025-07-21 02:21:00.886 28 DEBUG neutron_lib.callbacks.manager [req-7eef5838-3a5a-424a-98df-ed8a80e8fe11 - - - - -] Publish callbacks ['neutron.services.segments.db._update_segment_host_mapping_for_agent-8766807807552', 'neutron.plugins.ml2.plugin.Ml2Plugin._retry_binding_revived_agents--9223372036838762258'] for agent (34d16012-7dcd-41d2-82f2-8ab29ecf2151), after_update _notify_loop /var/lib/kolla/venv/lib/python3.6/site-packages/neutron_lib/callbacks/manager.py:177
2025-07-21 02:21:12.459 22 DEBUG neutron.wsgi [-] (22) accepted ('10.0.0.242', 57784) server /var/lib/kolla/venv/lib/python3.6/site-packages/eventlet/wsgi.py:1004
2025-07-21 02:21:12.462 22 INFO neutron.wsgi [-] 10.0.0.242 "GET / HTTP/1.1" status: 200 len: 228 time: 0.0024991
2025-07-21 02:21:13.854 26 DEBUG neutron_lib.callbacks.manager [req-63952d6b-3ec2-482e-88b4-27c44b776306 - - - - -] Publish callbacks ['neutron.services.segments.db._update_segment_host_mapping_for_agent-8766807807552', 'neutron.plugins.ml2.plugin.Ml2Plugin._retry_binding_revived_agents--9223372036838762258'] for agent (f53d2939-85d4-45eb-afe0-adf35ebf77e7), after_update _notify_loop /var/lib/kolla/venv/lib/python3.6/site-packages/neutron_lib/callbacks/manager.py:177
2025-07-21 02:21:18.993 29 DEBUG neutron.db.agents_db [req-5aa81f7a-bb27-44b8-a636-518292b7b3f2 - - - - -] Agent healthcheck: found 2 active agents agent_health_check /var/lib/kolla/venv/lib/python3.6/site-packages/neutron/db/agents_db.py:318
2025-07-21 02:21:30.889 23 DEBUG neutron_lib.callbacks.manager [req-7eef5838-3a5a-424a-98df-ed8a80e8fe11 - - - - -] Publish callbacks ['neutron.services.segments.db._update_segment_host_mapping_for_agent-8766807807552', 'neutron.plugins.ml2.plugin.Ml2Plugin._retry_binding_revived_agents--9223372036838762258'] for agent (34d16012-7dcd-41d2-82f2-8ab29ecf2151), after_update _notify_loop /var/lib/kolla/venv/lib/python3.6/site-packages/neutron_lib/callbacks/manager.py:177
2025-07-21 02:21:31.257 7 INFO oslo_service.service [-] Caught SIGTERM, stopping children
2025-07-21 02:21:31.258 7 DEBUG oslo_concurrency.lockutils [-] Acquired lock "singleton_lock" lock /var/lib/kolla/venv/lib/python3.6/site-packages/oslo_concurrency/lockutils.py:294
2025-07-21 02:21:31.258 7 DEBUG oslo_concurrency.lockutils [-] Releasing lock "singleton_lock" lock /var/lib/kolla/venv/lib/python3.6/site-packages/oslo_concurrency/lockutils.py:312
2025-07-21 02:21:31.258 7 DEBUG oslo_service.service [-] Stop services. stop /var/lib/kolla/venv/lib/python3.6/site-packages/oslo_service/service.py:695
2025-07-21 02:21:31.258 7 DEBUG neutron.service [-] calling RpcWorker stop() stop /var/lib/kolla/venv/lib/python3.6/site-packages/neutron/service.py:138
2025-07-21 02:21:31.258 7 DEBUG neutron.service [-] calling RpcWorker stop() stop /var/lib/kolla/venv/lib/python3.6/site-packages/neutron/service.py:138
2025-07-21 02:21:31.258 7 DEBUG oslo_service.service [-] Killing children. stop /var/lib/kolla/venv/lib/python3.6/site-packages/oslo_service/service.py:700
2025-07-21 02:21:31.258 7 INFO oslo_service.service [-] Waiting on 8 children to exit
2025-07-21 02:21:31.259 27 DEBUG neutron.service [-] calling RpcWorker stop() stop /var/lib/kolla/venv/lib/python3.6/site-packages/neutron/service.py:138
2025-07-21 02:21:31.259 22 INFO neutron.wsgi [-] (22) wsgi exited, is_accepting=True
2025-07-21 02:21:31.259 26 DEBUG neutron.service [-] calling RpcWorker stop() stop /var/lib/kolla/venv/lib/python3.6/site-packages/neutron/service.py:138
2025-07-21 02:21:31.260 22 DEBUG oslo_concurrency.lockutils [req-8ba2ed2e-ee0c-49e2-bdec-2d9fd990fa73 - - - - -] Acquired lock "singleton_lock" lock /var/lib/kolla/venv/lib/python3.6/site-packages/oslo_concurrency/lockutils.py:294
2025-07-21 02:21:31.260 22 DEBUG oslo_concurrency.lockutils [req-8ba2ed2e-ee0c-49e2-bdec-2d9fd990fa73 - - - - -] Releasing lock "singleton_lock" lock /var/lib/kolla/venv/lib/python3.6/site-packages/oslo_concurrency/lockutils.py:312
2025-07-21 02:21:31.261 28 DEBUG neutron.service [-] calling RpcWorker stop() stop /var/lib/kolla/venv/lib/python3.6/site-packages/neutron/service.py:138
2025-07-21 02:21:31.261 25 DEBUG neutron.service [-] calling RpcWorker stop() stop /var/lib/kolla/venv/lib/python3.6/site-packages/neutron/service.py:138
2025-07-21 02:21:31.260 26 DEBUG neutron.service [-] calling stop on stop /var/lib/kolla/venv/lib/python3.6/site-packages/neutron/service.py:141
2025-07-21 02:21:31.263 29 DEBUG neutron.service [-] calling RpcWorker stop() stop /var/lib/kolla/venv/lib/python3.6/site-packages/neutron/service.py:138
2025-07-21 02:21:31.261 28 DEBUG neutron.service [-] calling stop on stop /var/lib/kolla/venv/lib/python3.6/site-packages/neutron/service.py:141
2025-07-21 02:21:31.264 29 DEBUG neutron.service [-] calling stop on stop /var/lib/kolla/venv/lib/python3.6/site-packages/neutron/service.py:141
2025-07-21 02:21:31.259 27 DEBUG neutron.service [-] calling stop on stop /var/lib/kolla/venv/lib/python3.6/site-packages/neutron/service.py:141
2025-07-21 02:21:31.265 23 DEBUG neutron.service [-] calling RpcWorker stop() stop /var/lib/kolla/venv/lib/python3.6/site-packages/neutron/service.py:138
2025-07-21 02:21:31.261 25 DEBUG neutron.service [-] calling stop on stop /var/lib/kolla/venv/lib/python3.6/site-packages/neutron/service.py:141
2025-07-21 02:21:31.266 7 INFO oslo_service.service [-] Child 22 exited with status 0
2025-07-21 02:21:31.266 23 DEBUG neutron.service [-] calling stop on stop /var/lib/kolla/venv/lib/python3.6/site-packages/neutron/service.py:141
2025-07-21 02:21:31.277 24 DEBUG neutron.service [-] calling RpcWorker stop() stop /var/lib/kolla/venv/lib/python3.6/site-packages/neutron/service.py:138
2025-07-21 02:21:31.277 24 DEBUG neutron.service [-] calling stop on stop /var/lib/kolla/venv/lib/python3.6/site-packages/neutron/service.py:141
2025-07-21 02:21:32.052 26 DEBUG oslo_concurrency.lockutils [req-8ba2ed2e-ee0c-49e2-bdec-2d9fd990fa73 - - - - -] Acquired lock "singleton_lock" lock /var/lib/kolla/venv/lib/python3.6/site-packages/oslo_concurrency/lockutils.py:294
2025-07-21 02:21:32.052 26 DEBUG oslo_concurrency.lockutils [req-8ba2ed2e-ee0c-49e2-bdec-2d9fd990fa73 - - - - -] Releasing lock "singleton_lock" lock /var/lib/kolla/venv/lib/python3.6/site-packages/oslo_concurrency/lockutils.py:312
2025-07-21 02:21:32.052 26 DEBUG neutron.service [req-8ba2ed2e-ee0c-49e2-bdec-2d9fd990fa73 - - - - -] calling RpcWorker wait() _wait /var/lib/kolla/venv/lib/python3.6/site-packages/neutron/service.py:128
2025-07-21 02:21:32.053 26 DEBUG neutron.service [req-8ba2ed2e-ee0c-49e2-bdec-2d9fd990fa73 - - - - -] calling wait on _wait /var/lib/kolla/venv/lib/python3.6/site-packages/neutron/service.py:131
2025-07-21 02:21:32.057 27 DEBUG oslo_concurrency.lockutils [req-8ba2ed2e-ee0c-49e2-bdec-2d9fd990fa73 - - - - -] Acquired lock "singleton_lock" lock /var/lib/kolla/venv/lib/python3.6/site-packages/oslo_concurrency/lockutils.py:294
2025-07-21 02:21:32.058 27 DEBUG oslo_concurrency.lockutils [req-8ba2ed2e-ee0c-49e2-bdec-2d9fd990fa73 - - - - -] Releasing lock "singleton_lock" lock /var/lib/kolla/venv/lib/python3.6/site-packages/oslo_concurrency/lockutils.py:312
2025-07-21 02:21:32.058 27 DEBUG neutron.service [req-8ba2ed2e-ee0c-49e2-bdec-2d9fd990fa73 - - - - -] calling RpcWorker wait() _wait /var/lib/kolla/venv/lib/python3.6/site-packages/neutron/service.py:128
2025-07-21 02:21:32.059 27 DEBUG neutron.service [req-8ba2ed2e-ee0c-49e2-bdec-2d9fd990fa73 - - - - -] calling wait on _wait /var/lib/kolla/venv/lib/python3.6/site-packages/neutron/service.py:131
2025-07-21 02:21:32.060 26 WARNING amqp [req-8ba2ed2e-ee0c-49e2-bdec-2d9fd990fa73 - - - - -] Received method (60, 30) during closing channel 1. This method will be ignored
2025-07-21 02:21:32.060 26 DEBUG neutron.service [req-8ba2ed2e-ee0c-49e2-bdec-2d9fd990fa73 - - - - -] returning from RpcWorker wait() _wait /var/lib/kolla/venv/lib/python3.6/site-packages/neutron/service.py:135
2025-07-21 02:21:32.064 27 WARNING amqp [req-8ba2ed2e-ee0c-49e2-bdec-2d9fd990fa73 - - - - -] Received method (60, 30) during closing channel 1. This method will be ignored
2025-07-21 02:21:32.065 7 INFO oslo_service.service [-] Child 26 exited with status 0
2025-07-21 02:21:32.067 27 DEBUG neutron.service [req-8ba2ed2e-ee0c-49e2-bdec-2d9fd990fa73 - - - - -] returning from RpcWorker wait() _wait /var/lib/kolla/venv/lib/python3.6/site-packages/neutron/service.py:135
2025-07-21 02:21:32.070 7 INFO oslo_service.service [-] Child 27 exited with status 0
2025-07-21 02:21:34.085 28 DEBUG oslo_concurrency.lockutils [req-8ba2ed2e-ee0c-49e2-bdec-2d9fd990fa73 - - - - -] Acquired lock "singleton_lock" lock /var/lib/kolla/venv/lib/python3.6/site-packages/oslo_concurrency/lockutils.py:294
2025-07-21 02:21:34.086 28 DEBUG oslo_concurrency.lockutils [req-8ba2ed2e-ee0c-49e2-bdec-2d9fd990fa73 - - - - -] Releasing lock "singleton_lock" lock /var/lib/kolla/venv/lib/python3.6/site-packages/oslo_concurrency/lockutils.py:312
2025-07-21 02:21:34.086 28 DEBUG neutron.service [req-8ba2ed2e-ee0c-49e2-bdec-2d9fd990fa73 - - - - -] calling RpcWorker wait() _wait /var/lib/kolla/venv/lib/python3.6/site-packages/neutron/service.py:128
2025-07-21 02:21:34.086 28 DEBUG neutron.service [req-8ba2ed2e-ee0c-49e2-bdec-2d9fd990fa73 - - - - -] calling wait on _wait /var/lib/kolla/venv/lib/python3.6/site-packages/neutron/service.py:131
2025-07-21 02:21:34.112 28 WARNING amqp [req-8ba2ed2e-ee0c-49e2-bdec-2d9fd990fa73 - - - - -] Received method (60, 30) during closing channel 1. This method will be ignored
2025-07-21 02:21:34.136 28 DEBUG neutron.service [req-8ba2ed2e-ee0c-49e2-bdec-2d9fd990fa73 - - - - -] returning from RpcWorker wait() _wait /var/lib/kolla/venv/lib/python3.6/site-packages/neutron/service.py:135
2025-07-21 02:21:34.140 7 INFO oslo_service.service [-] Child 28 exited with status 0
2025-07-21 02:21:34.997 24 DEBUG neutron.service [-] calling stop on stop /var/lib/kolla/venv/lib/python3.6/site-packages/neutron/service.py:141
2025-07-21 02:21:35.008 24 DEBUG neutron.service [-] calling stop on stop /var/lib/kolla/venv/lib/python3.6/site-packages/neutron/service.py:141
2025-07-21 02:21:35.011 23 DEBUG neutron.service [-] calling stop on stop /var/lib/kolla/venv/lib/python3.6/site-packages/neutron/service.py:141
2025-07-21 02:21:35.025 29 DEBUG oslo_concurrency.lockutils [req-8ba2ed2e-ee0c-49e2-bdec-2d9fd990fa73 - - - - -] Acquired lock "singleton_lock" lock /var/lib/kolla/venv/lib/python3.6/site-packages/oslo_concurrency/lockutils.py:294
2025-07-21 02:21:35.026 29 DEBUG oslo_concurrency.lockutils [req-8ba2ed2e-ee0c-49e2-bdec-2d9fd990fa73 - - - - -] Releasing lock "singleton_lock" lock /var/lib/kolla/venv/lib/python3.6/site-packages/oslo_concurrency/lockutils.py:312
2025-07-21 02:21:35.026 29 DEBUG neutron.service [req-8ba2ed2e-ee0c-49e2-bdec-2d9fd990fa73 - - - - -] calling RpcWorker wait() _wait /var/lib/kolla/venv/lib/python3.6/site-packages/neutron/service.py:128
2025-07-21 02:21:35.026 29 DEBUG neutron.service [req-8ba2ed2e-ee0c-49e2-bdec-2d9fd990fa73 - - - - -] calling wait on _wait /var/lib/kolla/venv/lib/python3.6/site-packages/neutron/service.py:131
2025-07-21 02:21:35.028 23 DEBUG neutron.service [-] calling stop on stop /var/lib/kolla/venv/lib/python3.6/site-packages/neutron/service.py:141
2025-07-21 02:21:35.034 25 DEBUG neutron.service [-] calling stop on stop /var/lib/kolla/venv/lib/python3.6/site-packages/neutron/service.py:141
2025-07-21 02:21:35.040 25 DEBUG neutron.service [-] calling stop on stop /var/lib/kolla/venv/lib/python3.6/site-packages/neutron/service.py:141
2025-07-21 02:21:35.042 24 DEBUG neutron.service [-] calling stop on stop /var/lib/kolla/venv/lib/python3.6/site-packages/neutron/service.py:141
2025-07-21 02:21:35.047 25 DEBUG neutron.service [-] calling stop on stop /var/lib/kolla/venv/lib/python3.6/site-packages/neutron/service.py:141
2025-07-21 02:21:35.047 29 WARNING amqp [req-8ba2ed2e-ee0c-49e2-bdec-2d9fd990fa73 - - - - -] Received method (60, 30) during closing channel 1. This method will be ignored
2025-07-21 02:21:35.048 29 DEBUG neutron.service [req-8ba2ed2e-ee0c-49e2-bdec-2d9fd990fa73 - - - - -] returning from RpcWorker wait() _wait /var/lib/kolla/venv/lib/python3.6/site-packages/neutron/service.py:135
2025-07-21 02:21:35.055 7 INFO oslo_service.service [-] Child 29 exited with status 0
2025-07-21 02:21:35.055 24 DEBUG oslo_concurrency.lockutils [req-8ba2ed2e-ee0c-49e2-bdec-2d9fd990fa73 - - - - -] Acquired lock "singleton_lock" lock /var/lib/kolla/venv/lib/python3.6/site-packages/oslo_concurrency/lockutils.py:294
2025-07-21 02:21:35.056 24 DEBUG oslo_concurrency.lockutils [req-8ba2ed2e-ee0c-49e2-bdec-2d9fd990fa73 - - - - -] Releasing lock "singleton_lock" lock /var/lib/kolla/venv/lib/python3.6/site-packages/oslo_concurrency/lockutils.py:312
2025-07-21 02:21:35.056 24 DEBUG neutron.service [req-8ba2ed2e-ee0c-49e2-bdec-2d9fd990fa73 - - - - -] calling RpcWorker wait() _wait /var/lib/kolla/venv/lib/python3.6/site-packages/neutron/service.py:128
2025-07-21 02:21:35.056 24 DEBUG neutron.service [req-8ba2ed2e-ee0c-49e2-bdec-2d9fd990fa73 - - - - -] calling wait on _wait /var/lib/kolla/venv/lib/python3.6/site-packages/neutron/service.py:131
2025-07-21 02:21:35.061 24 WARNING amqp [req-8ba2ed2e-ee0c-49e2-bdec-2d9fd990fa73 - - - - -] Received method (60, 30) during closing channel 1. This method will be ignored
2025-07-21 02:21:35.062 24 DEBUG neutron.service [req-8ba2ed2e-ee0c-49e2-bdec-2d9fd990fa73 - - - - -] calling wait on _wait /var/lib/kolla/venv/lib/python3.6/site-packages/neutron/service.py:131
2025-07-21 02:21:35.066 25 DEBUG oslo_concurrency.lockutils [req-8ba2ed2e-ee0c-49e2-bdec-2d9fd990fa73 - - - - -] Acquired lock "singleton_lock" lock /var/lib/kolla/venv/lib/python3.6/site-packages/oslo_concurrency/lockutils.py:294
2025-07-21 02:21:35.066 25 DEBUG oslo_concurrency.lockutils [req-8ba2ed2e-ee0c-49e2-bdec-2d9fd990fa73 - - - - -] Releasing lock "singleton_lock" lock /var/lib/kolla/venv/lib/python3.6/site-packages/oslo_concurrency/lockutils.py:312
2025-07-21 02:21:35.066 25 DEBUG neutron.service [req-8ba2ed2e-ee0c-49e2-bdec-2d9fd990fa73 - - - - -] calling RpcWorker wait() _wait /var/lib/kolla/venv/lib/python3.6/site-packages/neutron/service.py:128
2025-07-21 02:21:35.066 25 DEBUG neutron.service [req-8ba2ed2e-ee0c-49e2-bdec-2d9fd990fa73 - - - - -] calling wait on _wait /var/lib/kolla/venv/lib/python3.6/site-packages/neutron/service.py:131
2025-07-21 02:21:35.067 24 WARNING amqp [req-8ba2ed2e-ee0c-49e2-bdec-2d9fd990fa73 - - - - -] Received method (60, 30) during closing channel 1. This method will be ignored
2025-07-21 02:21:35.068 24 DEBUG neutron.service [req-8ba2ed2e-ee0c-49e2-bdec-2d9fd990fa73 - - - - -] calling wait on _wait /var/lib/kolla/venv/lib/python3.6/site-packages/neutron/service.py:131
2025-07-21 02:21:35.071 25 WARNING amqp [req-8ba2ed2e-ee0c-49e2-bdec-2d9fd990fa73 - - - - -] Received method (60, 30) during closing channel 1. This method will be ignored
2025-07-21 02:21:35.071 25 DEBUG neutron.service [req-8ba2ed2e-ee0c-49e2-bdec-2d9fd990fa73 - - - - -] calling wait on _wait /var/lib/kolla/venv/lib/python3.6/site-packages/neutron/service.py:131
2025-07-21 02:21:35.074 24 WARNING amqp [req-8ba2ed2e-ee0c-49e2-bdec-2d9fd990fa73 - - - - -] Received method (60, 30) during closing channel 1. This method will be ignored
2025-07-21 02:21:35.076 25 WARNING amqp [req-8ba2ed2e-ee0c-49e2-bdec-2d9fd990fa73 - - - - -] Received method (60, 30) during closing channel 1. This method will be ignored
2025-07-21 02:21:35.077 25 DEBUG neutron.service [req-8ba2ed2e-ee0c-49e2-bdec-2d9fd990fa73 - - - - -] calling wait on _wait /var/lib/kolla/venv/lib/python3.6/site-packages/neutron/service.py:131
2025-07-21 02:21:35.076 24 DEBUG neutron.service [req-8ba2ed2e-ee0c-49e2-bdec-2d9fd990fa73 - - - - -] calling wait on _wait /var/lib/kolla/venv/lib/python3.6/site-packages/neutron/service.py:131
2025-07-21 02:21:35.082 25 WARNING amqp [req-8ba2ed2e-ee0c-49e2-bdec-2d9fd990fa73 - - - - -] Received method (60, 30) during closing channel 1. This method will be ignored
2025-07-21 02:21:35.082 25 DEBUG neutron.service [req-8ba2ed2e-ee0c-49e2-bdec-2d9fd990fa73 - - - - -] calling wait on _wait /var/lib/kolla/venv/lib/python3.6/site-packages/neutron/service.py:131
2025-07-21 02:21:35.085 24 WARNING amqp [req-8ba2ed2e-ee0c-49e2-bdec-2d9fd990fa73 - - - - -] Received method (60, 30) during closing channel 1. This method will be ignored
2025-07-21 02:21:35.086 24 DEBUG neutron.service [req-8ba2ed2e-ee0c-49e2-bdec-2d9fd990fa73 - - - - -] returning from RpcWorker wait() _wait /var/lib/kolla/venv/lib/python3.6/site-packages/neutron/service.py:135
2025-07-21 02:21:35.089 25 WARNING amqp [req-8ba2ed2e-ee0c-49e2-bdec-2d9fd990fa73 - - - - -] Received method (60, 30) during closing channel 1. This method will be ignored
2025-07-21 02:21:35.089 25 DEBUG neutron.service [req-8ba2ed2e-ee0c-49e2-bdec-2d9fd990fa73 - - - - -] returning from RpcWorker wait() _wait /var/lib/kolla/venv/lib/python3.6/site-packages/neutron/service.py:135
2025-07-21 02:21:35.093 7 INFO oslo_service.service [-] Child 24 exited with status 0
2025-07-21 02:21:35.095 7 INFO oslo_service.service [-] Child 25 exited with status 0
2025-07-21 02:21:39.082 23 DEBUG neutron.service [-] calling stop on stop /var/lib/kolla/venv/lib/python3.6/site-packages/neutron/service.py:141
2025-07-21 02:21:44.307 7 INFO neutron.common.config [-] Logging enabled!
2025-07-21 02:21:44.307 7 INFO neutron.common.config [-] /var/lib/kolla/venv/bin/neutron-server version 20.5.1.dev23
2025-07-21 02:21:44.307 7 DEBUG neutron.common.config [-] command line: /var/lib/kolla/venv/bin/neutron-server --config-file /etc/neutron/neutron.conf --config-file /etc/neutron/ContrailPlugin.ini --config-file /etc/neutron/api-paste.ini setup_logging /var/lib/kolla/venv/lib/python3.6/site-packages/neutron/common/config.py:115
2025-07-21 02:21:44.312 7 INFO neutron.common.config [-] Logging enabled!
2025-07-21 02:21:44.312 7 INFO neutron.common.config [-] /var/lib/kolla/venv/bin/neutron-server version 20.5.1.dev23
2025-07-21 02:21:44.313 7 DEBUG neutron.common.config [-] command line: /var/lib/kolla/venv/bin/neutron-server --config-file /etc/neutron/neutron.conf --config-file /etc/neutron/ContrailPlugin.ini --config-file /etc/neutron/api-paste.ini setup_logging /var/lib/kolla/venv/lib/python3.6/site-packages/neutron/common/config.py:115
2025-07-21 02:21:44.313 7 DEBUG neutron.common.config [-] ******************************************************************************** log_opt_values /var/lib/kolla/venv/lib/python3.6/site-packages/oslo_config/cfg.py:2589
2025-07-21 02:21:44.313 7 DEBUG neutron.common.config [-] Configuration options gathered from: log_opt_values /var/lib/kolla/venv/lib/python3.6/site-packages/oslo_config/cfg.py:2590
2025-07-21 02:21:44.313 7 DEBUG neutron.common.config [-] command line args: ['--config-file', '/etc/neutron/neutron.conf', '--config-file', '/etc/neutron/ContrailPlugin.ini', '--config-file', '/etc/neutron/api-paste.ini'] log_opt_values /var/lib/kolla/venv/lib/python3.6/site-packages/oslo_config/cfg.py:2591
2025-07-21 02:21:44.314 7 DEBUG neutron.common.config [-] config files: ['/etc/neutron/neutron.conf', '/etc/neutron/ContrailPlugin.ini', '/etc/neutron/api-paste.ini'] log_opt_values /var/lib/kolla/venv/lib/python3.6/site-packages/oslo_config/cfg.py:2593
2025-07-21 02:21:44.314 7 DEBUG neutron.common.config [-] ================================================================================ log_opt_values /var/lib/kolla/venv/lib/python3.6/site-packages/oslo_config/cfg.py:2594
2025-07-21 02:21:44.314 7 DEBUG neutron.common.config [-] allow_bulk = True log_opt_values /var/lib/kolla/venv/lib/python3.6/site-packages/oslo_config/cfg.py:2603
2025-07-21 02:21:44.315 7 WARNING oslo_config.cfg [-] Deprecated: Option "allow_overlapping_ips" from group "DEFAULT" is deprecated for removal. Its value may be silently ignored in the future.
2025-07-21 02:21:44.315 7 DEBUG neutron.common.config [-] allow_overlapping_ips = True log_opt_values /var/lib/kolla/venv/lib/python3.6/site-packages/oslo_config/cfg.py:2603
2025-07-21 02:21:44.315 7 DEBUG neutron.common.config [-] api_extensions_path = /opt/plugin/site-packages/neutron_plugin_contrail/extensions:/opt/plugin/site-packages/neutron_lbaas/extensions log_opt_values /var/lib/kolla/venv/lib/python3.6/site-packages/oslo_config/cfg.py:2603
2025-07-21 02:21:44.315 7 DEBUG neutron.common.config [-] api_paste_config = /etc/neutron/api-paste.ini log_opt_values /var/lib/kolla/venv/lib/python3.6/site-packages/oslo_config/cfg.py:2603
2025-07-21 02:21:44.315 7 DEBUG neutron.common.config [-] api_workers = 1 log_opt_values /var/lib/kolla/venv/lib/python3.6/site-packages/oslo_config/cfg.py:2603
2025-07-21 02:21:44.315 7 DEBUG neutron.common.config [-] auth_strategy = keystone log_opt_values /var/lib/kolla/venv/lib/python3.6/site-packages/oslo_config/cfg.py:2603
2025-07-21 02:21:44.315 7 DEBUG neutron.common.config [-] backlog = 4096 log_opt_values /var/lib/kolla/venv/lib/python3.6/site-packages/oslo_config/cfg.py:2603
2025-07-21 02:21:44.316 7 DEBUG neutron.common.config [-] base_mac = fa:16:3e:00:00:00 log_opt_values /var/lib/kolla/venv/lib/python3.6/site-packages/oslo_config/cfg.py:2603
2025-07-21 02:21:44.316 7 DEBUG neutron.common.config [-] bind_host = 10.0.0.242 log_opt_values /var/lib/kolla/venv/lib/python3.6/site-packages/oslo_config/cfg.py:2603
2025-07-21 02:21:44.316 7 DEBUG neutron.common.config [-] bind_port = 9696 log_opt_values /var/lib/kolla/venv/lib/python3.6/site-packages/oslo_config/cfg.py:2603
2025-07-21 02:21:44.316 7 DEBUG neutron.common.config [-] client_socket_timeout = 900 log_opt_values /var/lib/kolla/venv/lib/python3.6/site-packages/oslo_config/cfg.py:2603
2025-07-21 02:21:44.316 7 DEBUG neutron.common.config [-] config_dir = [] log_opt_values /var/lib/kolla/venv/lib/python3.6/site-packages/oslo_config/cfg.py:2603
2025-07-21 02:21:44.317 7 DEBUG neutron.common.config [-] config_file = ['/etc/neutron/neutron.conf', '/etc/neutron/ContrailPlugin.ini', '/etc/neutron/api-paste.ini'] log_opt_values /var/lib/kolla/venv/lib/python3.6/site-packages/oslo_config/cfg.py:2603
2025-07-21 02:21:44.317 7 DEBUG neutron.common.config [-] config_source = [] log_opt_values /var/lib/kolla/venv/lib/python3.6/site-packages/oslo_config/cfg.py:2603
2025-07-21 02:21:44.317 7 DEBUG neutron.common.config [-] control_exchange = neutron log_opt_values /var/lib/kolla/venv/lib/python3.6/site-packages/oslo_config/cfg.py:2603
2025-07-21 02:21:44.317 7 DEBUG neutron.common.config [-] core_plugin = neutron_plugin_contrail.plugins.opencontrail.contrail_plugin.NeutronPluginContrailCoreV2 log_opt_values /var/lib/kolla/venv/lib/python3.6/site-packages/oslo_config/cfg.py:2603
2025-07-21 02:21:44.317 7 DEBUG neutron.common.config [-] debug = True log_opt_values /var/lib/kolla/venv/lib/python3.6/site-packages/oslo_config/cfg.py:2603
