2024-09-09 00:45:42.956 136136 DEBUG oslo_service.service [req-cbb7813b-4e25-4908-827a-8cfad97089ae - - - - -] cache.config_prefix = cache.oslo log_opt_values /usr/lib/python3/dist-packages/oslo_config/cfg.py:2609
2024-09-09 00:45:42.956 136136 DEBUG oslo_service.service [req-cbb7813b-4e25-4908-827a-8cfad97089ae - - - - -] cache.debug_cache_backend = False log_opt_values /usr/lib/python3/dist-packages/oslo_config/cfg.py:2609
2024-09-09 00:45:42.956 136136 DEBUG oslo_service.service [req-cbb7813b-4e25-4908-827a-8cfad97089ae - - - - -] cache.enabled = False log_opt_values /usr/lib/python3/dist-packages/oslo_config/cfg.py:2609
2024-09-09 00:45:42.957 136136 DEBUG oslo_service.service [req-cbb7813b-4e25-4908-827a-8cfad97089ae - - - - -] cache.expiration_time = 600 log_opt_values /usr/lib/python3/dist-packages/oslo_config/cfg.py:2609
2024-09-09 00:45:42.957 136136 DEBUG oslo_service.service [req-cbb7813b-4e25-4908-827a-8cfad97089ae - - - - -] cache.memcache_dead_retry = 300 log_opt_values /usr/lib/python3/dist-packages/oslo_config/cfg.py:2609
2024-09-09 00:45:42.957 136136 DEBUG oslo_service.service [req-cbb7813b-4e25-4908-827a-8cfad97089ae - - - - -] cache.memcache_pool_connection_get_timeout = 10 log_opt_values /usr/lib/python3/dist-packages/oslo_config/cfg.py:2609
2024-09-09 00:45:42.957 136136 DEBUG oslo_service.service [req-cbb7813b-4e25-4908-827a-8cfad97089ae - - - - -] cache.memcache_pool_flush_on_reconnect = False log_opt_values /usr/lib/python3/dist-packages/oslo_config/cfg.py:2609
2024-09-09 00:45:42.958 136136 DEBUG oslo_service.service [req-cbb7813b-4e25-4908-827a-8cfad97089ae - - - - -] cache.memcache_pool_maxsize = 10 log_opt_values /usr/lib/python3/dist-packages/oslo_config/cfg.py:2609
2024-09-09 00:45:42.958 136136 DEBUG oslo_service.service [req-cbb7813b-4e25-4908-827a-8cfad97089ae - - - - -] cache.memcache_pool_unused_timeout = 60 log_opt_values /usr/lib/python3/dist-packages/oslo_config/cfg.py:2609
2024-09-09 00:45:42.958 136136 DEBUG oslo_service.service [req-cbb7813b-4e25-4908-827a-8cfad97089ae - - - - -] cache.memcache_servers = ['localhost:11211'] log_opt_values /usr/lib/python3/dist-packages/oslo_config/cfg.py:2609
2024-09-09 00:45:42.958 136136 DEBUG oslo_service.service [req-cbb7813b-4e25-4908-827a-8cfad97089ae - - - - -] cache.memcache_socket_timeout = 1.0 log_opt_values /usr/lib/python3/dist-packages/oslo_config/cfg.py:2609
2024-09-09 00:45:42.958 136136 DEBUG oslo_service.service [req-cbb7813b-4e25-4908-827a-8cfad97089ae - - - - -] cache.proxies = [] log_opt_values /usr/lib/python3/dist-packages/oslo_config/cfg.py:2609
2024-09-09 00:45:42.959 136136 DEBUG oslo_service.service [req-cbb7813b-4e25-4908-827a-8cfad97089ae - - - - -] cache.tls_allowed_ciphers = None log_opt_values /usr/lib/python3/dist-packages/oslo_config/cfg.py:2609
2024-09-09 00:45:42.959 136136 DEBUG oslo_service.service [req-cbb7813b-4e25-4908-827a-8cfad97089ae - - - - -] cache.tls_cafile = None log_opt_values /usr/lib/python3/dist-packages/oslo_config/cfg.py:2609
2024-09-09 00:45:42.959 136136 DEBUG oslo_service.service [req-cbb7813b-4e25-4908-827a-8cfad97089ae - - - - -] cache.tls_certfile = None log_opt_values /usr/lib/python3/dist-packages/oslo_config/cfg.py:2609
2024-09-09 00:45:42.959 136136 DEBUG oslo_service.service [req-cbb7813b-4e25-4908-827a-8cfad97089ae - - - - -] cache.tls_enabled = False log_opt_values /usr/lib/python3/dist-packages/oslo_config/cfg.py:2609
2024-09-09 00:45:42.960 136136 DEBUG oslo_service.service [req-cbb7813b-4e25-4908-827a-8cfad97089ae - - - - -] cache.tls_keyfile = None log_opt_values /usr/lib/python3/dist-packages/oslo_config/cfg.py:2609
2024-09-09 00:45:42.960 136136 DEBUG oslo_service.service [req-cbb7813b-4e25-4908-827a-8cfad97089ae - - - - -] cinder.auth_section = None log_opt_values /usr/lib/python3/dist-packages/oslo_config/cfg.py:2609
2024-09-09 00:45:42.960 136136 DEBUG oslo_service.service [req-cbb7813b-4e25-4908-827a-8cfad97089ae - - - - -] cinder.auth_type = None log_opt_values /usr/lib/python3/dist-packages/oslo_config/cfg.py:2609
2024-09-09 00:45:42.960 136136 DEBUG oslo_service.service [req-cbb7813b-4e25-4908-827a-8cfad97089ae - - - - -] cinder.cafile = None log_opt_values /usr/lib/python3/dist-packages/oslo_config/cfg.py:2609
2024-09-09 00:45:42.960 136136 DEBUG oslo_service.service [req-cbb7813b-4e25-4908-827a-8cfad97089ae - - - - -] cinder.catalog_info = volumev3::publicURL log_opt_values /usr/lib/python3/dist-packages/oslo_config/cfg.py:2609
2024-09-09 00:45:42.961 136136 DEBUG oslo_service.service [req-cbb7813b-4e25-4908-827a-8cfad97089ae - - - - -] cinder.certfile = None log_opt_values /usr/lib/python3/dist-packages/oslo_config/cfg.py:2609
2024-09-09 00:45:42.961 136136 DEBUG oslo_service.service [req-cbb7813b-4e25-4908-827a-8cfad97089ae - - - - -] cinder.collect_timing = False log_opt_values /usr/lib/python3/dist-packages/oslo_config/cfg.py:2609
2024-09-09 00:45:42.961 136136 DEBUG oslo_service.service [req-cbb7813b-4e25-4908-827a-8cfad97089ae - - - - -] cinder.cross_az_attach = True log_opt_values /usr/lib/python3/dist-packages/oslo_config/cfg.py:2609
2024-09-09 00:45:42.961 136136 DEBUG oslo_service.service [req-cbb7813b-4e25-4908-827a-8cfad97089ae - - - - -] cinder.debug = False log_opt_values /usr/lib/python3/dist-packages/oslo_config/cfg.py:2609
2024-09-09 00:45:42.961 136136 DEBUG oslo_service.service [req-cbb7813b-4e25-4908-827a-8cfad97089ae - - - - -] cinder.endpoint_template = None log_opt_values /usr/lib/python3/dist-packages/oslo_config/cfg.py:2609
2024-09-09 00:45:42.962 136136 DEBUG oslo_service.service [req-cbb7813b-4e25-4908-827a-8cfad97089ae - - - - -] cinder.http_retries = 3 log_opt_values /usr/lib/python3/dist-packages/oslo_config/cfg.py:2609
2024-09-09 00:45:42.962 136136 DEBUG oslo_service.service [req-cbb7813b-4e25-4908-827a-8cfad97089ae - - - - -] cinder.insecure = False log_opt_values /usr/lib/python3/dist-packages/oslo_config/cfg.py:2609
2024-09-09 00:45:42.962 136136 DEBUG oslo_service.service [req-cbb7813b-4e25-4908-827a-8cfad97089ae - - - - -] cinder.keyfile = None log_opt_values /usr/lib/python3/dist-packages/oslo_config/cfg.py:2609
2024-09-09 00:45:42.962 136136 DEBUG oslo_service.service [req-cbb7813b-4e25-4908-827a-8cfad97089ae - - - - -] cinder.os_region_name = None log_opt_values /usr/lib/python3/dist-packages/oslo_config/cfg.py:2609
2024-09-09 00:45:42.962 136447 DEBUG oslo_messaging._drivers.amqpdriver [-] Listener is running poll /usr/lib/python3/dist-packages/oslo_messaging/_drivers/amqpdriver.py:343
2024-09-09 00:45:42.962 136136 DEBUG oslo_service.service [req-cbb7813b-4e25-4908-827a-8cfad97089ae - - - - -] cinder.split_loggers = False log_opt_values /usr/lib/python3/dist-packages/oslo_config/cfg.py:2609
2024-09-09 00:45:42.963 136136 DEBUG oslo_service.service [req-cbb7813b-4e25-4908-827a-8cfad97089ae - - - - -] cinder.timeout = None log_opt_values /usr/lib/python3/dist-packages/oslo_config/cfg.py:2609
2024-09-09 00:45:42.963 136447 DEBUG oslo_messaging._drivers.amqpdriver [-] AMQPListener connection consume poll /usr/lib/python3/dist-packages/oslo_messaging/_drivers/amqpdriver.py:357
2024-09-09 00:45:42.963 136136 DEBUG oslo_service.service [req-cbb7813b-4e25-4908-827a-8cfad97089ae - - - - -] compute.consecutive_build_service_disable_threshold = 10 log_opt_values /usr/lib/python3/dist-packages/oslo_config/cfg.py:2609
2024-09-09 00:45:42.963 136136 DEBUG oslo_service.service [req-cbb7813b-4e25-4908-827a-8cfad97089ae - - - - -] compute.cpu_dedicated_set = None log_opt_values /usr/lib/python3/dist-packages/oslo_config/cfg.py:2609
2024-09-09 00:45:42.963 136136 DEBUG oslo_service.service [req-cbb7813b-4e25-4908-827a-8cfad97089ae - - - - -] compute.cpu_shared_set = None log_opt_values /usr/lib/python3/dist-packages/oslo_config/cfg.py:2609
2024-09-09 00:45:42.964 136136 DEBUG oslo_service.service [req-cbb7813b-4e25-4908-827a-8cfad97089ae - - - - -] compute.image_type_exclude_list = [] log_opt_values /usr/lib/python3/dist-packages/oslo_config/cfg.py:2609
2024-09-09 00:45:42.964 136136 DEBUG oslo_service.service [req-cbb7813b-4e25-4908-827a-8cfad97089ae - - - - -] compute.live_migration_wait_for_vif_plug = True log_opt_values /usr/lib/python3/dist-packages/oslo_config/cfg.py:2609
2024-09-09 00:45:42.964 136136 DEBUG oslo_service.service [req-cbb7813b-4e25-4908-827a-8cfad97089ae - - - - -] compute.max_concurrent_disk_ops = 0 log_opt_values /usr/lib/python3/dist-packages/oslo_config/cfg.py:2609
2024-09-09 00:45:42.964 136136 DEBUG oslo_service.service [req-cbb7813b-4e25-4908-827a-8cfad97089ae - - - - -] compute.max_disk_devices_to_attach = -1 log_opt_values /usr/lib/python3/dist-packages/oslo_config/cfg.py:2609
2024-09-09 00:45:42.964 136136 DEBUG oslo_service.service [req-cbb7813b-4e25-4908-827a-8cfad97089ae - - - - -] compute.packing_host_numa_cells_allocation_strategy = True log_opt_values /usr/lib/python3/dist-packages/oslo_config/cfg.py:2609
2024-09-09 00:45:42.964 136136 DEBUG oslo_service.service [req-cbb7813b-4e25-4908-827a-8cfad97089ae - - - - -] compute.provider_config_location = /etc/nova/provider_config/ log_opt_values /usr/lib/python3/dist-packages/oslo_config/cfg.py:2609
2024-09-09 00:45:42.964 136447 DEBUG nova.service [req-f2e957fd-47bc-4490-ad87-064e0665127d - - - - -] Join ServiceGroup membership for this service scheduler start /usr/lib/python3/dist-packages/nova/service.py:199
2024-09-09 00:45:42.964 136136 DEBUG oslo_service.service [req-cbb7813b-4e25-4908-827a-8cfad97089ae - - - - -] compute.resource_provider_association_refresh = 300 log_opt_values /usr/lib/python3/dist-packages/oslo_config/cfg.py:2609
2024-09-09 00:45:42.965 136136 DEBUG oslo_service.service [req-cbb7813b-4e25-4908-827a-8cfad97089ae - - - - -] compute.shutdown_retry_interval = 10 log_opt_values /usr/lib/python3/dist-packages/oslo_config/cfg.py:2609
2024-09-09 00:45:42.965 136447 DEBUG nova.servicegroup.drivers.db [req-f2e957fd-47bc-4490-ad87-064e0665127d - - - - -] DB_Driver: join new ServiceGroup member juju-4cbe74-0-lxd-7 to the scheduler group, service = join /usr/lib/python3/dist-packages/nova/servicegroup/drivers/db.py:44
2024-09-09 00:45:42.965 136136 DEBUG oslo_service.service [req-cbb7813b-4e25-4908-827a-8cfad97089ae - - - - -] compute.vmdk_allowed_types = ['streamOptimized', 'monolithicSparse'] log_opt_values /usr/lib/python3/dist-packages/oslo_config/cfg.py:2609
2024-09-09 00:45:42.965 136136 DEBUG oslo_service.service [req-cbb7813b-4e25-4908-827a-8cfad97089ae - - - - -] conductor.workers = 4 log_opt_values /usr/lib/python3/dist-packages/oslo_config/cfg.py:2609
2024-09-09 00:45:42.966 136136 DEBUG oslo_service.service [req-cbb7813b-4e25-4908-827a-8cfad97089ae - - - - -] console.allowed_origins = [] log_opt_values /usr/lib/python3/dist-packages/oslo_config/cfg.py:2609
2024-09-09 00:45:42.966 136136 DEBUG oslo_service.service [req-cbb7813b-4e25-4908-827a-8cfad97089ae - - - - -] console.ssl_ciphers = None log_opt_values /usr/lib/python3/dist-packages/oslo_config/cfg.py:2609
2024-09-09 00:45:42.966 136136 DEBUG oslo_service.service [req-cbb7813b-4e25-4908-827a-8cfad97089ae - - - - -] console.ssl_minimum_version = default log_opt_values /usr/lib/python3/dist-packages/oslo_config/cfg.py:2609
2024-09-09 00:45:42.967 136136 DEBUG oslo_service.service [req-cbb7813b-4e25-4908-827a-8cfad97089ae - - - - -] consoleauth.token_ttl = 600 log_opt_values /usr/lib/python3/dist-packages/oslo_config/cfg.py:2609
2024-09-09 00:45:42.967 136136 DEBUG oslo_service.service [req-cbb7813b-4e25-4908-827a-8cfad97089ae - - - - -] cyborg.cafile = None log_opt_values /usr/lib/python3/dist-packages/oslo_config/cfg.py:2609
2024-09-09 00:45:42.967 136136 DEBUG oslo_service.service [req-cbb7813b-4e25-4908-827a-8cfad97089ae - - - - -] cyborg.certfile = None log_opt_values /usr/lib/python3/dist-packages/oslo_config/cfg.py:2609
2024-09-09 00:45:42.967 136136 DEBUG oslo_service.service [req-cbb7813b-4e25-4908-827a-8cfad97089ae - - - - -] cyborg.collect_timing = False log_opt_values /usr/lib/python3/dist-packages/oslo_config/cfg.py:2609
2024-09-09 00:45:42.968 136136 DEBUG oslo_service.service [req-cbb7813b-4e25-4908-827a-8cfad97089ae - - - - -] cyborg.connect_retries = None log_opt_values /usr/lib/python3/dist-packages/oslo_config/cfg.py:2609
2024-09-09 00:45:42.968 136136 DEBUG oslo_service.service [req-cbb7813b-4e25-4908-827a-8cfad97089ae - - - - -] cyborg.connect_retry_delay = None log_opt_values /usr/lib/python3/dist-packages/oslo_config/cfg.py:2609
2024-09-09 00:45:42.968 136136 DEBUG oslo_service.service [req-cbb7813b-4e25-4908-827a-8cfad97089ae - - - - -] cyborg.endpoint_override = None log_opt_values /usr/lib/python3/dist-packages/oslo_config/cfg.py:2609
2024-09-09 00:45:42.968 136136 DEBUG oslo_service.service [req-cbb7813b-4e25-4908-827a-8cfad97089ae - - - - -] cyborg.insecure = False log_opt_values /usr/lib/python3/dist-packages/oslo_config/cfg.py:2609
2024-09-09 00:45:42.969 136136 DEBUG oslo_service.service [req-cbb7813b-4e25-4908-827a-8cfad97089ae - - - - -] cyborg.keyfile = None log_opt_values /usr/lib/python3/dist-packages/oslo_config/cfg.py:2609
2024-09-09 00:45:42.969 136136 DEBUG oslo_service.service [req-cbb7813b-4e25-4908-827a-8cfad97089ae - - - - -] cyborg.max_version = None log_opt_values /usr/lib/python3/dist-packages/oslo_config/cfg.py:2609
2024-09-09 00:45:42.969 136136 DEBUG oslo_service.service [req-cbb7813b-4e25-4908-827a-8cfad97089ae - - - - -] cyborg.min_version = None log_opt_values /usr/lib/python3/dist-packages/oslo_config/cfg.py:2609
2024-09-09 00:45:42.969 136136 DEBUG oslo_service.service [req-cbb7813b-4e25-4908-827a-8cfad97089ae - - - - -] cyborg.region_name = None log_opt_values /usr/lib/python3/dist-packages/oslo_config/cfg.py:2609
2024-09-09 00:45:42.969 136136 DEBUG oslo_service.service [req-cbb7813b-4e25-4908-827a-8cfad97089ae - - - - -] cyborg.service_name = None log_opt_values /usr/lib/python3/dist-packages/oslo_config/cfg.py:2609
2024-09-09 00:45:42.970 136136 DEBUG oslo_service.service [req-cbb7813b-4e25-4908-827a-8cfad97089ae - - - - -] cyborg.service_type = accelerator log_opt_values /usr/lib/python3/dist-packages/oslo_config/cfg.py:2609
2024-09-09 00:45:42.970 136136 DEBUG oslo_service.service [req-cbb7813b-4e25-4908-827a-8cfad97089ae - - - - -] cyborg.split_loggers = False log_opt_values /usr/lib/python3/dist-packages/oslo_config/cfg.py:2609
2024-09-09 00:45:42.970 136136 DEBUG oslo_service.service [req-cbb7813b-4e25-4908-827a-8cfad97089ae - - - - -] cyborg.status_code_retries = None log_opt_values /usr/lib/python3/dist-packages/oslo_config/cfg.py:2609
2024-09-09 00:45:42.970 136136 DEBUG oslo_service.service [req-cbb7813b-4e25-4908-827a-8cfad97089ae - - - - -] cyborg.status_code_retry_delay = None log_opt_values /usr/lib/python3/dist-packages/oslo_config/cfg.py:2609
2024-09-09 00:45:42.970 136136 DEBUG oslo_service.service [req-cbb7813b-4e25-4908-827a-8cfad97089ae - - - - -] cyborg.timeout = None log_opt_values /usr/lib/python3/dist-packages/oslo_config/cfg.py:2609
2024-09-09 00:45:42.971 136136 DEBUG oslo_service.service [req-cbb7813b-4e25-4908-827a-8cfad97089ae - - - - -] cyborg.valid_interfaces = ['internal', 'public'] log_opt_values /usr/lib/python3/dist-packages/oslo_config/cfg.py:2609
2024-09-09 00:45:42.971 136136 DEBUG oslo_service.service [req-cbb7813b-4e25-4908-827a-8cfad97089ae - - - - -] cyborg.version = None log_opt_values /usr/lib/python3/dist-packages/oslo_config/cfg.py:2609
2024-09-09 00:45:42.971 136136 DEBUG oslo_service.service [req-cbb7813b-4e25-4908-827a-8cfad97089ae - - - - -] database.backend = sqlalchemy log_opt_values /usr/lib/python3/dist-packages/oslo_config/cfg.py:2609
2024-09-09 00:45:42.971 136448 DEBUG nova.service [req-3d5380b7-0171-40f3-8243-9c02a43a7429 - - - - -] Creating RPC server for service scheduler start /usr/lib/python3/dist-packages/nova/service.py:182
2024-09-09 00:45:42.971 136136 DEBUG oslo_service.service [req-cbb7813b-4e25-4908-827a-8cfad97089ae - - - - -] database.connection = **** log_opt_values /usr/lib/python3/dist-packages/oslo_config/cfg.py:2609
2024-09-09 00:45:42.972 136136 DEBUG oslo_service.service [req-cbb7813b-4e25-4908-827a-8cfad97089ae - - - - -] database.connection_debug = 0 log_opt_values /usr/lib/python3/dist-packages/oslo_config/cfg.py:2609
2024-09-09 00:45:42.971 136447 DEBUG oslo_messaging._drivers.amqpdriver [-] AMQPListener connection timeout poll /usr/lib/python3/dist-packages/oslo_messaging/_drivers/amqpdriver.py:360
2024-09-09 00:45:42.972 136136 DEBUG oslo_service.service [req-cbb7813b-4e25-4908-827a-8cfad97089ae - - - - -] database.connection_parameters = log_opt_values /usr/lib/python3/dist-packages/oslo_config/cfg.py:2609
2024-09-09 00:45:42.972 136447 DEBUG oslo_messaging._drivers.amqpdriver [-] Listener is running poll /usr/lib/python3/dist-packages/oslo_messaging/_drivers/amqpdriver.py:343
2024-09-09 00:45:42.972 136136 DEBUG oslo_service.service [req-cbb7813b-4e25-4908-827a-8cfad97089ae - - - - -] database.connection_recycle_time = 3600 log_opt_values /usr/lib/python3/dist-packages/oslo_config/cfg.py:2609
2024-09-09 00:45:42.972 136449 DEBUG oslo_messaging._drivers.amqpdriver [-] Listener is running poll /usr/lib/python3/dist-packages/oslo_messaging/_drivers/amqpdriver.py:343
2024-09-09 00:45:42.972 136136 DEBUG oslo_service.service [req-cbb7813b-4e25-4908-827a-8cfad97089ae - - - - -] database.connection_trace = False log_opt_values /usr/lib/python3/dist-packages/oslo_config/cfg.py:2609
2024-09-09 00:45:42.972 136449 DEBUG oslo_messaging._drivers.amqpdriver [-] AMQPListener connection consume poll /usr/lib/python3/dist-packages/oslo_messaging/_drivers/amqpdriver.py:357
2024-09-09 00:45:42.972 136447 DEBUG oslo_messaging._drivers.amqpdriver [-] AMQPListener connection consume poll /usr/lib/python3/dist-packages/oslo_messaging/_drivers/amqpdriver.py:357
2024-09-09 00:45:42.972 136136 DEBUG oslo_service.service [req-cbb7813b-4e25-4908-827a-8cfad97089ae - - - - -] database.db_inc_retry_interval = True log_opt_values /usr/lib/python3/dist-packages/oslo_config/cfg.py:2609
2024-09-09 00:45:42.973 136136 DEBUG oslo_service.service [req-cbb7813b-4e25-4908-827a-8cfad97089ae - - - - -] database.db_max_retries = 20 log_opt_values /usr/lib/python3/dist-packages/oslo_config/cfg.py:2609
2024-09-09 00:45:42.973 136136 DEBUG oslo_service.service [req-cbb7813b-4e25-4908-827a-8cfad97089ae - - - - -] database.db_max_retry_interval = 10 log_opt_values /usr/lib/python3/dist-packages/oslo_config/cfg.py:2609
2024-09-09 00:45:42.973 136136 DEBUG oslo_service.service [req-cbb7813b-4e25-4908-827a-8cfad97089ae - - - - -] database.db_retry_interval = 1 log_opt_values /usr/lib/python3/dist-packages/oslo_config/cfg.py:2609
2024-09-09 00:45:42.973 136449 DEBUG nova.service [req-61dd7014-3f98-4922-9e37-74fb9beb5b25 - - - - -] Join ServiceGroup membership for this service scheduler start /usr/lib/python3/dist-packages/nova/service.py:199
2024-09-09 00:45:42.973 136136 DEBUG oslo_service.service [req-cbb7813b-4e25-4908-827a-8cfad97089ae - - - - -] database.max_overflow = 50 log_opt_values /usr/lib/python3/dist-packages/oslo_config/cfg.py:2609
2024-09-09 00:45:42.974 136449 DEBUG nova.servicegroup.drivers.db [req-61dd7014-3f98-4922-9e37-74fb9beb5b25 - - - - -] DB_Driver: join new ServiceGroup member juju-4cbe74-0-lxd-7 to the scheduler group, service = join /usr/lib/python3/dist-packages/nova/servicegroup/drivers/db.py:44
2024-09-09 00:45:42.974 136136 DEBUG oslo_service.service [req-cbb7813b-4e25-4908-827a-8cfad97089ae - - - - -] database.max_pool_size = 4 log_opt_values /usr/lib/python3/dist-packages/oslo_config/cfg.py:2609
2024-09-09 00:45:42.974 136136 DEBUG oslo_service.service [req-cbb7813b-4e25-4908-827a-8cfad97089ae - - - - -] database.max_retries = 10 log_opt_values /usr/lib/python3/dist-packages/oslo_config/cfg.py:2609
2024-09-09 00:45:42.974 136136 DEBUG oslo_service.service [req-cbb7813b-4e25-4908-827a-8cfad97089ae - - - - -] database.mysql_enable_ndb = False log_opt_values /usr/lib/python3/dist-packages/oslo_config/cfg.py:2609
2024-09-09 00:45:42.974 136450 DEBUG oslo_messaging._drivers.amqpdriver [-] Listener is running poll /usr/lib/python3/dist-packages/oslo_messaging/_drivers/amqpdriver.py:343
2024-09-09 00:45:42.974 136136 DEBUG oslo_service.service [req-cbb7813b-4e25-4908-827a-8cfad97089ae - - - - -] database.mysql_sql_mode = TRADITIONAL log_opt_values /usr/lib/python3/dist-packages/oslo_config/cfg.py:2609
2024-09-09 00:45:42.975 136450 DEBUG oslo_messaging._drivers.amqpdriver [-] AMQPListener connection consume poll /usr/lib/python3/dist-packages/oslo_messaging/_drivers/amqpdriver.py:357
2024-09-09 00:45:42.975 136136 DEBUG oslo_service.service [req-cbb7813b-4e25-4908-827a-8cfad97089ae - - - - -] database.pool_timeout = None log_opt_values /usr/lib/python3/dist-packages/oslo_config/cfg.py:2609
2024-09-09 00:45:42.975 136136 DEBUG oslo_service.service [req-cbb7813b-4e25-4908-827a-8cfad97089ae - - - - -] database.retry_interval = 10 log_opt_values /usr/lib/python3/dist-packages/oslo_config/cfg.py:2609
2024-09-09 00:45:42.975 136136 DEBUG oslo_service.service [req-cbb7813b-4e25-4908-827a-8cfad97089ae - - - - -] database.slave_connection = **** log_opt_values /usr/lib/python3/dist-packages/oslo_config/cfg.py:2609
2024-09-09 00:45:42.975 136450 DEBUG nova.service [req-4deaa32f-803c-45bb-8d62-4a9320002702 - - - - -] Join ServiceGroup membership for this service scheduler start /usr/lib/python3/dist-packages/nova/service.py:199
2024-09-09 00:45:42.975 136136 DEBUG oslo_service.service [req-cbb7813b-4e25-4908-827a-8cfad97089ae - - - - -] database.sqlite_synchronous = True log_opt_values /usr/lib/python3/dist-packages/oslo_config/cfg.py:2609
2024-09-09 00:45:42.976 136450 DEBUG nova.servicegroup.drivers.db [req-4deaa32f-803c-45bb-8d62-4a9320002702 - - - - -] DB_Driver: join new ServiceGroup member juju-4cbe74-0-lxd-7 to the scheduler group, service = join /usr/lib/python3/dist-packages/nova/servicegroup/drivers/db.py:44
2024-09-09 00:45:42.976 136136 DEBUG oslo_service.service [req-cbb7813b-4e25-4908-827a-8cfad97089ae - - - - -] database.use_db_reconnect = False log_opt_values /usr/lib/python3/dist-packages/oslo_config/cfg.py:2609
2024-09-09 00:45:42.976 136136 DEBUG oslo_service.service [req-cbb7813b-4e25-4908-827a-8cfad97089ae - - - - -] api_database.backend = sqlalchemy log_opt_values /usr/lib/python3/dist-packages/oslo_config/cfg.py:2609
2024-09-09 00:45:42.976 136449 DEBUG oslo_messaging._drivers.amqpdriver [-] AMQPListener connection timeout poll /usr/lib/python3/dist-packages/oslo_messaging/_drivers/amqpdriver.py:360
2024-09-09 00:45:42.976 136136 DEBUG oslo_service.service [req-cbb7813b-4e25-4908-827a-8cfad97089ae - - - - -] api_database.connection = **** log_opt_values /usr/lib/python3/dist-packages/oslo_config/cfg.py:2609
2024-09-09 00:45:42.976 136449 DEBUG oslo_messaging._drivers.amqpdriver [-] Listener is running poll /usr/lib/python3/dist-packages/oslo_messaging/_drivers/amqpdriver.py:343
2024-09-09 00:45:42.976 136136 DEBUG oslo_service.service [req-cbb7813b-4e25-4908-827a-8cfad97089ae - - - - -] api_database.connection_debug = 0 log_opt_values /usr/lib/python3/dist-packages/oslo_config/cfg.py:2609
2024-09-09 00:45:42.976 136449 DEBUG oslo_messaging._drivers.amqpdriver [-] AMQPListener connection consume poll /usr/lib/python3/dist-packages/oslo_messaging/_drivers/amqpdriver.py:357
2024-09-09 00:45:42.977 136136 DEBUG oslo_service.service [req-cbb7813b-4e25-4908-827a-8cfad97089ae - - - - -] api_database.connection_parameters = log_opt_values /usr/lib/python3/dist-packages/oslo_config/cfg.py:2609
2024-09-09 00:45:42.977 136136 DEBUG oslo_service.service [req-cbb7813b-4e25-4908-827a-8cfad97089ae - - - - -] api_database.connection_recycle_time = 3600 log_opt_values /usr/lib/python3/dist-packages/oslo_config/cfg.py:2609
2024-09-09 00:45:42.977 136136 DEBUG oslo_service.service [req-cbb7813b-4e25-4908-827a-8cfad97089ae - - - - -] api_database.connection_trace = False log_opt_values /usr/lib/python3/dist-packages/oslo_config/cfg.py:2609
2024-09-09 00:45:42.977 136136 DEBUG oslo_service.service [req-cbb7813b-4e25-4908-827a-8cfad97089ae - - - - -] api_database.db_inc_retry_interval = True log_opt_values /usr/lib/python3/dist-packages/oslo_config/cfg.py:2609
2024-09-09 00:45:42.977 136136 DEBUG oslo_service.service [req-cbb7813b-4e25-4908-827a-8cfad97089ae - - - - -] api_database.db_max_retries = 20 log_opt_values /usr/lib/python3/dist-packages/oslo_config/cfg.py:2609
2024-09-09 00:45:42.978 136136 DEBUG oslo_service.service [req-cbb7813b-4e25-4908-827a-8cfad97089ae - - - - -] api_database.db_max_retry_interval = 10 log_opt_values /usr/lib/python3/dist-packages/oslo_config/cfg.py:2609
2024-09-09 00:45:42.978 136136 DEBUG oslo_service.service [req-cbb7813b-4e25-4908-827a-8cfad97089ae - - - - -] api_database.db_retry_interval = 1 log_opt_values /usr/lib/python3/dist-packages/oslo_config/cfg.py:2609
2024-09-09 00:45:42.978 136136 DEBUG oslo_service.service [req-cbb7813b-4e25-4908-827a-8cfad97089ae - - - - -] api_database.max_overflow = 50 log_opt_values /usr/lib/python3/dist-packages/oslo_config/cfg.py:2609
2024-09-09 00:45:42.978 136136 DEBUG oslo_service.service [req-cbb7813b-4e25-4908-827a-8cfad97089ae - - - - -] api_database.max_pool_size = 4 log_opt_values /usr/lib/python3/dist-packages/oslo_config/cfg.py:2609
2024-09-09 00:45:42.978 136450 DEBUG oslo_messaging._drivers.amqpdriver [-] AMQPListener connection timeout poll /usr/lib/python3/dist-packages/oslo_messaging/_drivers/amqpdriver.py:360
2024-09-09 00:45:42.978 136450 DEBUG oslo_messaging._drivers.amqpdriver [-] Listener is running poll /usr/lib/python3/dist-packages/oslo_messaging/_drivers/amqpdriver.py:343
2024-09-09 00:45:42.978 136136 DEBUG oslo_service.service [req-cbb7813b-4e25-4908-827a-8cfad97089ae - - - - -] api_database.max_retries = 10 log_opt_values /usr/lib/python3/dist-packages/oslo_config/cfg.py:2609
2024-09-09 00:45:42.979 136450 DEBUG oslo_messaging._drivers.amqpdriver [-] AMQPListener connection consume poll /usr/lib/python3/dist-packages/oslo_messaging/_drivers/amqpdriver.py:357
2024-09-09 00:45:42.979 136136 DEBUG oslo_service.service [req-cbb7813b-4e25-4908-827a-8cfad97089ae - - - - -] api_database.mysql_enable_ndb = False log_opt_values /usr/lib/python3/dist-packages/oslo_config/cfg.py:2609
2024-09-09 00:45:42.979 136136 DEBUG oslo_service.service [req-cbb7813b-4e25-4908-827a-8cfad97089ae - - - - -] api_database.mysql_sql_mode = TRADITIONAL log_opt_values /usr/lib/python3/dist-packages/oslo_config/cfg.py:2609
2024-09-09 00:45:42.979 136136 DEBUG oslo_service.service [req-cbb7813b-4e25-4908-827a-8cfad97089ae - - - - -] api_database.pool_timeout = None log_opt_values /usr/lib/python3/dist-packages/oslo_config/cfg.py:2609
2024-09-09 00:45:42.979 136136 DEBUG oslo_service.service [req-cbb7813b-4e25-4908-827a-8cfad97089ae - - - - -] api_database.retry_interval = 10 log_opt_values /usr/lib/python3/dist-packages/oslo_config/cfg.py:2609
2024-09-09 00:45:42.979 136136 DEBUG oslo_service.service [req-cbb7813b-4e25-4908-827a-8cfad97089ae - - - - -] api_database.slave_connection = **** log_opt_values /usr/lib/python3/dist-packages/oslo_config/cfg.py:2609
2024-09-09 00:45:42.980 136136 DEBUG oslo_service.service [req-cbb7813b-4e25-4908-827a-8cfad97089ae - - - - -] api_database.sqlite_synchronous = True log_opt_values /usr/lib/python3/dist-packages/oslo_config/cfg.py:2609
2024-09-09 00:45:42.980 136136 DEBUG oslo_service.service [req-cbb7813b-4e25-4908-827a-8cfad97089ae - - - - -] devices.enabled_mdev_types = [] log_opt_values /usr/lib/python3/dist-packages/oslo_config/cfg.py:2609
2024-09-09 00:45:42.980 136136 DEBUG oslo_service.service [req-cbb7813b-4e25-4908-827a-8cfad97089ae - - - - -] ephemeral_storage_encryption.cipher = aes-xts-plain64 log_opt_values /usr/lib/python3/dist-packages/oslo_config/cfg.py:2609
2024-09-09 00:45:42.980 136136 DEBUG oslo_service.service [req-cbb7813b-4e25-4908-827a-8cfad97089ae - - - - -] ephemeral_storage_encryption.enabled = False log_opt_values /usr/lib/python3/dist-packages/oslo_config/cfg.py:2609
2024-09-09 00:45:42.980 136136 DEBUG oslo_service.service [req-cbb7813b-4e25-4908-827a-8cfad97089ae - - - - -] ephemeral_storage_encryption.key_size = 512 log_opt_values /usr/lib/python3/dist-packages/oslo_config/cfg.py:2609
2024-09-09 00:45:42.981 136136 WARNING oslo_config.cfg [req-cbb7813b-4e25-4908-827a-8cfad97089ae - - - - -] Deprecated: Option "api_servers" from group "glance" is deprecated for removal ( Support for image service configuration via standard keystoneauth1 Adapter options was added in the 17.0.0 Queens release. The api_servers option was retained temporarily to allow consumers time to cut over to a real load balancing solution. ). Its value may be silently ignored in the future.
2024-09-09 00:45:42.981 136136 DEBUG oslo_service.service [req-cbb7813b-4e25-4908-827a-8cfad97089ae - - - - -] glance.api_servers = ['http://252.55.93.109:9292'] log_opt_values /usr/lib/python3/dist-packages/oslo_config/cfg.py:2609
2024-09-09 00:45:42.981 136136 DEBUG oslo_service.service [req-cbb7813b-4e25-4908-827a-8cfad97089ae - - - - -] glance.cafile = None log_opt_values /usr/lib/python3/dist-packages/oslo_config/cfg.py:2609
2024-09-09 00:45:42.982 136136 DEBUG oslo_service.service [req-cbb7813b-4e25-4908-827a-8cfad97089ae - - - - -] glance.certfile = None log_opt_values /usr/lib/python3/dist-packages/oslo_config/cfg.py:2609
2024-09-09 00:45:42.982 136136 DEBUG oslo_service.service [req-cbb7813b-4e25-4908-827a-8cfad97089ae - - - - -] glance.collect_timing = False log_opt_values /usr/lib/python3/dist-packages/oslo_config/cfg.py:2609
2024-09-09 00:45:42.982 136136 DEBUG oslo_service.service [req-cbb7813b-4e25-4908-827a-8cfad97089ae - - - - -] glance.connect_retries = None log_opt_values /usr/lib/python3/dist-packages/oslo_config/cfg.py:2609
2024-09-09 00:45:42.982 136136 DEBUG oslo_service.service [req-cbb7813b-4e25-4908-827a-8cfad97089ae - - - - -] glance.connect_retry_delay = None log_opt_values /usr/lib/python3/dist-packages/oslo_config/cfg.py:2609
2024-09-09 00:45:42.982 136136 DEBUG oslo_service.service [req-cbb7813b-4e25-4908-827a-8cfad97089ae - - - - -] glance.debug = False log_opt_values /usr/lib/python3/dist-packages/oslo_config/cfg.py:2609
2024-09-09 00:45:42.982 136136 DEBUG oslo_service.service [req-cbb7813b-4e25-4908-827a-8cfad97089ae - - - - -] glance.default_trusted_certificate_ids = [] log_opt_values /usr/lib/python3/dist-packages/oslo_config/cfg.py:2609
2024-09-09 00:45:42.983 136136 DEBUG oslo_service.service [req-cbb7813b-4e25-4908-827a-8cfad97089ae - - - - -] glance.enable_certificate_validation = False log_opt_values /usr/lib/python3/dist-packages/oslo_config/cfg.py:2609
2024-09-09 00:45:42.983 136136 DEBUG oslo_service.service [req-cbb7813b-4e25-4908-827a-8cfad97089ae - - - - -] glance.enable_rbd_download = False log_opt_values /usr/lib/python3/dist-packages/oslo_config/cfg.py:2609
2024-09-09 00:45:42.983 136136 DEBUG oslo_service.service [req-cbb7813b-4e25-4908-827a-8cfad97089ae - - - - -] glance.endpoint_override = None log_opt_values /usr/lib/python3/dist-packages/oslo_config/cfg.py:2609
2024-09-09 00:45:42.983 136136 DEBUG oslo_service.service [req-cbb7813b-4e25-4908-827a-8cfad97089ae - - - - -] glance.insecure = False log_opt_values /usr/lib/python3/dist-packages/oslo_config/cfg.py:2609
2024-09-09 00:45:42.983 136136 DEBUG oslo_service.service [req-cbb7813b-4e25-4908-827a-8cfad97089ae - - - - -] glance.keyfile = None log_opt_values /usr/lib/python3/dist-packages/oslo_config/cfg.py:2609
2024-09-09 00:45:42.983 136136 DEBUG oslo_service.service [req-cbb7813b-4e25-4908-827a-8cfad97089ae - - - - -] glance.max_version = None log_opt_values /usr/lib/python3/dist-packages/oslo_config/cfg.py:2609
2024-09-09 00:45:42.983 136136 DEBUG oslo_service.service [req-cbb7813b-4e25-4908-827a-8cfad97089ae - - - - -] glance.min_version = None log_opt_values /usr/lib/python3/dist-packages/oslo_config/cfg.py:2609
2024-09-09 00:45:42.984 136136 DEBUG oslo_service.service [req-cbb7813b-4e25-4908-827a-8cfad97089ae - - - - -] glance.num_retries = 3 log_opt_values /usr/lib/python3/dist-packages/oslo_config/cfg.py:2609
2024-09-09 00:45:42.984 136136 DEBUG oslo_service.service [req-cbb7813b-4e25-4908-827a-8cfad97089ae - - - - -] glance.rbd_ceph_conf = log_opt_values /usr/lib/python3/dist-packages/oslo_config/cfg.py:2609
2024-09-09 00:45:42.984 136136 DEBUG oslo_service.service [req-cbb7813b-4e25-4908-827a-8cfad97089ae - - - - -] glance.rbd_connect_timeout = 5 log_opt_values /usr/lib/python3/dist-packages/oslo_config/cfg.py:2609
2024-09-09 00:45:42.984 136136 DEBUG oslo_service.service [req-cbb7813b-4e25-4908-827a-8cfad97089ae - - - - -] glance.rbd_pool = log_opt_values /usr/lib/python3/dist-packages/oslo_config/cfg.py:2609
2024-09-09 00:45:42.984 136136 DEBUG oslo_service.service [req-cbb7813b-4e25-4908-827a-8cfad97089ae - - - - -] glance.rbd_user = log_opt_values /usr/lib/python3/dist-packages/oslo_config/cfg.py:2609
2024-09-09 00:45:42.984 136136 DEBUG oslo_service.service [req-cbb7813b-4e25-4908-827a-8cfad97089ae - - - - -] glance.region_name = None log_opt_values /usr/lib/python3/dist-packages/oslo_config/cfg.py:2609
2024-09-09 00:45:42.985 136136 DEBUG oslo_service.service [req-cbb7813b-4e25-4908-827a-8cfad97089ae - - - - -] glance.service_name = None log_opt_values /usr/lib/python3/dist-packages/oslo_config/cfg.py:2609
2024-09-09 00:45:42.985 136136 DEBUG oslo_service.service [req-cbb7813b-4e25-4908-827a-8cfad97089ae - - - - -] glance.service_type = image log_opt_values /usr/lib/python3/dist-packages/oslo_config/cfg.py:2609
2024-09-09 00:45:42.985 136136 DEBUG oslo_service.service [req-cbb7813b-4e25-4908-827a-8cfad97089ae - - - - -] glance.split_loggers = False log_opt_values /usr/lib/python3/dist-packages/oslo_config/cfg.py:2609
2024-09-09 00:45:42.985 136136 DEBUG oslo_service.service [req-cbb7813b-4e25-4908-827a-8cfad97089ae - - - - -] glance.status_code_retries = None log_opt_values /usr/lib/python3/dist-packages/oslo_config/cfg.py:2609
2024-09-09 00:45:42.985 136136 DEBUG oslo_service.service [req-cbb7813b-4e25-4908-827a-8cfad97089ae - - - - -] glance.status_code_retry_delay = None log_opt_values /usr/lib/python3/dist-packages/oslo_config/cfg.py:2609
2024-09-09 00:45:42.986 136136 DEBUG oslo_service.service [req-cbb7813b-4e25-4908-827a-8cfad97089ae - - - - -] glance.timeout = None log_opt_values /usr/lib/python3/dist-packages/oslo_config/cfg.py:2609
2024-09-09 00:45:42.986 136136 DEBUG oslo_service.service [req-cbb7813b-4e25-4908-827a-8cfad97089ae - - - - -] glance.valid_interfaces = ['internal', 'public'] log_opt_values /usr/lib/python3/dist-packages/oslo_config/cfg.py:2609
2024-09-09 00:45:42.986 136136 DEBUG oslo_service.service [req-cbb7813b-4e25-4908-827a-8cfad97089ae - - - - -] glance.verify_glance_signatures = False log_opt_values /usr/lib/python3/dist-packages/oslo_config/cfg.py:2609
2024-09-09 00:45:42.986 136136 DEBUG oslo_service.service [req-cbb7813b-4e25-4908-827a-8cfad97089ae - - - - -] glance.version = None log_opt_values /usr/lib/python3/dist-packages/oslo_config/cfg.py:2609
2024-09-09 00:45:42.986 136136 DEBUG oslo_service.service [req-cbb7813b-4e25-4908-827a-8cfad97089ae - - - - -] guestfs.debug = False log_opt_values /usr/lib/python3/dist-packages/oslo_config/cfg.py:2609
2024-09-09 00:45:42.987 136136 DEBUG oslo_service.service [req-cbb7813b-4e25-4908-827a-8cfad97089ae - - - - -] hyperv.config_drive_cdrom = False log_opt_values /usr/lib/python3/dist-packages/oslo_config/cfg.py:2609
2024-09-09 00:45:42.987 136136 DEBUG oslo_service.service [req-cbb7813b-4e25-4908-827a-8cfad97089ae - - - - -] hyperv.config_drive_inject_password = False log_opt_values /usr/lib/python3/dist-packages/oslo_config/cfg.py:2609
2024-09-09 00:45:42.987 136136 DEBUG oslo_service.service [req-cbb7813b-4e25-4908-827a-8cfad97089ae - - - - -] hyperv.dynamic_memory_ratio = 1.0 log_opt_values /usr/lib/python3/dist-packages/oslo_config/cfg.py:2609
2024-09-09 00:45:42.987 136136 DEBUG oslo_service.service [req-cbb7813b-4e25-4908-827a-8cfad97089ae - - - - -] hyperv.enable_instance_metrics_collection = False log_opt_values /usr/lib/python3/dist-packages/oslo_config/cfg.py:2609
2024-09-09 00:45:42.987 136136 DEBUG oslo_service.service [req-cbb7813b-4e25-4908-827a-8cfad97089ae - - - - -] hyperv.enable_remotefx = False log_opt_values /usr/lib/python3/dist-packages/oslo_config/cfg.py:2609
2024-09-09 00:45:42.988 136136 DEBUG oslo_service.service [req-cbb7813b-4e25-4908-827a-8cfad97089ae - - - - -] hyperv.instances_path_share = log_opt_values /usr/lib/python3/dist-packages/oslo_config/cfg.py:2609
2024-09-09 00:45:42.988 136136 DEBUG oslo_service.service [req-cbb7813b-4e25-4908-827a-8cfad97089ae - - - - -] hyperv.iscsi_initiator_list = [] log_opt_values /usr/lib/python3/dist-packages/oslo_config/cfg.py:2609
2024-09-09 00:45:42.988 136136 DEBUG oslo_service.service [req-cbb7813b-4e25-4908-827a-8cfad97089ae - - - - -] hyperv.limit_cpu_features = False log_opt_values /usr/lib/python3/dist-packages/oslo_config/cfg.py:2609
2024-09-09 00:45:42.988 136136 DEBUG oslo_service.service [req-cbb7813b-4e25-4908-827a-8cfad97089ae - - - - -] hyperv.mounted_disk_query_retry_count = 10 log_opt_values /usr/lib/python3/dist-packages/oslo_config/cfg.py:2609
2024-09-09 00:45:42.989 136136 DEBUG oslo_service.service [req-cbb7813b-4e25-4908-827a-8cfad97089ae - - - - -] hyperv.mounted_disk_query_retry_interval = 5 log_opt_values /usr/lib/python3/dist-packages/oslo_config/cfg.py:2609
2024-09-09 00:45:42.989 136136 DEBUG oslo_service.service [req-cbb7813b-4e25-4908-827a-8cfad97089ae - - - - -] hyperv.power_state_check_timeframe = 60 log_opt_values /usr/lib/python3/dist-packages/oslo_config/cfg.py:2609
2024-09-09 00:45:42.989 136136 DEBUG oslo_service.service [req-cbb7813b-4e25-4908-827a-8cfad97089ae - - - - -] hyperv.power_state_event_polling_interval = 2 log_opt_values /usr/lib/python3/dist-packages/oslo_config/cfg.py:2609
2024-09-09 00:45:42.989 136136 DEBUG oslo_service.service [req-cbb7813b-4e25-4908-827a-8cfad97089ae - - - - -] hyperv.qemu_img_cmd = qemu-img.exe log_opt_values /usr/lib/python3/dist-packages/oslo_config/cfg.py:2609
2024-09-09 00:45:42.989 136136 DEBUG oslo_service.service [req-cbb7813b-4e25-4908-827a-8cfad97089ae - - - - -] hyperv.use_multipath_io = False log_opt_values /usr/lib/python3/dist-packages/oslo_config/cfg.py:2609
2024-09-09 00:45:42.989 136136 DEBUG oslo_service.service [req-cbb7813b-4e25-4908-827a-8cfad97089ae - - - - -] hyperv.volume_attach_retry_count = 10 log_opt_values /usr/lib/python3/dist-packages/oslo_config/cfg.py:2609
2024-09-09 00:45:42.989 136136 DEBUG oslo_service.service [req-cbb7813b-4e25-4908-827a-8cfad97089ae - - - - -] hyperv.volume_attach_retry_interval = 5 log_opt_values /usr/lib/python3/dist-packages/oslo_config/cfg.py:2609
2024-09-09 00:45:42.990 136136 DEBUG oslo_service.service [req-cbb7813b-4e25-4908-827a-8cfad97089ae - - - - -] hyperv.vswitch_name = None log_opt_values /usr/lib/python3/dist-packages/oslo_config/cfg.py:2609
2024-09-09 00:45:42.990 136136 DEBUG oslo_service.service [req-cbb7813b-4e25-4908-827a-8cfad97089ae - - - - -] hyperv.wait_soft_reboot_seconds = 60 log_opt_values /usr/lib/python3/dist-packages/oslo_config/cfg.py:2609
2024-09-09 00:45:42.990 136136 DEBUG oslo_service.service [req-cbb7813b-4e25-4908-827a-8cfad97089ae - - - - -] mks.enabled = False log_opt_values /usr/lib/python3/dist-packages/oslo_config/cfg.py:2609
2024-09-09 00:45:42.991 136136 DEBUG oslo_service.service [req-cbb7813b-4e25-4908-827a-8cfad97089ae - - - - -] mks.mksproxy_base_url = http://127.0.0.1:6090/ log_opt_values /usr/lib/python3/dist-packages/oslo_config/cfg.py:2609
2024-09-09 00:45:42.991 136136 DEBUG oslo_service.service [req-cbb7813b-4e25-4908-827a-8cfad97089ae - - - - -] image_cache.manager_interval = 2400 log_opt_values /usr/lib/python3/dist-packages/oslo_config/cfg.py:2609
2024-09-09 00:45:42.991 136136 DEBUG oslo_service.service [req-cbb7813b-4e25-4908-827a-8cfad97089ae - - - - -] image_cache.precache_concurrency = 1 log_opt_values /usr/lib/python3/dist-packages/oslo_config/cfg.py:2609
2024-09-09 00:45:42.991 136136 DEBUG oslo_service.service [req-cbb7813b-4e25-4908-827a-8cfad97089ae - - - - -] image_cache.remove_unused_base_images = True log_opt_values /usr/lib/python3/dist-packages/oslo_config/cfg.py:2609
2024-09-09 00:45:42.991 136136 DEBUG oslo_service.service [req-cbb7813b-4e25-4908-827a-8cfad97089ae - - - - -] image_cache.remove_unused_original_minimum_age_seconds = 86400 log_opt_values /usr/lib/python3/dist-packages/oslo_config/cfg.py:2609
2024-09-09 00:45:42.991 136136 DEBUG oslo_service.service [req-cbb7813b-4e25-4908-827a-8cfad97089ae - - - - -] image_cache.remove_unused_resized_minimum_age_seconds = 3600 log_opt_values /usr/lib/python3/dist-packages/oslo_config/cfg.py:2609
2024-09-09 00:45:42.992 136136 DEBUG oslo_service.service [req-cbb7813b-4e25-4908-827a-8cfad97089ae - - - - -] image_cache.subdirectory_name = _base log_opt_values /usr/lib/python3/dist-packages/oslo_config/cfg.py:2609
2024-09-09 00:45:42.992 136136 DEBUG oslo_service.service [req-cbb7813b-4e25-4908-827a-8cfad97089ae - - - - -] ironic.api_max_retries = 60 log_opt_values /usr/lib/python3/dist-packages/oslo_config/cfg.py:2609
2024-09-09 00:45:42.992 136136 DEBUG oslo_service.service [req-cbb7813b-4e25-4908-827a-8cfad97089ae - - - - -] ironic.api_retry_interval = 2 log_opt_values /usr/lib/python3/dist-packages/oslo_config/cfg.py:2609
2024-09-09 00:45:42.992 136136 DEBUG oslo_service.service [req-cbb7813b-4e25-4908-827a-8cfad97089ae - - - - -] ironic.auth_section = None log_opt_values /usr/lib/python3/dist-packages/oslo_config/cfg.py:2609
2024-09-09 00:45:42.992 136136 DEBUG oslo_service.service [req-cbb7813b-4e25-4908-827a-8cfad97089ae - - - - -] ironic.auth_type = None log_opt_values /usr/lib/python3/dist-packages/oslo_config/cfg.py:2609
2024-09-09 00:45:42.993 136136 DEBUG oslo_service.service [req-cbb7813b-4e25-4908-827a-8cfad97089ae - - - - -] ironic.cafile = None log_opt_values /usr/lib/python3/dist-packages/oslo_config/cfg.py:2609
2024-09-09 00:45:42.993 136136 DEBUG oslo_service.service [req-cbb7813b-4e25-4908-827a-8cfad97089ae - - - - -] ironic.certfile = None log_opt_values /usr/lib/python3/dist-packages/oslo_config/cfg.py:2609
2024-09-09 00:45:42.993 136136 DEBUG oslo_service.service [req-cbb7813b-4e25-4908-827a-8cfad97089ae - - - - -] ironic.collect_timing = False log_opt_values /usr/lib/python3/dist-packages/oslo_config/cfg.py:2609
2024-09-09 00:45:42.993 136136 DEBUG oslo_service.service [req-cbb7813b-4e25-4908-827a-8cfad97089ae - - - - -] ironic.connect_retries = None log_opt_values /usr/lib/python3/dist-packages/oslo_config/cfg.py:2609
2024-09-09 00:45:42.993 136136 DEBUG oslo_service.service [req-cbb7813b-4e25-4908-827a-8cfad97089ae - - - - -] ironic.connect_retry_delay = None log_opt_values /usr/lib/python3/dist-packages/oslo_config/cfg.py:2609
2024-09-09 00:45:42.994 136136 DEBUG oslo_service.service [req-cbb7813b-4e25-4908-827a-8cfad97089ae - - - - -] ironic.endpoint_override = None log_opt_values /usr/lib/python3/dist-packages/oslo_config/cfg.py:2609
2024-09-09 00:45:42.994 136136 DEBUG oslo_service.service [req-cbb7813b-4e25-4908-827a-8cfad97089ae - - - - -] ironic.insecure = False log_opt_values /usr/lib/python3/dist-packages/oslo_config/cfg.py:2609
2024-09-09 00:45:42.994 136136 DEBUG oslo_service.service [req-cbb7813b-4e25-4908-827a-8cfad97089ae - - - - -] ironic.keyfile = None log_opt_values /usr/lib/python3/dist-packages/oslo_config/cfg.py:2609
2024-09-09 00:45:42.994 136136 DEBUG oslo_service.service [req-cbb7813b-4e25-4908-827a-8cfad97089ae - - - - -] ironic.max_version = None log_opt_values /usr/lib/python3/dist-packages/oslo_config/cfg.py:2609
2024-09-09 00:45:42.995 136136 DEBUG oslo_service.service [req-cbb7813b-4e25-4908-827a-8cfad97089ae - - - - -] ironic.min_version = None log_opt_values /usr/lib/python3/dist-packages/oslo_config/cfg.py:2609
2024-09-09 00:45:42.995 136136 DEBUG oslo_service.service [req-cbb7813b-4e25-4908-827a-8cfad97089ae - - - - -] ironic.partition_key = None log_opt_values /usr/lib/python3/dist-packages/oslo_config/cfg.py:2609
2024-09-09 00:45:42.996 136136 DEBUG oslo_service.service [req-cbb7813b-4e25-4908-827a-8cfad97089ae - - - - -] ironic.peer_list = [] log_opt_values /usr/lib/python3/dist-packages/oslo_config/cfg.py:2609
2024-09-09 00:45:42.996 136136 DEBUG oslo_service.service [req-cbb7813b-4e25-4908-827a-8cfad97089ae - - - - -] ironic.region_name = None log_opt_values /usr/lib/python3/dist-packages/oslo_config/cfg.py:2609
2024-09-09 00:45:42.996 136136 DEBUG oslo_service.service [req-cbb7813b-4e25-4908-827a-8cfad97089ae - - - - -] ironic.serial_console_state_timeout = 10 log_opt_values /usr/lib/python3/dist-packages/oslo_config/cfg.py:2609
2024-09-09 00:45:42.996 136136 DEBUG oslo_service.service [req-cbb7813b-4e25-4908-827a-8cfad97089ae - - - - -] ironic.service_name = None log_opt_values /usr/lib/python3/dist-packages/oslo_config/cfg.py:2609
2024-09-09 00:45:42.997 136136 DEBUG oslo_service.service [req-cbb7813b-4e25-4908-827a-8cfad97089ae - - - - -] ironic.service_type = baremetal log_opt_values /usr/lib/python3/dist-packages/oslo_config/cfg.py:2609
2024-09-09 00:45:42.997 136136 DEBUG oslo_service.service [req-cbb7813b-4e25-4908-827a-8cfad97089ae - - - - -] ironic.split_loggers = False log_opt_values /usr/lib/python3/dist-packages/oslo_config/cfg.py:2609
2024-09-09 00:45:42.997 136136 DEBUG oslo_service.service [req-cbb7813b-4e25-4908-827a-8cfad97089ae - - - - -] ironic.status_code_retries = None log_opt_values /usr/lib/python3/dist-packages/oslo_config/cfg.py:2609
2024-09-09 00:45:42.997 136136 DEBUG oslo_service.service [req-cbb7813b-4e25-4908-827a-8cfad97089ae - - - - -] ironic.status_code_retry_delay = None log_opt_values /usr/lib/python3/dist-packages/oslo_config/cfg.py:2609
2024-09-09 00:45:42.997 136136 DEBUG oslo_service.service [req-cbb7813b-4e25-4908-827a-8cfad97089ae - - - - -] ironic.timeout = None log_opt_values /usr/lib/python3/dist-packages/oslo_config/cfg.py:2609
2024-09-09 00:45:42.998 136136 DEBUG oslo_service.service [req-cbb7813b-4e25-4908-827a-8cfad97089ae - - - - -] ironic.valid_interfaces = ['internal', 'public'] log_opt_values /usr/lib/python3/dist-packages/oslo_config/cfg.py:2609
2024-09-09 00:45:42.998 136136 DEBUG oslo_service.service [req-cbb7813b-4e25-4908-827a-8cfad97089ae - - - - -] ironic.version = None log_opt_values /usr/lib/python3/dist-packages/oslo_config/cfg.py:2609
2024-09-09 00:45:42.998 136136 DEBUG oslo_service.service [req-cbb7813b-4e25-4908-827a-8cfad97089ae - - - - -] key_manager.backend = barbican log_opt_values /usr/lib/python3/dist-packages/oslo_config/cfg.py:2609
2024-09-09 00:45:42.999 136136 DEBUG oslo_service.service [req-cbb7813b-4e25-4908-827a-8cfad97089ae - - - - -] key_manager.fixed_key = **** log_opt_values /usr/lib/python3/dist-packages/oslo_config/cfg.py:2609
2024-09-09 00:45:42.999 136136 DEBUG oslo_service.service [req-cbb7813b-4e25-4908-827a-8cfad97089ae - - - - -] barbican.auth_endpoint = http://localhost/identity/v3 log_opt_values /usr/lib/python3/dist-packages/oslo_config/cfg.py:2609
2024-09-09 00:45:42.999 136136 DEBUG oslo_service.service [req-cbb7813b-4e25-4908-827a-8cfad97089ae - - - - -] barbican.barbican_api_version = None log_opt_values /usr/lib/python3/dist-packages/oslo_config/cfg.py:2609
2024-09-09 00:45:42.999 136136 DEBUG oslo_service.service [req-cbb7813b-4e25-4908-827a-8cfad97089ae - - - - -] barbican.barbican_endpoint = None log_opt_values /usr/lib/python3/dist-packages/oslo_config/cfg.py:2609
2024-09-09 00:45:42.999 136136 DEBUG oslo_service.service [req-cbb7813b-4e25-4908-827a-8cfad97089ae - - - - -] barbican.barbican_endpoint_type = public log_opt_values /usr/lib/python3/dist-packages/oslo_config/cfg.py:2609
2024-09-09 00:45:42.999 136136 DEBUG oslo_service.service [req-cbb7813b-4e25-4908-827a-8cfad97089ae - - - - -] barbican.barbican_region_name = None log_opt_values /usr/lib/python3/dist-packages/oslo_config/cfg.py:2609
2024-09-09 00:45:43.000 136136 DEBUG oslo_service.service [req-cbb7813b-4e25-4908-827a-8cfad97089ae - - - - -] barbican.cafile = None log_opt_values /usr/lib/python3/dist-packages/oslo_config/cfg.py:2609
2024-09-09 00:45:43.000 136136 DEBUG oslo_service.service [req-cbb7813b-4e25-4908-827a-8cfad97089ae - - - - -] barbican.certfile = None log_opt_values /usr/lib/python3/dist-packages/oslo_config/cfg.py:2609
2024-09-09 00:45:43.000 136136 DEBUG oslo_service.service [req-cbb7813b-4e25-4908-827a-8cfad97089ae - - - - -] barbican.collect_timing = False log_opt_values /usr/lib/python3/dist-packages/oslo_config/cfg.py:2609
2024-09-09 00:45:43.000 136136 DEBUG oslo_service.service [req-cbb7813b-4e25-4908-827a-8cfad97089ae - - - - -] barbican.insecure = False log_opt_values /usr/lib/python3/dist-packages/oslo_config/cfg.py:2609
2024-09-09 00:45:43.000 136136 DEBUG oslo_service.service [req-cbb7813b-4e25-4908-827a-8cfad97089ae - - - - -] barbican.keyfile = None log_opt_values /usr/lib/python3/dist-packages/oslo_config/cfg.py:2609
2024-09-09 00:45:43.000 136136 DEBUG oslo_service.service [req-cbb7813b-4e25-4908-827a-8cfad97089ae - - - - -] barbican.number_of_retries = 60 log_opt_values /usr/lib/python3/dist-packages/oslo_config/cfg.py:2609
2024-09-09 00:45:43.001 136136 DEBUG oslo_service.service [req-cbb7813b-4e25-4908-827a-8cfad97089ae - - - - -] barbican.retry_delay = 1 log_opt_values /usr/lib/python3/dist-packages/oslo_config/cfg.py:2609
2024-09-09 00:45:43.001 136136 DEBUG oslo_service.service [req-cbb7813b-4e25-4908-827a-8cfad97089ae - - - - -] barbican.send_service_user_token = False log_opt_values /usr/lib/python3/dist-packages/oslo_config/cfg.py:2609
2024-09-09 00:45:43.001 136136 DEBUG oslo_service.service [req-cbb7813b-4e25-4908-827a-8cfad97089ae - - - - -] barbican.split_loggers = False log_opt_values /usr/lib/python3/dist-packages/oslo_config/cfg.py:2609
