Sep 2 00:02:35 cn-jenkins-deploy-platform-juju-k8s-2095-1 kube-apiserver.daemon[245607]: I0902 00:02:35.552826 245607 httplog.go:109] "HTTP" verb="GET" URI="/apis/coordination.k8s.io/v1/namespaces/kube-system/leases/kube-scheduler?timeout=5s" latency="2.567949ms" userAgent="kube-scheduler/v1.22.17 (linux/amd64) kubernetes/a7736ea/leader-election" audit-ID="a9605d22-c0d2-4446-aae8-6e93e3fc14db" srcIP="127.0.0.1:46978" resp=200
Sep 2 00:02:35 cn-jenkins-deploy-platform-juju-k8s-2095-1 kube-apiserver.daemon[245607]: I0902 00:02:35.559549 245607 httplog.go:109] "HTTP" verb="PUT" URI="/apis/coordination.k8s.io/v1/namespaces/kube-system/leases/kube-scheduler?timeout=5s" latency="6.051702ms" userAgent="kube-scheduler/v1.22.17 (linux/amd64) kubernetes/a7736ea/leader-election" audit-ID="aaa1cd85-5179-4ce4-8caa-b16d29bb9e32" srcIP="127.0.0.1:46978" resp=200
Sep 2 00:02:37 cn-jenkins-deploy-platform-juju-k8s-2095-1 kube-apiserver.daemon[245607]: I0902 00:02:37.230646 245607 httplog.go:109] "HTTP" verb="GET" URI="/apis/coordination.k8s.io/v1/namespaces/kube-system/leases/kube-controller-manager?timeout=5s" latency="5.507595ms" userAgent="kube-controller-manager/v1.22.17 (linux/amd64) kubernetes/a7736ea/leader-election" audit-ID="9a20c843-32a1-48c7-b399-85ab7dc72514" srcIP="127.0.0.1:53504" resp=200
Sep 2 00:02:37 cn-jenkins-deploy-platform-juju-k8s-2095-1 kube-apiserver.daemon[245607]: I0902 00:02:37.241123 245607 httplog.go:109] "HTTP" verb="PUT" URI="/apis/coordination.k8s.io/v1/namespaces/kube-system/leases/kube-controller-manager?timeout=5s" latency="9.605096ms" userAgent="kube-controller-manager/v1.22.17 (linux/amd64) kubernetes/a7736ea/leader-election" audit-ID="3c55b880-3357-4262-bf48-7e9b6432d2d5" srcIP="127.0.0.1:53504" resp=200
Sep 2 00:02:37 cn-jenkins-deploy-platform-juju-k8s-2095-1 systemd[1]: Started snap.kubectl.kubectl-6a74efe7-20fc-4489-9c27-4e5ba6202e67.scope.
Sep 2 00:02:37 cn-jenkins-deploy-platform-juju-k8s-2095-1 systemd[1]: Started snap.kubectl.kubectl-9df65db7-a362-4fdb-aa2f-1e95cf511e67.scope.
Sep 2 00:02:37 cn-jenkins-deploy-platform-juju-k8s-2095-1 systemd[1]: Started snap.kubectl.kubectl-15a05e92-be59-40a5-bda8-47e9ea3068c6.scope.
Sep 2 00:02:37 cn-jenkins-deploy-platform-juju-k8s-2095-1 kube-apiserver.daemon[245607]: I0902 00:02:37.412736 245607 httplog.go:109] "HTTP" verb="LIST" URI="/api/v1/namespaces/kube-system/secrets?limit=500" latency="13.166616ms" userAgent="kubectl/v1.22.17 (linux/amd64) kubernetes/a7736ea" audit-ID="f3b5f8f6-332d-44e0-b832-5f601f645fd1" srcIP="127.0.0.1:52986" resp=200
Sep 2 00:02:37 cn-jenkins-deploy-platform-juju-k8s-2095-1 kube-apiserver.daemon[245607]: I0902 00:02:37.455291 245607 httplog.go:109] "HTTP" verb="LIST" URI="/api/v1/namespaces/kube-system/secrets?limit=500" latency="3.178484ms" userAgent="kubectl/v1.22.17 (linux/amd64) kubernetes/a7736ea" audit-ID="b14a722e-e214-47dd-8a80-963b69a4b31a" srcIP="127.0.0.1:52990" resp=200
Sep 2 00:02:37 cn-jenkins-deploy-platform-juju-k8s-2095-1 systemd[1]: snap.kubectl.kubectl-6a74efe7-20fc-4489-9c27-4e5ba6202e67.scope: Succeeded.
Sep 2 00:02:37 cn-jenkins-deploy-platform-juju-k8s-2095-1 kube-apiserver.daemon[245607]: I0902 00:02:37.494305 245607 httplog.go:109] "HTTP" verb="LIST" URI="/api/v1/namespaces/kube-system/secrets?limit=500" latency="3.240767ms" userAgent="kubectl/v1.22.17 (linux/amd64) kubernetes/a7736ea" audit-ID="d8e7b9b0-5ead-4dd4-b568-37c2a5c0d5bd" srcIP="127.0.0.1:53000" resp=200
Sep 2 00:02:37 cn-jenkins-deploy-platform-juju-k8s-2095-1 systemd[1]: Started snap.kubectl.kubectl-c8a3278d-9971-4df7-a1d6-8fffaf994753.scope.
Sep 2 00:02:37 cn-jenkins-deploy-platform-juju-k8s-2095-1 systemd[1]: snap.kubectl.kubectl-9df65db7-a362-4fdb-aa2f-1e95cf511e67.scope: Succeeded.
Sep 2 00:02:37 cn-jenkins-deploy-platform-juju-k8s-2095-1 systemd[1]: snap.kubectl.kubectl-15a05e92-be59-40a5-bda8-47e9ea3068c6.scope: Succeeded.
Sep 2 00:02:37 cn-jenkins-deploy-platform-juju-k8s-2095-1 kube-apiserver.daemon[245607]: I0902 00:02:37.565122 245607 httplog.go:109] "HTTP" verb="GET" URI="/apis/coordination.k8s.io/v1/namespaces/kube-system/leases/kube-scheduler?timeout=5s" latency="3.323097ms" userAgent="kube-scheduler/v1.22.17 (linux/amd64) kubernetes/a7736ea/leader-election" audit-ID="19de1848-0229-49c8-a581-9190e84dca4c" srcIP="127.0.0.1:46978" resp=200
Sep 2 00:02:37 cn-jenkins-deploy-platform-juju-k8s-2095-1 kube-apiserver.daemon[245607]: I0902 00:02:37.571504 245607 httplog.go:109] "HTTP" verb="PUT" URI="/apis/coordination.k8s.io/v1/namespaces/kube-system/leases/kube-scheduler?timeout=5s" latency="5.505231ms" userAgent="kube-scheduler/v1.22.17 (linux/amd64) kubernetes/a7736ea/leader-election" audit-ID="abfd4975-cac5-4019-a052-b72389e332ea" srcIP="127.0.0.1:46978" resp=200
Sep 2 00:02:37 cn-jenkins-deploy-platform-juju-k8s-2095-1 kube-apiserver.daemon[245607]: I0902 00:02:37.595119 245607 httplog.go:109] "HTTP" verb="GET" URI="/api/v1/namespaces/default" latency="1.463077ms" userAgent="kube-apiserver/v1.22.17 (linux/amd64) kubernetes/a7736ea" audit-ID="3eb3b3b5-f9b9-47f7-a0a0-2fc070abb69d" srcIP="[::1]:57300" resp=200
Sep 2 00:02:37 cn-jenkins-deploy-platform-juju-k8s-2095-1 kube-apiserver.daemon[245607]: I0902 00:02:37.596585 245607 httplog.go:109] "HTTP" verb="GET" URI="/api/v1/namespaces/default/services/kubernetes" latency="933.019µs" userAgent="kube-apiserver/v1.22.17 (linux/amd64) kubernetes/a7736ea" audit-ID="8ff960b7-6d10-4666-b48a-4d3c461d3f1c" srcIP="[::1]:57300" resp=200
Sep 2 00:02:37 cn-jenkins-deploy-platform-juju-k8s-2095-1 kube-apiserver.daemon[245607]: I0902 00:02:37.602610 245607 httplog.go:109] "HTTP" verb="GET" URI="/api/v1/namespaces/default/endpoints/kubernetes" latency="920.948µs" userAgent="kube-apiserver/v1.22.17 (linux/amd64) kubernetes/a7736ea" audit-ID="cb8f9597-d402-486a-aa1d-ded9f80eb07e" srcIP="[::1]:57300" resp=200
Sep 2 00:02:37 cn-jenkins-deploy-platform-juju-k8s-2095-1 kube-apiserver.daemon[245607]: I0902 00:02:37.604327 245607 httplog.go:109] "HTTP" verb="GET" URI="/apis/discovery.k8s.io/v1/namespaces/default/endpointslices/kubernetes" latency="773.494µs" userAgent="kube-apiserver/v1.22.17 (linux/amd64) kubernetes/a7736ea" audit-ID="7e4d59a5-5cd2-4218-a188-481d4e53dc31" srcIP="[::1]:57300" resp=200
Sep 2 00:02:37 cn-jenkins-deploy-platform-juju-k8s-2095-1 systemd[1]: Started snap.kubectl.kubectl-7ae18380-48e1-484f-bdf5-dc62ae5e645e.scope.
Sep 2 00:02:37 cn-jenkins-deploy-platform-juju-k8s-2095-1 kube-apiserver.daemon[245607]: I0902 00:02:37.658799 245607 httplog.go:109] "HTTP" verb="LIST" URI="/api/v1/namespaces/kube-system/secrets?limit=500" latency="4.039142ms" userAgent="kubectl/v1.22.17 (linux/amd64) kubernetes/a7736ea" audit-ID="4975a344-058d-40da-81e9-f0776265f426" srcIP="127.0.0.1:53016" resp=200
Sep 2 00:02:37 cn-jenkins-deploy-platform-juju-k8s-2095-1 kube-apiserver.daemon[245607]: I0902 00:02:37.702258 245607 httplog.go:109] "HTTP" verb="LIST" URI="/api/v1/namespaces/kube-system/secrets?limit=500" latency="3.496851ms" userAgent="kubectl/v1.22.17 (linux/amd64) kubernetes/a7736ea" audit-ID="bce9994a-36a4-4509-a680-988ebad022ce" srcIP="127.0.0.1:53024" resp=200
Sep 2 00:02:37 cn-jenkins-deploy-platform-juju-k8s-2095-1 systemd[1]: snap.kubectl.kubectl-c8a3278d-9971-4df7-a1d6-8fffaf994753.scope: Succeeded.
Sep 2 00:02:37 cn-jenkins-deploy-platform-juju-k8s-2095-1 systemd[1]: snap.kubectl.kubectl-7ae18380-48e1-484f-bdf5-dc62ae5e645e.scope: Succeeded.
Sep 2 00:02:37 cn-jenkins-deploy-platform-juju-k8s-2095-1 systemd[1]: Started snap.kubectl.kubectl-5a1a7cd7-6546-4f3f-9b9d-56a791486219.scope.
Sep 2 00:02:37 cn-jenkins-deploy-platform-juju-k8s-2095-1 kube-apiserver.daemon[245607]: I0902 00:02:37.824248 245607 httplog.go:109] "HTTP" verb="LIST" URI="/api/v1/namespaces/kube-system/secrets?limit=500" latency="3.916373ms" userAgent="kubectl/v1.22.17 (linux/amd64) kubernetes/a7736ea" audit-ID="aecabf0f-8b38-41b4-9b2d-114be36ea316" srcIP="127.0.0.1:53034" resp=200
Sep 2 00:02:37 cn-jenkins-deploy-platform-juju-k8s-2095-1 systemd[1]: snap.kubectl.kubectl-5a1a7cd7-6546-4f3f-9b9d-56a791486219.scope: Succeeded.
Sep 2 00:02:37 cn-jenkins-deploy-platform-juju-k8s-2095-1 kube-apiserver.daemon[245607]: I0902 00:02:37.993068 245607 httplog.go:109] "HTTP" verb="GET" URI="/api/v1/nodes/an-jenkins-deploy-platform-juju-k8s-2095-1?resourceVersion=0&timeout=10s" latency="10.00795ms" userAgent="kubelet/v1.22.17 (linux/amd64) kubernetes/a7736ea" audit-ID="dc7b249b-0278-42b9-b6b1-eabe3c5de229" srcIP="10.0.0.188:53364" resp=200
Sep 2 00:02:38 cn-jenkins-deploy-platform-juju-k8s-2095-1 systemd[1]: Started snap.kubectl.kubectl-b06ad92b-0051-4b38-bcf6-cc2004acb83c.scope.
Sep 2 00:02:38 cn-jenkins-deploy-platform-juju-k8s-2095-1 systemd[1]: Started snap.kubectl.kubectl-44f133f6-1c26-4f0a-b079-1752791e36eb.scope.
Sep 2 00:02:38 cn-jenkins-deploy-platform-juju-k8s-2095-1 systemd[1]: Started snap.kubectl.kubectl-63e493e6-8646-4131-a93d-e4a77dfdee50.scope.
Sep 2 00:02:38 cn-jenkins-deploy-platform-juju-k8s-2095-1 kube-apiserver.daemon[245607]: I0902 00:02:38.255823 245607 httplog.go:109] "HTTP" verb="LIST" URI="/api/v1/namespaces/kube-system/secrets?limit=500" latency="2.974433ms" userAgent="kubectl/v1.22.17 (linux/amd64) kubernetes/a7736ea" audit-ID="a0a18b65-6b92-4882-9426-fa3d2c369ffd" srcIP="127.0.0.1:53046" resp=200
Sep 2 00:02:38 cn-jenkins-deploy-platform-juju-k8s-2095-1 kube-apiserver.daemon[245607]: I0902 00:02:38.257595 245607 httplog.go:109] "HTTP" verb="LIST" URI="/api/v1/namespaces/kube-system/secrets?limit=500" latency="9.767405ms" userAgent="kubectl/v1.22.17 (linux/amd64) kubernetes/a7736ea" audit-ID="84b8ac9d-3c16-4a03-a671-1cb95f6163a9" srcIP="127.0.0.1:53040" resp=200
Sep 2 00:02:38 cn-jenkins-deploy-platform-juju-k8s-2095-1 kube-apiserver.daemon[245607]: I0902 00:02:38.294174 245607 httplog.go:109] "HTTP" verb="LIST" URI="/api/v1/namespaces/kube-system/secrets?limit=500" latency="4.200417ms" userAgent="kubectl/v1.22.17 (linux/amd64) kubernetes/a7736ea" audit-ID="e1f7477c-3370-42d9-b511-b660d0e863e2" srcIP="127.0.0.1:53048" resp=200
Sep 2 00:02:38 cn-jenkins-deploy-platform-juju-k8s-2095-1 systemd[1]: snap.kubectl.kubectl-63e493e6-8646-4131-a93d-e4a77dfdee50.scope: Succeeded.
Sep 2 00:02:38 cn-jenkins-deploy-platform-juju-k8s-2095-1 systemd[1]: snap.kubectl.kubectl-44f133f6-1c26-4f0a-b079-1752791e36eb.scope: Succeeded.
Sep 2 00:02:38 cn-jenkins-deploy-platform-juju-k8s-2095-1 systemd[1]: snap.kubectl.kubectl-b06ad92b-0051-4b38-bcf6-cc2004acb83c.scope: Succeeded.
Sep 2 00:02:38 cn-jenkins-deploy-platform-juju-k8s-2095-1 kube-apiserver.daemon[245607]: I0902 00:02:38.526742 245607 httplog.go:109] "HTTP" verb="WATCH" URI="/api/v1/serviceaccounts?allowWatchBookmarks=true&resourceVersion=106&timeout=8m22s&timeoutSeconds=502&watch=true" latency="8m22.001820641s" userAgent="kube-apiserver/v1.22.17 (linux/amd64) kubernetes/a7736ea" audit-ID="bc5a1c6a-2d2c-4ed9-88c5-355a7ced5842" srcIP="[::1]:57300" resp=0
Sep 2 00:02:38 cn-jenkins-deploy-platform-juju-k8s-2095-1 kube-apiserver.daemon[245607]: I0902 00:02:38.526975 245607 reflector.go:535] k8s.io/client-go/informers/factory.go:134: Watch close - *v1.ServiceAccount total 73 items received
Sep 2 00:02:38 cn-jenkins-deploy-platform-juju-k8s-2095-1 kube-apiserver.daemon[245607]: I0902 00:02:38.527703 245607 get.go:260] "Starting watch" path="/api/v1/serviceaccounts" resourceVersion="287" labels="" fields="" timeout="5m31s"
Sep 2 00:02:39 cn-jenkins-deploy-platform-juju-k8s-2095-1 kube-apiserver.daemon[245607]: I0902 00:02:39.248248 245607 httplog.go:109] "HTTP" verb="GET" URI="/apis/coordination.k8s.io/v1/namespaces/kube-system/leases/kube-controller-manager?timeout=5s" latency="5.632327ms" userAgent="kube-controller-manager/v1.22.17 (linux/amd64) kubernetes/a7736ea/leader-election" audit-ID="57b92da0-fab8-4d5d-aed9-ca2f61a61404" srcIP="127.0.0.1:53504" resp=200
Sep 2 00:02:39 cn-jenkins-deploy-platform-juju-k8s-2095-1 kube-apiserver.daemon[245607]: I0902 00:02:39.255526 245607 httplog.go:109] "HTTP" verb="PUT" URI="/apis/coordination.k8s.io/v1/namespaces/kube-system/leases/kube-controller-manager?timeout=5s" latency="6.308134ms" userAgent="kube-controller-manager/v1.22.17 (linux/amd64) kubernetes/a7736ea/leader-election" audit-ID="ed7dae6a-0369-4c77-a79d-393dec18d4bc" srcIP="127.0.0.1:53504" resp=200
Sep 2 00:02:39 cn-jenkins-deploy-platform-juju-k8s-2095-1 kube-apiserver.daemon[245607]: I0902 00:02:39.402061 245607 httplog.go:109] "HTTP" verb="PUT" URI="/apis/coordination.k8s.io/v1/namespaces/kube-node-lease/leases/an-jenkins-deploy-platform-juju-k8s-2095-1?timeout=10s" latency="12.086369ms" userAgent="kubelet/v1.22.17 (linux/amd64) kubernetes/a7736ea" audit-ID="98ddda70-97f5-4371-9b19-9e32c6a53296" srcIP="10.0.0.188:53348" resp=200
Sep 2 00:02:39 cn-jenkins-deploy-platform-juju-k8s-2095-1 kube-apiserver.daemon[245607]: I0902 00:02:39.527243 245607 httplog.go:109] "HTTP" verb="WATCH" URI="/api/v1/nodes?allowWatchBookmarks=true&resourceVersion=106&timeout=8m23s&timeoutSeconds=503&watch=true" latency="8m23.001371039s" userAgent="kube-apiserver/v1.22.17 (linux/amd64) kubernetes/a7736ea" audit-ID="53bcd8b2-e601-4165-845c-de0d539bff96" srcIP="[::1]:57300" resp=0
Sep 2 00:02:39 cn-jenkins-deploy-platform-juju-k8s-2095-1 kube-apiserver.daemon[245607]: I0902 00:02:39.527486 245607 reflector.go:535] k8s.io/client-go/informers/factory.go:134: Watch close - *v1.Node total 25 items received
Sep 2 00:02:39 cn-jenkins-deploy-platform-juju-k8s-2095-1 kube-apiserver.daemon[245607]: I0902 00:02:39.528411 245607 get.go:260] "Starting watch" path="/api/v1/nodes" resourceVersion="834" labels="" fields="" timeout="8m48s"
Sep 2 00:02:39 cn-jenkins-deploy-platform-juju-k8s-2095-1 kube-apiserver.daemon[245607]: I0902 00:02:39.575754 245607 httplog.go:109] "HTTP" verb="GET" URI="/apis/coordination.k8s.io/v1/namespaces/kube-system/leases/kube-scheduler?timeout=5s" latency="2.408513ms" userAgent="kube-scheduler/v1.22.17 (linux/amd64) kubernetes/a7736ea/leader-election" audit-ID="4a3855de-deb5-4377-8885-324b6806f15a" srcIP="127.0.0.1:46978" resp=200
Sep 2 00:02:39 cn-jenkins-deploy-platform-juju-k8s-2095-1 kube-apiserver.daemon[245607]: I0902 00:02:39.582805 245607 httplog.go:109] "HTTP" verb="PUT" URI="/apis/coordination.k8s.io/v1/namespaces/kube-system/leases/kube-scheduler?timeout=5s" latency="5.993336ms" userAgent="kube-scheduler/v1.22.17 (linux/amd64) kubernetes/a7736ea/leader-election" audit-ID="7343f52f-bea1-4bf1-a1ff-1b808d737f25" srcIP="127.0.0.1:46978" resp=200
Sep 2 00:02:40 cn-jenkins-deploy-platform-juju-k8s-2095-1 kube-apiserver.daemon[245607]: I0902 00:02:40.139130 245607 httplog.go:109] "HTTP" verb="PUT" URI="/apis/coordination.k8s.io/v1/namespaces/kube-node-lease/leases/cn-jenkins-deploy-platform-juju-k8s-2095-1?timeout=10s" latency="5.512564ms" userAgent="kubelet/v1.22.17 (linux/amd64) kubernetes/a7736ea" audit-ID="7209f642-9af7-4894-b40b-1e18ab8e72b7" srcIP="127.0.0.1:47000" resp=200
Sep 2 00:02:40 cn-jenkins-deploy-platform-juju-k8s-2095-1 kube-apiserver.daemon[245607]: I0902 00:02:40.198833 245607 httplog.go:109] "HTTP" verb="WATCH" URI="/apis/discovery.k8s.io/v1/endpointslices?allowWatchBookmarks=true&resourceVersion=106&timeout=7m7s&timeoutSeconds=427&watch=true" latency="7m7.001111247s" userAgent="kube-controller-manager/v1.22.17 (linux/amd64) kubernetes/a7736ea/shared-informers" audit-ID="8f54cafe-1640-4acb-8202-3354501cb985" srcIP="127.0.0.1:53504" resp=0
Sep 2 00:02:40 cn-jenkins-deploy-platform-juju-k8s-2095-1 kube-apiserver.daemon[245607]: I0902 00:02:40.206920 245607 httplog.go:109] "HTTP" verb="WATCH" URI="/apis/rbac.authorization.k8s.io/v1/rolebindings?allowWatchBookmarks=true&resourceVersion=106&timeout=7m7s&timeoutSeconds=427&watch=true" latency="7m7.002200604s" userAgent="kube-controller-manager/v1.22.17 (linux/amd64) kubernetes/a7736ea/shared-informers" audit-ID="e6619040-5962-4a3d-9d9d-9ef82d9e2165" srcIP="127.0.0.1:53504" resp=0
Sep 2 00:02:40 cn-jenkins-deploy-platform-juju-k8s-2095-1 kube-apiserver.daemon[245607]: I0902 00:02:40.209266 245607 get.go:260] "Starting watch" path="/apis/rbac.authorization.k8s.io/v1/rolebindings" resourceVersion="106" labels="" fields="" timeout="5m39s"
Sep 2 00:02:40 cn-jenkins-deploy-platform-juju-k8s-2095-1 kube-apiserver.daemon[245607]: I0902 00:02:40.209364 245607 get.go:260] "Starting watch" path="/apis/discovery.k8s.io/v1/endpointslices" resourceVersion="794" labels="" fields="" timeout="5m45s"
Sep 2 00:02:40 cn-jenkins-deploy-platform-juju-k8s-2095-1 systemd[1]: Started snap.kubectl.kubectl-707c3e84-01a7-4714-94b3-c41b550d79c0.scope.
Sep 2 00:02:40 cn-jenkins-deploy-platform-juju-k8s-2095-1 kube-apiserver.daemon[245607]: I0902 00:02:40.405859 245607 httplog.go:109] "HTTP" verb="LIST" URI="/api/v1/pods?limit=500" latency="2.282025ms" userAgent="kubectl/v1.22.17 (linux/amd64) kubernetes/a7736ea" audit-ID="3ceecf03-0973-4999-b736-19abe1bf120a" srcIP="127.0.0.1:57306" resp=200
Sep 2 00:02:40 cn-jenkins-deploy-platform-juju-k8s-2095-1 systemd[1]: snap.kubectl.kubectl-707c3e84-01a7-4714-94b3-c41b550d79c0.scope: Succeeded.
Sep 2 00:02:40 cn-jenkins-deploy-platform-juju-k8s-2095-1 systemd[1]: Started snap.kubectl.kubectl-b01416cf-3bc8-4041-98b8-ebb243338453.scope.
Sep 2 00:02:40 cn-jenkins-deploy-platform-juju-k8s-2095-1 kube-apiserver.daemon[245607]: I0902 00:02:40.546285 245607 httplog.go:109] "HTTP" verb="LIST" URI="/api/v1/services?limit=500" latency="2.289229ms" userAgent="kubectl/v1.22.17 (linux/amd64) kubernetes/a7736ea" audit-ID="4c2ea3d7-9daf-453b-a974-d53fc3c4075f" srcIP="127.0.0.1:57308" resp=200
Sep 2 00:02:40 cn-jenkins-deploy-platform-juju-k8s-2095-1 systemd[1]: snap.kubectl.kubectl-b01416cf-3bc8-4041-98b8-ebb243338453.scope: Succeeded.
Sep 2 00:02:40 cn-jenkins-deploy-platform-juju-k8s-2095-1 systemd[1]: Started snap.kubectl.kubectl-522629eb-5cd2-42b8-867a-1d0ad303e426.scope.
Sep 2 00:02:40 cn-jenkins-deploy-platform-juju-k8s-2095-1 kube-apiserver.daemon[245607]: I0902 00:02:40.671767 245607 httplog.go:109] "HTTP" verb="LIST" URI="/apis/apps/v1/replicasets?limit=500" latency="2.756766ms" userAgent="kubectl/v1.22.17 (linux/amd64) kubernetes/a7736ea" audit-ID="512ef90b-6c37-4079-944a-bfa38a0ae067" srcIP="127.0.0.1:57318" resp=200
Sep 2 00:02:40 cn-jenkins-deploy-platform-juju-k8s-2095-1 systemd[1]: snap.kubectl.kubectl-522629eb-5cd2-42b8-867a-1d0ad303e426.scope: Succeeded.
Sep 2 00:02:40 cn-jenkins-deploy-platform-juju-k8s-2095-1 systemd[1]: Started snap.kubectl.kubectl-119cb99e-c1b8-4bc3-9122-66ac69e0771f.scope.
Sep 2 00:02:40 cn-jenkins-deploy-platform-juju-k8s-2095-1 kube-apiserver.daemon[245607]: I0902 00:02:40.776422 245607 httplog.go:109] "HTTP" verb="LIST" URI="/api/v1/replicationcontrollers?limit=500" latency="1.550007ms" userAgent="kubectl/v1.22.17 (linux/amd64) kubernetes/a7736ea" audit-ID="c87bd542-ebc3-4f93-9376-ab505e4948a3" srcIP="127.0.0.1:57330" resp=200
Sep 2 00:02:40 cn-jenkins-deploy-platform-juju-k8s-2095-1 systemd[1]: snap.kubectl.kubectl-119cb99e-c1b8-4bc3-9122-66ac69e0771f.scope: Succeeded.
Sep 2 00:02:40 cn-jenkins-deploy-platform-juju-k8s-2095-1 systemd[1]: Started snap.kubectl.kubectl-0c13df76-a043-4cf2-8f06-c18e521519e4.scope.
Sep 2 00:02:40 cn-jenkins-deploy-platform-juju-k8s-2095-1 kube-apiserver.daemon[245607]: I0902 00:02:40.894331 245607 httplog.go:109] "HTTP" verb="LIST" URI="/api/v1/nodes?limit=500" latency="2.501777ms" userAgent="kubectl/v1.22.17 (linux/amd64) kubernetes/a7736ea" audit-ID="b3a8c55b-70dd-48fb-a214-085cbe65a05e" srcIP="127.0.0.1:57344" resp=200
Sep 2 00:02:40 cn-jenkins-deploy-platform-juju-k8s-2095-1 systemd[1]: snap.kubectl.kubectl-0c13df76-a043-4cf2-8f06-c18e521519e4.scope: Succeeded.
Sep 2 00:02:40 cn-jenkins-deploy-platform-juju-k8s-2095-1 systemd[1]: Started snap.kubectl.kubectl-a984e0ef-1e09-43b3-b0ee-bc4ec4707d5b.scope.
Sep 2 00:02:41 cn-jenkins-deploy-platform-juju-k8s-2095-1 kube-apiserver.daemon[245607]: I0902 00:02:41.007355 245607 httplog.go:109] "HTTP" verb="LIST" URI="/api/v1/nodes?labelSelector=gpu%3Dtrue&limit=500" latency="1.837687ms" userAgent="kubectl/v1.22.17 (linux/amd64) kubernetes/a7736ea" audit-ID="774d8a34-fcc1-40cf-87bb-262d6695cdc9" srcIP="127.0.0.1:57346" resp=200
Sep 2 00:02:41 cn-jenkins-deploy-platform-juju-k8s-2095-1 systemd[1]: snap.kubectl.kubectl-a984e0ef-1e09-43b3-b0ee-bc4ec4707d5b.scope: Succeeded.
Sep 2 00:02:41 cn-jenkins-deploy-platform-juju-k8s-2095-1 systemd[1]: Started snap.kubectl.kubectl-27020c99-fb0b-45d2-9ee9-2749e45f15ee.scope.
Sep 2 00:02:41 cn-jenkins-deploy-platform-juju-k8s-2095-1 kube-apiserver.daemon[245607]: I0902 00:02:41.123238 245607 httplog.go:109] "HTTP" verb="LIST" URI="/api/v1/persistentvolumes?limit=500" latency="1.718135ms" userAgent="kubectl/v1.22.17 (linux/amd64) kubernetes/a7736ea" audit-ID="d31eb67e-7013-442f-b94e-b6daf28a4681" srcIP="127.0.0.1:57354" resp=200
Sep 2 00:02:41 cn-jenkins-deploy-platform-juju-k8s-2095-1 systemd[1]: snap.kubectl.kubectl-27020c99-fb0b-45d2-9ee9-2749e45f15ee.scope: Succeeded.
Sep 2 00:02:41 cn-jenkins-deploy-platform-juju-k8s-2095-1 systemd[1]: Started snap.kubectl.kubectl-93430e3e-a3f3-4a9b-b60c-fdccb09067bf.scope.
Sep 2 00:02:41 cn-jenkins-deploy-platform-juju-k8s-2095-1 kube-apiserver.daemon[245607]: I0902 00:02:41.234483 245607 httplog.go:109] "HTTP" verb="LIST" URI="/api/v1/persistentvolumeclaims?limit=500" latency="1.545071ms" userAgent="kubectl/v1.22.17 (linux/amd64) kubernetes/a7736ea" audit-ID="1130df22-20ef-4b5f-a45e-c86d8b72d3b7" srcIP="127.0.0.1:57368" resp=200
Sep 2 00:02:41 cn-jenkins-deploy-platform-juju-k8s-2095-1 systemd[1]: snap.kubectl.kubectl-93430e3e-a3f3-4a9b-b60c-fdccb09067bf.scope: Succeeded.
Sep 2 00:02:41 cn-jenkins-deploy-platform-juju-k8s-2095-1 kube-apiserver.daemon[245607]: I0902 00:02:41.261213 245607 httplog.go:109] "HTTP" verb="GET" URI="/apis/coordination.k8s.io/v1/namespaces/kube-system/leases/kube-controller-manager?timeout=5s" latency="3.735991ms" userAgent="kube-controller-manager/v1.22.17 (linux/amd64) kubernetes/a7736ea/leader-election" audit-ID="6a35d227-12de-4f73-85bb-a162a7eb50e0" srcIP="127.0.0.1:53504" resp=200
Sep 2 00:02:41 cn-jenkins-deploy-platform-juju-k8s-2095-1 systemd[1]: Started snap.kubectl.kubectl-16f072ec-383c-4a76-a64a-4ab4ac0b1117.scope.
Sep 2 00:02:41 cn-jenkins-deploy-platform-juju-k8s-2095-1 kube-apiserver.daemon[245607]: I0902 00:02:41.272955 245607 httplog.go:109] "HTTP" verb="PUT" URI="/apis/coordination.k8s.io/v1/namespaces/kube-system/leases/kube-controller-manager?timeout=5s" latency="10.877188ms" userAgent="kube-controller-manager/v1.22.17 (linux/amd64) kubernetes/a7736ea/leader-election" audit-ID="41e10a07-214a-43ae-b3b2-9705f59b1fc1" srcIP="127.0.0.1:53504" resp=200
Sep 2 00:02:41 cn-jenkins-deploy-platform-juju-k8s-2095-1 kube-apiserver.daemon[245607]: I0902 00:02:41.353316 245607 httplog.go:109] "HTTP" verb="LIST" URI="/api/v1/serviceaccounts?limit=500" latency="2.838324ms" userAgent="kubectl/v1.22.17 (linux/amd64) kubernetes/a7736ea" audit-ID="c88129ed-ba4b-40a3-af06-bc41ee7859e0" srcIP="127.0.0.1:57370" resp=200
Sep 2 00:02:41 cn-jenkins-deploy-platform-juju-k8s-2095-1 systemd[1]: snap.kubectl.kubectl-16f072ec-383c-4a76-a64a-4ab4ac0b1117.scope: Succeeded.
Sep 2 00:02:41 cn-jenkins-deploy-platform-juju-k8s-2095-1 kube-apiserver.daemon[245607]: I0902 00:02:41.582451 245607 httplog.go:109] "HTTP" verb="WATCH" URI="/apis/networking.k8s.io/v1/ingressclasses?allowWatchBookmarks=true&resourceVersion=106&timeout=7m8s&timeoutSeconds=428&watch=true" latency="7m8.000791638s" userAgent="kube-controller-manager/v1.22.17 (linux/amd64) kubernetes/a7736ea/shared-informers" audit-ID="8bbbfd8b-c308-4cf0-ba47-dc18ae6f37e3" srcIP="127.0.0.1:53504" resp=0
Sep 2 00:02:41 cn-jenkins-deploy-platform-juju-k8s-2095-1 kube-apiserver.daemon[245607]: I0902 00:02:41.587478 245607 httplog.go:109] "HTTP" verb="GET" URI="/apis/coordination.k8s.io/v1/namespaces/kube-system/leases/kube-scheduler?timeout=5s" latency="3.362015ms" userAgent="kube-scheduler/v1.22.17 (linux/amd64) kubernetes/a7736ea/leader-election" audit-ID="4f9833a5-9263-4c05-88a1-925605e0ffdc" srcIP="127.0.0.1:46978" resp=200
Sep 2 00:02:41 cn-jenkins-deploy-platform-juju-k8s-2095-1 kube-apiserver.daemon[245607]: I0902 00:02:41.587550 245607 get.go:260] "Starting watch" path="/apis/networking.k8s.io/v1/ingressclasses" resourceVersion="106" labels="" fields="" timeout="6m4s"
Sep 2 00:02:41 cn-jenkins-deploy-platform-juju-k8s-2095-1 kube-apiserver.daemon[245607]: I0902 00:02:41.593261 245607 httplog.go:109] "HTTP" verb="PUT" URI="/apis/coordination.k8s.io/v1/namespaces/kube-system/leases/kube-scheduler?timeout=5s" latency="4.624081ms" userAgent="kube-scheduler/v1.22.17 (linux/amd64) kubernetes/a7736ea/leader-election" audit-ID="5fd0c34a-3b10-4ed1-aaa8-70a390ea400f" srcIP="127.0.0.1:46978" resp=200
Sep 2 00:02:41 cn-jenkins-deploy-platform-juju-k8s-2095-1 kube-apiserver.daemon[245607]: I0902 00:02:41.630976 245607 httplog.go:109] "HTTP" verb="GET" URI="/api/v1/nodes/cn-jenkins-deploy-platform-juju-k8s-2095-1?resourceVersion=0&timeout=10s" latency="3.413806ms" userAgent="kubelet/v1.22.17 (linux/amd64) kubernetes/a7736ea" audit-ID="50a95c72-20ff-412e-82cd-3bc48ef6043a" srcIP="127.0.0.1:56392" resp=200
Sep 2 00:02:42 cn-jenkins-deploy-platform-juju-k8s-2095-1 kube-apiserver.daemon[245607]: I0902 00:02:42.448376 245607 httplog.go:109] "HTTP" verb="WATCH" URI="/apis/apps/v1/statefulsets?allowWatchBookmarks=true&resourceVersion=106&timeout=7m16s&timeoutSeconds=436&watch=true" latency="7m16.000958825s" userAgent="kube-scheduler/v1.22.17 (linux/amd64) kubernetes/a7736ea/scheduler" audit-ID="3ccc637e-428f-4fb1-8a0a-e14f8bc1e585" srcIP="127.0.0.1:46978" resp=0
Sep 2 00:02:42 cn-jenkins-deploy-platform-juju-k8s-2095-1 kube-apiserver.daemon[245607]: I0902 00:02:42.452013 245607 get.go:260] "Starting watch" path="/apis/apps/v1/statefulsets" resourceVersion="106" labels="" fields="" timeout="9m43s"
Sep 2 00:02:43 cn-jenkins-deploy-platform-juju-k8s-2095-1 kube-apiserver.daemon[245607]: I0902 00:02:43.198841 245607 httplog.go:109] "HTTP" verb="WATCH" URI="/apis/apps/v1/daemonsets?allowWatchBookmarks=true&resourceVersion=106&timeout=7m10s&timeoutSeconds=430&watch=true" latency="7m10.000544409s" userAgent="kube-controller-manager/v1.22.17 (linux/amd64) kubernetes/a7736ea/shared-informers" audit-ID="6e506c92-4bb5-414f-b140-19dd828df449" srcIP="127.0.0.1:53504" resp=0
Sep 2 00:02:43 cn-jenkins-deploy-platform-juju-k8s-2095-1 kube-apiserver.daemon[245607]: I0902 00:02:43.202454 245607 get.go:260] "Starting watch" path="/apis/apps/v1/daemonsets" resourceVersion="106" labels="" fields="" timeout="7m32s"
Sep 2 00:02:43 cn-jenkins-deploy-platform-juju-k8s-2095-1 kube-apiserver.daemon[245607]: I0902 00:02:43.281028 245607 httplog.go:109] "HTTP" verb="GET" URI="/apis/coordination.k8s.io/v1/namespaces/kube-system/leases/kube-controller-manager?timeout=5s" latency="4.815157ms" userAgent="kube-controller-manager/v1.22.17 (linux/amd64) kubernetes/a7736ea/leader-election" audit-ID="d18d4e46-4983-4d2d-86db-b6bc401857d5" srcIP="127.0.0.1:53504" resp=200
Sep 2 00:02:43 cn-jenkins-deploy-platform-juju-k8s-2095-1 kube-apiserver.daemon[245607]: I0902 00:02:43.287883 245607 httplog.go:109] "HTTP" verb="PUT" URI="/apis/coordination.k8s.io/v1/namespaces/kube-system/leases/kube-controller-manager?timeout=5s" latency="6.085111ms" userAgent="kube-controller-manager/v1.22.17 (linux/amd64) kubernetes/a7736ea/leader-election" audit-ID="d515a9d6-2039-426b-b167-cd381c4bcbb1" srcIP="127.0.0.1:53504" resp=200
Sep 2 00:02:43 cn-jenkins-deploy-platform-juju-k8s-2095-1 kube-apiserver.daemon[245607]: I0902 00:02:43.597914 245607 httplog.go:109] "HTTP" verb="GET" URI="/apis/coordination.k8s.io/v1/namespaces/kube-system/leases/kube-scheduler?timeout=5s" latency="2.730293ms" userAgent="kube-scheduler/v1.22.17 (linux/amd64) kubernetes/a7736ea/leader-election" audit-ID="252141a9-8333-4335-a7fa-83977e04a0ff" srcIP="127.0.0.1:46978" resp=200
Sep 2 00:02:43 cn-jenkins-deploy-platform-juju-k8s-2095-1 kube-apiserver.daemon[245607]: I0902 00:02:43.602891 245607 httplog.go:109] "HTTP" verb="PUT" URI="/apis/coordination.k8s.io/v1/namespaces/kube-system/leases/kube-scheduler?timeout=5s" latency="4.08592ms" userAgent="kube-scheduler/v1.22.17 (linux/amd64) kubernetes/a7736ea/leader-election" audit-ID="9c509664-3fe5-47b7-9740-52e0338a6d13" srcIP="127.0.0.1:46978" resp=200
Sep 2 00:02:45 cn-jenkins-deploy-platform-juju-k8s-2095-1 kube-apiserver.daemon[245607]: I0902 00:02:45.201393 245607 httplog.go:109] "HTTP" verb="WATCH" URI="/apis/networking.k8s.io/v1/ingresses?allowWatchBookmarks=true&resourceVersion=106&timeout=7m12s&timeoutSeconds=432&watch=true" latency="7m12.000947103s" userAgent="kube-controller-manager/v1.22.17 (linux/amd64) kubernetes/a7736ea/shared-informers" audit-ID="a73df692-6aaf-40dd-97c5-ca92afa9457f" srcIP="127.0.0.1:53504" resp=0
Sep 2 00:02:45 cn-jenkins-deploy-platform-juju-k8s-2095-1 kube-apiserver.daemon[245607]: I0902 00:02:45.207783 245607 get.go:260] "Starting watch" path="/apis/networking.k8s.io/v1/ingresses" resourceVersion="106" labels="" fields="" timeout="7m42s"
Sep 2 00:02:45 cn-jenkins-deploy-platform-juju-k8s-2095-1 kube-apiserver.daemon[245607]: I0902 00:02:45.294481 245607 httplog.go:109] "HTTP" verb="GET" URI="/apis/coordination.k8s.io/v1/namespaces/kube-system/leases/kube-controller-manager?timeout=5s" latency="4.538717ms" userAgent="kube-controller-manager/v1.22.17 (linux/amd64) kubernetes/a7736ea/leader-election" audit-ID="4bf50b1c-33a9-4692-89ae-391919e1398f" srcIP="127.0.0.1:53504" resp=200
Sep 2 00:02:45 cn-jenkins-deploy-platform-juju-k8s-2095-1 kube-apiserver.daemon[245607]: I0902 00:02:45.303956 245607 httplog.go:109] "HTTP" verb="PUT" URI="/apis/coordination.k8s.io/v1/namespaces/kube-system/leases/kube-controller-manager?timeout=5s" latency="8.516356ms" userAgent="kube-controller-manager/v1.22.17 (linux/amd64) kubernetes/a7736ea/leader-election" audit-ID="398e59b3-390f-4dfa-bf95-1f9acda9649a" srcIP="127.0.0.1:53504" resp=200
Sep 2 00:02:45 cn-jenkins-deploy-platform-juju-k8s-2095-1 kube-apiserver.daemon[245607]: I0902 00:02:45.607728 245607 httplog.go:109] "HTTP" verb="GET" URI="/apis/coordination.k8s.io/v1/namespaces/kube-system/leases/kube-scheduler?timeout=5s" latency="3.158824ms" userAgent="kube-scheduler/v1.22.17 (linux/amd64) kubernetes/a7736ea/leader-election" audit-ID="c1ad0660-2c2e-4ede-9a10-4d44c59b4e34" srcIP="127.0.0.1:46978" resp=200
Sep 2 00:02:45 cn-jenkins-deploy-platform-juju-k8s-2095-1 kube-apiserver.daemon[245607]: I0902 00:02:45.612384 245607 httplog.go:109] "HTTP" verb="PUT" URI="/apis/coordination.k8s.io/v1/namespaces/kube-system/leases/kube-scheduler?timeout=5s" latency="3.816981ms" userAgent="kube-scheduler/v1.22.17 (linux/amd64) kubernetes/a7736ea/leader-election" audit-ID="a69247b9-8c3a-4dfa-8439-d5e99cc40bf5" srcIP="127.0.0.1:46978" resp=200
Sep 2 00:02:45 cn-jenkins-deploy-platform-juju-k8s-2095-1 kube-apiserver.daemon[245607]: I0902 00:02:45.813536 245607 httplog.go:109] "HTTP" verb="WATCH" URI="/api/v1/nodes?allowWatchBookmarks=true&resourceVersion=240&timeout=7m11s&timeoutSeconds=431&watch=true" latency="7m11.001037371s" userAgent="kube-scheduler/v1.22.17 (linux/amd64) kubernetes/a7736ea/scheduler" audit-ID="85738476-3a98-418f-94fc-40b45eb6658b" srcIP="127.0.0.1:46978" resp=0
Sep 2 00:02:45 cn-jenkins-deploy-platform-juju-k8s-2095-1 kube-apiserver.daemon[245607]: I0902 00:02:45.815948 245607 get.go:260] "Starting watch" path="/api/v1/nodes" resourceVersion="834" labels="" fields="" timeout="5m15s"
Sep 2 00:02:46 cn-jenkins-deploy-platform-juju-k8s-2095-1 kube-apiserver.daemon[245607]: I0902 00:02:46.531345 245607 httplog.go:109] "HTTP" verb="WATCH" URI="/apis/networking.k8s.io/v1/ingressclasses?allowWatchBookmarks=true&resourceVersion=106&timeout=8m30s&timeoutSeconds=510&watch=true" latency="8m30.000623829s" userAgent="kube-apiserver/v1.22.17 (linux/amd64) kubernetes/a7736ea" audit-ID="b47d2297-ee6d-4bce-9fdb-600335c2713a" srcIP="[::1]:57300" resp=0
Sep 2 00:02:46 cn-jenkins-deploy-platform-juju-k8s-2095-1 kube-apiserver.daemon[245607]: I0902 00:02:46.531640 245607 reflector.go:535] k8s.io/client-go/informers/factory.go:134: Watch close - *v1.IngressClass total 0 items received
Sep 2 00:02:46 cn-jenkins-deploy-platform-juju-k8s-2095-1 kube-apiserver.daemon[245607]: I0902 00:02:46.532871 245607 get.go:260] "Starting watch" path="/apis/networking.k8s.io/v1/ingressclasses" resourceVersion="106" labels="" fields="" timeout="9m33s"
Sep 2 00:02:46 cn-jenkins-deploy-platform-juju-k8s-2095-1 kube-apiserver.daemon[245607]: I0902 00:02:46.573952 245607 reflector.go:381] k8s.io/kube-aggregator/pkg/client/informers/externalversions/factory.go:117: forcing resync
Sep 2 00:02:46 cn-jenkins-deploy-platform-juju-k8s-2095-1 kube-apiserver.daemon[245607]: I0902 00:02:46.574131 245607 available_controller.go:542] Updating v1.apps
Sep 2 00:02:46 cn-jenkins-deploy-platform-juju-k8s-2095-1 kube-apiserver.daemon[245607]: I0902 00:02:46.574151 245607 available_controller.go:542] Updating v2beta2.autoscaling
Sep 2 00:02:46 cn-jenkins-deploy-platform-juju-k8s-2095-1 kube-apiserver.daemon[245607]: I0902 00:02:46.574237 245607 available_controller.go:542] Updating v1beta1.batch
Sep 2 00:02:46 cn-jenkins-deploy-platform-juju-k8s-2095-1 kube-apiserver.daemon[245607]: I0902 00:02:46.574246 245607 available_controller.go:542] Updating v1.batch
Sep 2 00:02:46 cn-jenkins-deploy-platform-juju-k8s-2095-1 kube-apiserver.daemon[245607]: I0902 00:02:46.574273 245607 available_controller.go:542] Updating v1.discovery.k8s.io
Sep 2 00:02:46 cn-jenkins-deploy-platform-juju-k8s-2095-1 kube-apiserver.daemon[245607]: I0902 00:02:46.574279 245607 available_controller.go:542] Updating v1beta1.storage.k8s.io
Sep 2 00:02:46 cn-jenkins-deploy-platform-juju-k8s-2095-1 kube-apiserver.daemon[245607]: I0902 00:02:46.574302 245607 available_controller.go:542] Updating v1.events.k8s.io
Sep 2 00:02:46 cn-jenkins-deploy-platform-juju-k8s-2095-1 kube-apiserver.daemon[245607]: I0902 00:02:46.574307 245607 available_controller.go:542] Updating v1.admissionregistration.k8s.io
Sep 2 00:02:46 cn-jenkins-deploy-platform-juju-k8s-2095-1 kube-apiserver.daemon[245607]: I0902 00:02:46.574331 245607 available_controller.go:542] Updating v1.autoscaling
Sep 2 00:02:46 cn-jenkins-deploy-platform-juju-k8s-2095-1 kube-apiserver.daemon[245607]: I0902 00:02:46.574337 245607 available_controller.go:542] Updating v1.node.k8s.io
Sep 2 00:02:46 cn-jenkins-deploy-platform-juju-k8s-2095-1 kube-apiserver.daemon[245607]: I0902 00:02:46.574363 245607 available_controller.go:542] Updating v1.policy
Sep 2 00:02:46 cn-jenkins-deploy-platform-juju-k8s-2095-1 kube-apiserver.daemon[245607]: I0902 00:02:46.574369 245607 available_controller.go:542] Updating v1.
Sep 2 00:02:46 cn-jenkins-deploy-platform-juju-k8s-2095-1 kube-apiserver.daemon[245607]: I0902 00:02:46.574398 245607 available_controller.go:542] Updating v1.rbac.authorization.k8s.io
Sep 2 00:02:46 cn-jenkins-deploy-platform-juju-k8s-2095-1 kube-apiserver.daemon[245607]: I0902 00:02:46.574408 245607 available_controller.go:542] Updating v1.authorization.k8s.io
Sep 2 00:02:46 cn-jenkins-deploy-platform-juju-k8s-2095-1 kube-apiserver.daemon[245607]: I0902 00:02:46.574450 245607 available_controller.go:542] Updating v1.authentication.k8s.io
Sep 2 00:02:46 cn-jenkins-deploy-platform-juju-k8s-2095-1 kube-apiserver.daemon[245607]: I0902 00:02:46.574455 245607 available_controller.go:542] Updating v1beta1.flowcontrol.apiserver.k8s.io
Sep 2 00:02:46 cn-jenkins-deploy-platform-juju-k8s-2095-1 kube-apiserver.daemon[245607]: I0902 00:02:46.574477 245607 available_controller.go:542] Updating v1.apiextensions.k8s.io
Sep 2 00:02:46 cn-jenkins-deploy-platform-juju-k8s-2095-1 kube-apiserver.daemon[245607]: I0902 00:02:46.574482 245607 available_controller.go:542] Updating v1.k8s.cni.cncf.io
Sep 2 00:02:46 cn-jenkins-deploy-platform-juju-k8s-2095-1 kube-apiserver.daemon[245607]: I0902 00:02:46.574516 245607 available_controller.go:542] Updating v2beta1.autoscaling
Sep 2 00:02:46 cn-jenkins-deploy-platform-juju-k8s-2095-1 kube-apiserver.daemon[245607]: I0902 00:02:46.574521 245607 available_controller.go:542] Updating v1.networking.k8s.io
Sep 2 00:02:46 cn-jenkins-deploy-platform-juju-k8s-2095-1 kube-apiserver.daemon[245607]: I0902 00:02:46.574555 245607 available_controller.go:542] Updating v1.storage.k8s.io
Sep 2 00:02:46 cn-jenkins-deploy-platform-juju-k8s-2095-1 kube-apiserver.daemon[245607]: I0902 00:02:46.574561 245607 available_controller.go:542] Updating v1beta1.discovery.k8s.io
Sep 2 00:02:46 cn-jenkins-deploy-platform-juju-k8s-2095-1 kube-apiserver.daemon[245607]: I0902 00:02:46.574580 245607 available_controller.go:542] Updating v1beta1.policy
Sep 2 00:02:46 cn-jenkins-deploy-platform-juju-k8s-2095-1 kube-apiserver.daemon[245607]: I0902 00:02:46.574585 245607 available_controller.go:542] Updating v1.scheduling.k8s.io
Sep 2 00:02:46 cn-jenkins-deploy-platform-juju-k8s-2095-1 kube-apiserver.daemon[245607]: I0902 00:02:46.574606 245607 available_controller.go:542] Updating v1beta1.events.k8s.io
Sep 2 00:02:46 cn-jenkins-deploy-platform-juju-k8s-2095-1 kube-apiserver.daemon[245607]: I0902 00:02:46.574612 245607 available_controller.go:542] Updating v1beta1.node.k8s.io
Sep 2 00:02:46 cn-jenkins-deploy-platform-juju-k8s-2095-1 kube-apiserver.daemon[245607]: I0902 00:02:46.574629 245607 available_controller.go:542] Updating v1.certificates.k8s.io
Sep 2 00:02:46 cn-jenkins-deploy-platform-juju-k8s-2095-1 kube-apiserver.daemon[245607]: I0902 00:02:46.574634 245607 available_controller.go:542] Updating v1.coordination.k8s.io
Sep 2 00:02:47 cn-jenkins-deploy-platform-juju-k8s-2095-1 kube-apiserver.daemon[245607]: I0902 00:02:47.310689 245607 httplog.go:109] "HTTP" verb="GET" URI="/apis/coordination.k8s.io/v1/namespaces/kube-system/leases/kube-controller-manager?timeout=5s" latency="5.316638ms" userAgent="kube-controller-manager/v1.22.17 (linux/amd64) kubernetes/a7736ea/leader-election" audit-ID="9868f516-73e2-419d-a43c-63ac2a0ddcf7" srcIP="127.0.0.1:53504" resp=200
Sep 2 00:02:47 cn-jenkins-deploy-platform-juju-k8s-2095-1 kube-apiserver.daemon[245607]: I0902 00:02:47.316489 245607 httplog.go:109] "HTTP" verb="PUT" URI="/apis/coordination.k8s.io/v1/namespaces/kube-system/leases/kube-controller-manager?timeout=5s" latency="4.847215ms" userAgent="kube-controller-manager/v1.22.17 (linux/amd64) kubernetes/a7736ea/leader-election" audit-ID="eace52ac-4dd2-4188-ba0b-d2b78fe0753b" srcIP="127.0.0.1:53504" resp=200
Sep 2 00:02:47 cn-jenkins-deploy-platform-juju-k8s-2095-1 kube-apiserver.daemon[245607]: I0902 00:02:47.596205 245607 httplog.go:109] "HTTP" verb="GET" URI="/api/v1/namespaces/default" latency="1.496601ms" userAgent="kube-apiserver/v1.22.17 (linux/amd64) kubernetes/a7736ea" audit-ID="661b86d4-9a11-4e5e-8fc9-d429a719ca07" srcIP="[::1]:57300" resp=200
Sep 2 00:02:47 cn-jenkins-deploy-platform-juju-k8s-2095-1 kube-apiserver.daemon[245607]: I0902 00:02:47.598630 245607 httplog.go:109] "HTTP" verb="GET" URI="/api/v1/namespaces/default/services/kubernetes" latency="1.023485ms" userAgent="kube-apiserver/v1.22.17 (linux/amd64) kubernetes/a7736ea" audit-ID="c09c33f3-caae-4e70-9ad3-5dadfb754bcb" srcIP="[::1]:57300" resp=200
Sep 2 00:02:47 cn-jenkins-deploy-platform-juju-k8s-2095-1 kube-apiserver.daemon[245607]: I0902 00:02:47.604695 245607 httplog.go:109] "HTTP" verb="GET" URI="/api/v1/namespaces/default/endpoints/kubernetes" latency="951.147µs" userAgent="kube-apiserver/v1.22.17 (linux/amd64) kubernetes/a7736ea" audit-ID="23d6f5b1-ce61-4948-ab15-c33cac0bc42c" srcIP="[::1]:57300" resp=200
Sep 2 00:02:47 cn-jenkins-deploy-platform-juju-k8s-2095-1 kube-apiserver.daemon[245607]: I0902 00:02:47.606560 245607 httplog.go:109] "HTTP" verb="GET" URI="/apis/discovery.k8s.io/v1/namespaces/default/endpointslices/kubernetes" latency="679.736µs" userAgent="kube-apiserver/v1.22.17 (linux/amd64) kubernetes/a7736ea" audit-ID="49cad867-79a4-417b-ae1e-878d6ba773e4" srcIP="[::1]:57300" resp=200
Sep 2 00:02:47 cn-jenkins-deploy-platform-juju-k8s-2095-1 kube-apiserver.daemon[245607]: I0902 00:02:47.616564 245607 httplog.go:109] "HTTP" verb="GET" URI="/apis/coordination.k8s.io/v1/namespaces/kube-system/leases/kube-scheduler?timeout=5s" latency="2.265836ms" userAgent="kube-scheduler/v1.22.17 (linux/amd64) kubernetes/a7736ea/leader-election" audit-ID="d46b382c-d1ac-427f-a0c0-7c3ce0897d4a" srcIP="127.0.0.1:46978" resp=200
Sep 2 00:02:47 cn-jenkins-deploy-platform-juju-k8s-2095-1 kube-apiserver.daemon[245607]: I0902 00:02:47.628842 245607 httplog.go:109] "HTTP" verb="PUT" URI="/apis/coordination.k8s.io/v1/namespaces/kube-system/leases/kube-scheduler?timeout=5s" latency="4.091628ms" userAgent="kube-scheduler/v1.22.17 (linux/amd64) kubernetes/a7736ea/leader-election" audit-ID="742fe69d-69e6-4ded-97a6-b6c37064dbd8" srcIP="127.0.0.1:46978" resp=200
Sep 2 00:02:48 cn-jenkins-deploy-platform-juju-k8s-2095-1 kube-apiserver.daemon[245607]: I0902 00:02:48.021630 245607 httplog.go:109] "HTTP" verb="GET" URI="/api/v1/nodes/an-jenkins-deploy-platform-juju-k8s-2095-1?resourceVersion=0&timeout=10s" latency="13.976046ms" userAgent="kubelet/v1.22.17 (linux/amd64) kubernetes/a7736ea" audit-ID="e0b355e2-aa12-4e80-b6a3-db96ec423c0f" srcIP="10.0.0.188:53364" resp=200
Sep 2 00:02:49 cn-jenkins-deploy-platform-juju-k8s-2095-1 kube-apiserver.daemon[245607]: I0902 00:02:49.199541 245607 httplog.go:109] "HTTP" verb="WATCH" URI="/api/v1/services?allowWatchBookmarks=true&resourceVersion=106&timeout=7m16s&timeoutSeconds=436&watch=true" latency="7m16.000961705s" userAgent="kube-controller-manager/v1.22.17 (linux/amd64) kubernetes/a7736ea/shared-informers" audit-ID="40f7d69d-2191-429a-be25-9f5add630984" srcIP="127.0.0.1:53504" resp=0
Sep 2 00:02:49 cn-jenkins-deploy-platform-juju-k8s-2095-1 kube-apiserver.daemon[245607]: I0902 00:02:49.209485 245607 get.go:260] "Starting watch" path="/api/v1/services" resourceVersion="106" labels="" fields="" timeout="9m41s"
Sep 2 00:02:49 cn-jenkins-deploy-platform-juju-k8s-2095-1 kube-apiserver.daemon[245607]: I0902 00:02:49.322324 245607 httplog.go:109] "HTTP" verb="GET" URI="/apis/coordination.k8s.io/v1/namespaces/kube-system/leases/kube-controller-manager?timeout=5s" latency="4.464528ms" userAgent="kube-controller-manager/v1.22.17 (linux/amd64) kubernetes/a7736ea/leader-election" audit-ID="9c8ffefb-62eb-4318-b38e-a25e40e2d159" srcIP="127.0.0.1:53504" resp=200
Sep 2 00:02:49 cn-jenkins-deploy-platform-juju-k8s-2095-1 kube-apiserver.daemon[245607]: I0902 00:02:49.329698 245607 httplog.go:109] "HTTP" verb="PUT" URI="/apis/coordination.k8s.io/v1/namespaces/kube-system/leases/kube-controller-manager?timeout=5s" latency="6.162156ms" userAgent="kube-controller-manager/v1.22.17 (linux/amd64) kubernetes/a7736ea/leader-election" audit-ID="66211127-3a25-452c-922b-14ddca0a2cd8" srcIP="127.0.0.1:53504" resp=200
Sep 2 00:02:49 cn-jenkins-deploy-platform-juju-k8s-2095-1 kube-apiserver.daemon[245607]: I0902 00:02:49.633423 245607 httplog.go:109] "HTTP" verb="GET" URI="/apis/coordination.k8s.io/v1/namespaces/kube-system/leases/kube-scheduler?timeout=5s" latency="2.584333ms" userAgent="kube-scheduler/v1.22.17 (linux/amd64) kubernetes/a7736ea/leader-election" audit-ID="fa4911bb-ac02-4c04-8406-d4faf2a251ca" srcIP="127.0.0.1:46978" resp=200
Sep 2 00:02:49 cn-jenkins-deploy-platform-juju-k8s-2095-1 kube-apiserver.daemon[245607]: I0902 00:02:49.639962 245607 httplog.go:109] "HTTP" verb="PUT" URI="/apis/coordination.k8s.io/v1/namespaces/kube-system/leases/kube-scheduler?timeout=5s" latency="5.576988ms" userAgent="kube-scheduler/v1.22.17 (linux/amd64) kubernetes/a7736ea/leader-election" audit-ID="dbceb351-53bd-4358-bf4a-bb1b0cfeeb76" srcIP="127.0.0.1:46978" resp=200
Sep 2 00:02:49 cn-jenkins-deploy-platform-juju-k8s-2095-1 kube-apiserver.daemon[245607]: I0902 00:02:49.677531 245607 httplog.go:109] "HTTP" verb="PUT" URI="/apis/coordination.k8s.io/v1/namespaces/kube-node-lease/leases/an-jenkins-deploy-platform-juju-k8s-2095-1?timeout=10s" latency="6.622695ms" userAgent="kubelet/v1.22.17 (linux/amd64) kubernetes/a7736ea" audit-ID="c7498a93-7c7e-4a77-85bd-9ac9bcc61908" srcIP="10.0.0.188:53348" resp=200
Sep 2 00:02:50 cn-jenkins-deploy-platform-juju-k8s-2095-1 kube-apiserver.daemon[245607]: I0902 00:02:50.511266 245607 httplog.go:109] "HTTP" verb="PUT" URI="/apis/coordination.k8s.io/v1/namespaces/kube-node-lease/leases/cn-jenkins-deploy-platform-juju-k8s-2095-1?timeout=10s" latency="7.058162ms" userAgent="kubelet/v1.22.17 (linux/amd64) kubernetes/a7736ea" audit-ID="66e9fa7b-59a9-41b9-b166-c37ca035fae8" srcIP="127.0.0.1:47000" resp=200
Sep 2 00:02:50 cn-jenkins-deploy-platform-juju-k8s-2095-1 kube-apiserver.daemon[245607]: I0902 00:02:50.733456 245607 httplog.go:109] "HTTP" verb="WATCH" URI="/apis/node.k8s.io/v1/runtimeclasses?allowWatchBookmarks=true&resourceVersion=106&timeout=7m17s&timeoutSeconds=437&watch=true" latency="7m17.0007666s" userAgent="kube-controller-manager/v1.22.17 (linux/amd64) kubernetes/a7736ea/shared-informers" audit-ID="6dc066cc-0cd3-47ac-bb9a-0a5e139c91f3" srcIP="127.0.0.1:53504" resp=0
Sep 2 00:02:50 cn-jenkins-deploy-platform-juju-k8s-2095-1 kube-apiserver.daemon[245607]: I0902 00:02:50.736404 245607 get.go:260] "Starting watch" path="/apis/node.k8s.io/v1/runtimeclasses" resourceVersion="106" labels="" fields="" timeout="9m4s"
Sep 2 00:02:51 cn-jenkins-deploy-platform-juju-k8s-2095-1 kube-apiserver.daemon[245607]: I0902 00:02:51.333570 245607 httplog.go:109] "HTTP" verb="GET" URI="/apis/coordination.k8s.io/v1/namespaces/kube-system/leases/kube-controller-manager?timeout=5s" latency="3.062674ms" userAgent="kube-controller-manager/v1.22.17 (linux/amd64) kubernetes/a7736ea/leader-election" audit-ID="d6232a2d-edbd-4d3c-830b-59804440a919" srcIP="127.0.0.1:53504" resp=200
Sep 2 00:02:51 cn-jenkins-deploy-platform-juju-k8s-2095-1 kube-apiserver.daemon[245607]: I0902 00:02:51.345821 245607 httplog.go:109] "HTTP" verb="PUT" URI="/apis/coordination.k8s.io/v1/namespaces/kube-system/leases/kube-controller-manager?timeout=5s" latency="4.971473ms" userAgent="kube-controller-manager/v1.22.17 (linux/amd64) kubernetes/a7736ea/leader-election" audit-ID="c872fb4f-b3fe-475b-9d23-12715303c157" srcIP="127.0.0.1:53504" resp=200
Sep 2 00:02:51 cn-jenkins-deploy-platform-juju-k8s-2095-1 kube-apiserver.daemon[245607]: I0902 00:02:51.644054 245607 httplog.go:109] "HTTP" verb="GET" URI="/apis/coordination.k8s.io/v1/namespaces/kube-system/leases/kube-scheduler?timeout=5s" latency="2.723281ms" userAgent="kube-scheduler/v1.22.17 (linux/amd64) kubernetes/a7736ea/leader-election" audit-ID="4c69d144-a880-419b-9b36-e76d48464f7e" srcIP="127.0.0.1:46978" resp=200
Sep 2 00:02:51 cn-jenkins-deploy-platform-juju-k8s-2095-1 kube-apiserver.daemon[245607]: I0902 00:02:51.648757 245607 httplog.go:109] "HTTP" verb="PUT" URI="/apis/coordination.k8s.io/v1/namespaces/kube-system/leases/kube-scheduler?timeout=5s" latency="3.829055ms" userAgent="kube-scheduler/v1.22.17 (linux/amd64) kubernetes/a7736ea/leader-election" audit-ID="5050334d-a308-458b-bbd2-1de1f30caa71" srcIP="127.0.0.1:46978" resp=200
Sep 2 00:02:51 cn-jenkins-deploy-platform-juju-k8s-2095-1 kube-apiserver.daemon[245607]: I0902 00:02:51.651660 245607 httplog.go:109] "HTTP" verb="GET" URI="/api/v1/nodes/cn-jenkins-deploy-platform-juju-k8s-2095-1?resourceVersion=0&timeout=10s" latency="1.830963ms" userAgent="kubelet/v1.22.17 (linux/amd64) kubernetes/a7736ea" audit-ID="5d6865ef-5163-4f9f-9189-dd4f2ea5fc4f" srcIP="127.0.0.1:56392" resp=200
Sep 2 00:02:53 cn-jenkins-deploy-platform-juju-k8s-2095-1 kube-apiserver.daemon[245607]: I0902 00:02:53.354442 245607 httplog.go:109] "HTTP" verb="GET" URI="/apis/coordination.k8s.io/v1/namespaces/kube-system/leases/kube-controller-manager?timeout=5s" latency="7.003014ms" userAgent="kube-controller-manager/v1.22.17 (linux/amd64) kubernetes/a7736ea/leader-election" audit-ID="6b30156a-c048-4438-bebb-eead3489661d" srcIP="127.0.0.1:53504" resp=200
Sep 2 00:02:53 cn-jenkins-deploy-platform-juju-k8s-2095-1 kube-apiserver.daemon[245607]: I0902 00:02:53.364862 245607 httplog.go:109] "HTTP" verb="PUT" URI="/apis/coordination.k8s.io/v1/namespaces/kube-system/leases/kube-controller-manager?timeout=5s" latency="8.571734ms" userAgent="kube-controller-manager/v1.22.17 (linux/amd64) kubernetes/a7736ea/leader-election" audit-ID="4053d06e-4614-49ee-9f7c-bd4acec1a93d" srcIP="127.0.0.1:53504" resp=200
Sep 2 00:02:53 cn-jenkins-deploy-platform-juju-k8s-2095-1 kube-apiserver.daemon[245607]: I0902 00:02:53.652466 245607 httplog.go:109] "HTTP" verb="GET" URI="/apis/coordination.k8s.io/v1/namespaces/kube-system/leases/kube-scheduler?timeout=5s" latency="2.510056ms" userAgent="kube-scheduler/v1.22.17 (linux/amd64) kubernetes/a7736ea/leader-election" audit-ID="dbb92f59-89ed-4ca4-a6a3-acbcd94fc144" srcIP="127.0.0.1:46978" resp=200
Sep 2 00:02:53 cn-jenkins-deploy-platform-juju-k8s-2095-1 kube-apiserver.daemon[245607]: I0902 00:02:53.658108 245607 httplog.go:109] "HTTP" verb="PUT" URI="/apis/coordination.k8s.io/v1/namespaces/kube-system/leases/kube-scheduler?timeout=5s" latency="4.542051ms" userAgent="kube-scheduler/v1.22.17 (linux/amd64) kubernetes/a7736ea/leader-election" audit-ID="08cf964e-64d6-4fbb-86c0-258323eca31b" srcIP="127.0.0.1:46978" resp=200
Sep 2 00:02:54 cn-jenkins-deploy-platform-juju-k8s-2095-1 kube-apiserver.daemon[245607]: I0902 00:02:54.317130 245607 httplog.go:109] "HTTP" verb="GET" URI="/api/v1/nodes?allowWatchBookmarks=true&fieldSelector=metadata.name%3Dcn-jenkins-deploy-platform-juju-k8s-2095-1&resourceVersion=116&timeout=7m30s&timeoutSeconds=450&watch=true" latency="7m30.001195753s" userAgent="kubelet/v1.22.17 (linux/amd64) kubernetes/a7736ea" audit-ID="c9a03e20-ab8e-42e1-b704-45119b12ffcb" srcIP="127.0.0.1:46972" resp=0
Sep 2 00:02:54 cn-jenkins-deploy-platform-juju-k8s-2095-1 kube-apiserver.daemon[245607]: I0902 00:02:54.324239 245607 get.go:260] "Starting watch" path="/api/v1/nodes" resourceVersion="834" labels="" fields="metadata.name=cn-jenkins-deploy-platform-juju-k8s-2095-1" timeout="9m59s"
