Sep 2 00:01:04 cn-jenkins-deploy-platform-juju-k8s-2095-1 kube-apiserver.daemon[245607]: I0902 00:01:04.163025 245607 httplog.go:109] "HTTP" verb="GET" URI="/apis/autoscaling/v2beta2?timeout=32s" latency="727.734µs" userAgent="kube-controller-manager/v1.22.17 (linux/amd64) kubernetes/a7736ea/system:serviceaccount:kube-system:generic-garbage-collector" audit-ID="af2ea5e4-ee30-4817-95a4-3ad1a6624f9c" srcIP="127.0.0.1:53504" resp=200
Sep 2 00:01:04 cn-jenkins-deploy-platform-juju-k8s-2095-1 kube-apiserver.daemon[245607]: I0902 00:01:04.163296 245607 httplog.go:109] "HTTP" verb="GET" URI="/apis/networking.k8s.io/v1?timeout=32s" latency="170.282µs" userAgent="kube-controller-manager/v1.22.17 (linux/amd64) kubernetes/a7736ea/system:serviceaccount:kube-system:generic-garbage-collector" audit-ID="f8ea1ced-8ea6-4900-9fbd-edccf68265fc" srcIP="127.0.0.1:53504" resp=200
Sep 2 00:01:04 cn-jenkins-deploy-platform-juju-k8s-2095-1 kube-apiserver.daemon[245607]: I0902 00:01:04.163484 245607 httplog.go:109] "HTTP" verb="GET" URI="/apis/scheduling.k8s.io/v1?timeout=32s" latency="136.983µs" userAgent="kube-controller-manager/v1.22.17 (linux/amd64) kubernetes/a7736ea/system:serviceaccount:kube-system:generic-garbage-collector" audit-ID="ecacaed7-0940-4a03-a123-c760b6a98faa" srcIP="127.0.0.1:53504" resp=200
Sep 2 00:01:04 cn-jenkins-deploy-platform-juju-k8s-2095-1 kube-apiserver.daemon[245607]: I0902 00:01:04.163806 245607 httplog.go:109] "HTTP" verb="GET" URI="/apis/batch/v1beta1?timeout=32s" latency="272.064µs" userAgent="kube-controller-manager/v1.22.17 (linux/amd64) kubernetes/a7736ea/system:serviceaccount:kube-system:generic-garbage-collector" audit-ID="3d1ae45e-3827-437c-8a16-abf0afc49432" srcIP="127.0.0.1:53504" resp=200
Sep 2 00:01:04 cn-jenkins-deploy-platform-juju-k8s-2095-1 kube-apiserver.daemon[245607]: I0902 00:01:04.163977 245607 httplog.go:109] "HTTP" verb="GET" URI="/apis/apiextensions.k8s.io/v1?timeout=32s" latency="3.209897ms" userAgent="kube-controller-manager/v1.22.17 (linux/amd64) kubernetes/a7736ea/system:serviceaccount:kube-system:generic-garbage-collector" audit-ID="b1a5ac70-ec5e-4c8d-adb4-71022cd6d853" srcIP="127.0.0.1:53504" resp=200
Sep 2 00:01:04 cn-jenkins-deploy-platform-juju-k8s-2095-1 kube-apiserver.daemon[245607]: I0902 00:01:04.164168 245607 httplog.go:109] "HTTP" verb="GET" URI="/apis/authentication.k8s.io/v1?timeout=32s" latency="4.207245ms" userAgent="kube-controller-manager/v1.22.17 (linux/amd64) kubernetes/a7736ea/system:serviceaccount:kube-system:generic-garbage-collector" audit-ID="f75ded0d-77b8-43fd-9a25-840fde24d55e" srcIP="127.0.0.1:53504" resp=200
Sep 2 00:01:04 cn-jenkins-deploy-platform-juju-k8s-2095-1 kube-apiserver.daemon[245607]: I0902 00:01:04.166241 245607 httplog.go:109] "HTTP" verb="GET" URI="/apis/batch/v1?timeout=32s" latency="392.008µs" userAgent="kube-controller-manager/v1.22.17 (linux/amd64) kubernetes/a7736ea/system:serviceaccount:kube-system:generic-garbage-collector" audit-ID="cf710e5f-481f-4afd-9690-bc32e1f9dab6" srcIP="127.0.0.1:53504" resp=200
Sep 2 00:01:04 cn-jenkins-deploy-platform-juju-k8s-2095-1 systemd[1]: snap.kubectl.kubectl-7706df61-3484-4ca8-94fb-02c2347b48c8.scope: Succeeded.
Sep 2 00:01:04 cn-jenkins-deploy-platform-juju-k8s-2095-1 systemd[1]: Started snap.kubectl.kubectl-ee041010-0fee-4db3-b3fe-758c5a6addde.scope.
Sep 2 00:01:04 cn-jenkins-deploy-platform-juju-k8s-2095-1 systemd[1]: snap.kubectl.kubectl-ee041010-0fee-4db3-b3fe-758c5a6addde.scope: Succeeded.
Sep 2 00:01:04 cn-jenkins-deploy-platform-juju-k8s-2095-1 systemd[1]: Started snap.kubectl.kubectl-0a8ab4a6-07c5-49a1-b6fa-33659b128d29.scope.
Sep 2 00:01:04 cn-jenkins-deploy-platform-juju-k8s-2095-1 systemd[1]: snap.kubectl.kubectl-0a8ab4a6-07c5-49a1-b6fa-33659b128d29.scope: Succeeded.
Sep 2 00:01:04 cn-jenkins-deploy-platform-juju-k8s-2095-1 systemd[1]: Started snap.kubectl.kubectl-b31e557f-211e-4ce4-aa84-cf667d5a59d3.scope.
Sep 2 00:01:04 cn-jenkins-deploy-platform-juju-k8s-2095-1 systemd[1]: snap.kubectl.kubectl-b31e557f-211e-4ce4-aa84-cf667d5a59d3.scope: Succeeded.
Sep 2 00:01:04 cn-jenkins-deploy-platform-juju-k8s-2095-1 systemd[1]: Started snap.kubectl.kubectl-42b3f3de-6c80-4791-babe-b6a47d5bc1a5.scope.
Sep 2 00:01:04 cn-jenkins-deploy-platform-juju-k8s-2095-1 kube-apiserver.daemon[245607]: I0902 00:01:04.541686 245607 httplog.go:109] "HTTP" verb="GET" URI="/apis/coordination.k8s.io/v1/namespaces/kube-system/leases/kube-controller-manager?timeout=5s" latency="4.629675ms" userAgent="kube-controller-manager/v1.22.17 (linux/amd64) kubernetes/a7736ea/leader-election" audit-ID="258759bb-1a37-4993-9f88-bf1505f6f362" srcIP="127.0.0.1:53504" resp=200
Sep 2 00:01:04 cn-jenkins-deploy-platform-juju-k8s-2095-1 kube-apiserver.daemon[245607]: I0902 00:01:04.548098 245607 httplog.go:109] "HTTP" verb="PUT" URI="/apis/coordination.k8s.io/v1/namespaces/kube-system/leases/kube-controller-manager?timeout=5s" latency="5.44556ms" userAgent="kube-controller-manager/v1.22.17 (linux/amd64) kubernetes/a7736ea/leader-election" audit-ID="128159e2-3825-4bca-9538-ea3df06207c2" srcIP="127.0.0.1:53504" resp=200
Sep 2 00:01:04 cn-jenkins-deploy-platform-juju-k8s-2095-1 systemd[1]: snap.kubectl.kubectl-42b3f3de-6c80-4791-babe-b6a47d5bc1a5.scope: Succeeded.
Sep 2 00:01:04 cn-jenkins-deploy-platform-juju-k8s-2095-1 systemd[1]: Started snap.kubectl.kubectl-f1986a12-ddc8-4777-b983-f62a4ec2c5c0.scope.
Sep 2 00:01:04 cn-jenkins-deploy-platform-juju-k8s-2095-1 systemd[1]: snap.kubectl.kubectl-f1986a12-ddc8-4777-b983-f62a4ec2c5c0.scope: Succeeded.
Sep 2 00:01:04 cn-jenkins-deploy-platform-juju-k8s-2095-1 systemd[1]: Started snap.kubectl.kubectl-892e256d-c812-482f-bdb5-b1fb6d6d5f5c.scope.
Sep 2 00:01:04 cn-jenkins-deploy-platform-juju-k8s-2095-1 systemd[1]: snap.kubectl.kubectl-892e256d-c812-482f-bdb5-b1fb6d6d5f5c.scope: Succeeded.
Sep 2 00:01:04 cn-jenkins-deploy-platform-juju-k8s-2095-1 systemd[1]: Started snap.kubectl.kubectl-eff431dc-c9ef-4252-933c-863330c87ddd.scope.
Sep 2 00:01:04 cn-jenkins-deploy-platform-juju-k8s-2095-1 systemd[1]: snap.kubectl.kubectl-eff431dc-c9ef-4252-933c-863330c87ddd.scope: Succeeded.
Sep 2 00:01:04 cn-jenkins-deploy-platform-juju-k8s-2095-1 systemd[1]: Started snap.kubectl.kubectl-248babe0-5210-4947-a155-727eabe230b5.scope.
Sep 2 00:01:05 cn-jenkins-deploy-platform-juju-k8s-2095-1 kube-apiserver.daemon[245607]: I0902 00:01:05.037205 245607 httplog.go:109] "HTTP" verb="GET" URI="/apis/coordination.k8s.io/v1/namespaces/kube-system/leases/kube-scheduler?timeout=5s" latency="6.043468ms" userAgent="kube-scheduler/v1.22.17 (linux/amd64) kubernetes/a7736ea/leader-election" audit-ID="f2c81354-d0b6-4b3d-9b22-c57ee4d390d5" srcIP="127.0.0.1:46978" resp=200
Sep 2 00:01:05 cn-jenkins-deploy-platform-juju-k8s-2095-1 systemd[1]: snap.kubectl.kubectl-248babe0-5210-4947-a155-727eabe230b5.scope: Succeeded.
Sep 2 00:01:05 cn-jenkins-deploy-platform-juju-k8s-2095-1 kube-apiserver.daemon[245607]: I0902 00:01:05.051123 245607 httplog.go:109] "HTTP" verb="PUT" URI="/apis/coordination.k8s.io/v1/namespaces/kube-system/leases/kube-scheduler?timeout=5s" latency="12.511751ms" userAgent="kube-scheduler/v1.22.17 (linux/amd64) kubernetes/a7736ea/leader-election" audit-ID="eccba2ba-5667-484d-b12c-f54b7dadcf7a" srcIP="127.0.0.1:46978" resp=200
Sep 2 00:01:05 cn-jenkins-deploy-platform-juju-k8s-2095-1 systemd[1]: Started snap.kubectl.kubectl-9582dd5d-d451-48bd-9e63-b267cf154bb5.scope.
Sep 2 00:01:05 cn-jenkins-deploy-platform-juju-k8s-2095-1 systemd[1]: snap.kubectl.kubectl-9582dd5d-d451-48bd-9e63-b267cf154bb5.scope: Succeeded.
Sep 2 00:01:05 cn-jenkins-deploy-platform-juju-k8s-2095-1 systemd[1]: Started snap.kubectl.kubectl-d14b38f9-cc25-48ec-a775-b0f71a85133a.scope.
Sep 2 00:01:05 cn-jenkins-deploy-platform-juju-k8s-2095-1 systemd[1]: snap.kubectl.kubectl-d14b38f9-cc25-48ec-a775-b0f71a85133a.scope: Succeeded.
Sep 2 00:01:05 cn-jenkins-deploy-platform-juju-k8s-2095-1 systemd[1]: Started snap.kubectl.kubectl-c6b83c77-7d20-43cd-b0a2-363ae2e0cb85.scope.
Sep 2 00:01:05 cn-jenkins-deploy-platform-juju-k8s-2095-1 systemd[1]: snap.kubectl.kubectl-c6b83c77-7d20-43cd-b0a2-363ae2e0cb85.scope: Succeeded.
Sep 2 00:01:05 cn-jenkins-deploy-platform-juju-k8s-2095-1 systemd[1]: Started snap.kubectl.kubectl-b922d699-6fc9-4a0e-a5a5-fa8f13ac307d.scope.
Sep 2 00:01:05 cn-jenkins-deploy-platform-juju-k8s-2095-1 systemd[1]: snap.kubectl.kubectl-b922d699-6fc9-4a0e-a5a5-fa8f13ac307d.scope: Succeeded.
Sep 2 00:01:05 cn-jenkins-deploy-platform-juju-k8s-2095-1 systemd[1]: Started snap.kubectl.kubectl-1f8597e4-1f61-41b3-a3f8-6c00772aae43.scope.
Sep 2 00:01:05 cn-jenkins-deploy-platform-juju-k8s-2095-1 systemd[1]: snap.kubectl.kubectl-1f8597e4-1f61-41b3-a3f8-6c00772aae43.scope: Succeeded.
Sep 2 00:01:05 cn-jenkins-deploy-platform-juju-k8s-2095-1 systemd[1]: Started snap.kubectl.kubectl-b506dc9c-ce64-496c-9f2a-66458b340c22.scope.
Sep 2 00:01:05 cn-jenkins-deploy-platform-juju-k8s-2095-1 systemd[1]: snap.kubectl.kubectl-b506dc9c-ce64-496c-9f2a-66458b340c22.scope: Succeeded.
Sep 2 00:01:05 cn-jenkins-deploy-platform-juju-k8s-2095-1 systemd[1]: Started snap.kubectl.kubectl-62828a56-618b-4e8c-a4b4-5072b1daddfa.scope.
Sep 2 00:01:06 cn-jenkins-deploy-platform-juju-k8s-2095-1 systemd[1]: snap.kubectl.kubectl-62828a56-618b-4e8c-a4b4-5072b1daddfa.scope: Succeeded.
Sep 2 00:01:06 cn-jenkins-deploy-platform-juju-k8s-2095-1 systemd[1]: Started snap.kubectl.kubectl-4f42aa3b-a557-4601-bcb3-c4d66434c9f5.scope.
Sep 2 00:01:06 cn-jenkins-deploy-platform-juju-k8s-2095-1 systemd[1]: snap.kubectl.kubectl-4f42aa3b-a557-4601-bcb3-c4d66434c9f5.scope: Succeeded.
Sep 2 00:01:06 cn-jenkins-deploy-platform-juju-k8s-2095-1 systemd[1]: Started snap.kubectl.kubectl-951669f7-001f-423e-9ae6-11b724105c6a.scope.
Sep 2 00:01:06 cn-jenkins-deploy-platform-juju-k8s-2095-1 systemd[1]: snap.kubectl.kubectl-951669f7-001f-423e-9ae6-11b724105c6a.scope: Succeeded.
Sep 2 00:01:06 cn-jenkins-deploy-platform-juju-k8s-2095-1 systemd[1]: Started snap.kubectl.kubectl-87bf8a54-9e3e-4c4b-b785-a4293652ef79.scope.
Sep 2 00:01:06 cn-jenkins-deploy-platform-juju-k8s-2095-1 kube-apiserver.daemon[245607]: I0902 00:01:06.402097 245607 httplog.go:109] "HTTP" verb="LIST" URI="/api/v1/namespaces/kube-system/secrets?fieldSelector=type%3Djuju.is%2Ftoken-auth&limit=500" latency="3.896813ms" userAgent="kubectl/v1.22.17 (linux/amd64) kubernetes/a7736ea" audit-ID="30a4b9e0-ff87-4618-a9b0-7701e62cf28e" srcIP="127.0.0.1:52198" resp=200
Sep 2 00:01:06 cn-jenkins-deploy-platform-juju-k8s-2095-1 systemd[1]: snap.kubectl.kubectl-87bf8a54-9e3e-4c4b-b785-a4293652ef79.scope: Succeeded.
Sep 2 00:01:06 cn-jenkins-deploy-platform-juju-k8s-2095-1 systemd[1]: Started snap.kubectl.kubectl-4d99cf72-df2a-42c3-9a75-59fb697b8320.scope.
Sep 2 00:01:06 cn-jenkins-deploy-platform-juju-k8s-2095-1 systemd[1]: snap.kubectl.kubectl-4d99cf72-df2a-42c3-9a75-59fb697b8320.scope: Succeeded.
Sep 2 00:01:06 cn-jenkins-deploy-platform-juju-k8s-2095-1 kube-apiserver.daemon[245607]: I0902 00:01:06.556283 245607 httplog.go:109] "HTTP" verb="GET" URI="/apis/coordination.k8s.io/v1/namespaces/kube-system/leases/kube-controller-manager?timeout=5s" latency="6.334533ms" userAgent="kube-controller-manager/v1.22.17 (linux/amd64) kubernetes/a7736ea/leader-election" audit-ID="2cee0423-34ad-4651-93a1-f423e156e3b2" srcIP="127.0.0.1:53504" resp=200
Sep 2 00:01:06 cn-jenkins-deploy-platform-juju-k8s-2095-1 kube-apiserver.daemon[245607]: I0902 00:01:06.563200 245607 httplog.go:109] "HTTP" verb="PUT" URI="/apis/coordination.k8s.io/v1/namespaces/kube-system/leases/kube-controller-manager?timeout=5s" latency="5.992216ms" userAgent="kube-controller-manager/v1.22.17 (linux/amd64) kubernetes/a7736ea/leader-election" audit-ID="446a2cfa-c921-4586-89c7-20c615f139f8" srcIP="127.0.0.1:53504" resp=200
Sep 2 00:01:06 cn-jenkins-deploy-platform-juju-k8s-2095-1 systemd[1]: Started snap.kubectl.kubectl-2da59dce-9e0c-4370-a15a-031829df96cc.scope.
Sep 2 00:01:06 cn-jenkins-deploy-platform-juju-k8s-2095-1 systemd[1]: snap.kubectl.kubectl-2da59dce-9e0c-4370-a15a-031829df96cc.scope: Succeeded.
Sep 2 00:01:06 cn-jenkins-deploy-platform-juju-k8s-2095-1 systemd[1]: Started snap.kubectl.kubectl-07a545ea-8b3b-493f-bc02-6d9c76798834.scope.
Sep 2 00:01:06 cn-jenkins-deploy-platform-juju-k8s-2095-1 systemd[1]: snap.kubectl.kubectl-07a545ea-8b3b-493f-bc02-6d9c76798834.scope: Succeeded.
Sep 2 00:01:06 cn-jenkins-deploy-platform-juju-k8s-2095-1 systemd[1]: Started snap.kubectl.kubectl-eed46e00-fa75-42f9-8751-07cecc82524b.scope.
Sep 2 00:01:06 cn-jenkins-deploy-platform-juju-k8s-2095-1 systemd[1]: snap.kubectl.kubectl-eed46e00-fa75-42f9-8751-07cecc82524b.scope: Succeeded.
Sep 2 00:01:06 cn-jenkins-deploy-platform-juju-k8s-2095-1 systemd[1]: Started snap.kubectl.kubectl-d1b3f634-ac08-4e69-8660-773dd390133c.scope.
Sep 2 00:01:06 cn-jenkins-deploy-platform-juju-k8s-2095-1 systemd[1]: snap.kubectl.kubectl-d1b3f634-ac08-4e69-8660-773dd390133c.scope: Succeeded.
Sep 2 00:01:07 cn-jenkins-deploy-platform-juju-k8s-2095-1 kube-apiserver.daemon[245607]: I0902 00:01:07.057062 245607 httplog.go:109] "HTTP" verb="GET" URI="/apis/coordination.k8s.io/v1/namespaces/kube-system/leases/kube-scheduler?timeout=5s" latency="3.319002ms" userAgent="kube-scheduler/v1.22.17 (linux/amd64) kubernetes/a7736ea/leader-election" audit-ID="f7e71698-65d2-4e0a-8738-02ec497f6f35" srcIP="127.0.0.1:46978" resp=200
Sep 2 00:01:07 cn-jenkins-deploy-platform-juju-k8s-2095-1 kube-apiserver.daemon[245607]: I0902 00:01:07.062864 245607 httplog.go:109] "HTTP" verb="PUT" URI="/apis/coordination.k8s.io/v1/namespaces/kube-system/leases/kube-scheduler?timeout=5s" latency="4.599077ms" userAgent="kube-scheduler/v1.22.17 (linux/amd64) kubernetes/a7736ea/leader-election" audit-ID="67a546e6-45a9-4197-8e14-8703f49a0a70" srcIP="127.0.0.1:46978" resp=200
Sep 2 00:01:07 cn-jenkins-deploy-platform-juju-k8s-2095-1 systemd[1]: Started snap.kubectl.kubectl-0544aef4-ec3b-44e5-a4d3-f5b17c44f940.scope.
Sep 2 00:01:07 cn-jenkins-deploy-platform-juju-k8s-2095-1 kube-apiserver.daemon[245607]: I0902 00:01:07.193303 245607 httplog.go:109] "HTTP" verb="LIST" URI="/api/v1/namespaces/kube-system/secrets?fieldSelector=type%3Djuju.is%2Ftoken-auth&limit=500" latency="2.852428ms" userAgent="kubectl/v1.22.17 (linux/amd64) kubernetes/a7736ea" audit-ID="64c06869-456e-4179-abe9-eb2fceff5fbb" srcIP="127.0.0.1:52202" resp=200
Sep 2 00:01:07 cn-jenkins-deploy-platform-juju-k8s-2095-1 systemd[1]: snap.kubectl.kubectl-0544aef4-ec3b-44e5-a4d3-f5b17c44f940.scope: Succeeded.
Sep 2 00:01:07 cn-jenkins-deploy-platform-juju-k8s-2095-1 systemd[1]: Started snap.kubectl.kubectl-f9353f19-9bc8-4259-86f5-7e33997dde74.scope.
Sep 2 00:01:07 cn-jenkins-deploy-platform-juju-k8s-2095-1 systemd[1]: snap.kubectl.kubectl-f9353f19-9bc8-4259-86f5-7e33997dde74.scope: Succeeded.
Sep 2 00:01:07 cn-jenkins-deploy-platform-juju-k8s-2095-1 systemd[1]: Started snap.kubectl.kubectl-79cacb6b-9b33-4acb-a5af-df0179bc392c.scope.
Sep 2 00:01:07 cn-jenkins-deploy-platform-juju-k8s-2095-1 systemd[1]: snap.kubectl.kubectl-79cacb6b-9b33-4acb-a5af-df0179bc392c.scope: Succeeded.
Sep 2 00:01:07 cn-jenkins-deploy-platform-juju-k8s-2095-1 systemd[1]: Started snap.kubectl.kubectl-4d3637c2-e990-4681-bd55-2fca89e5cf9a.scope.
Sep 2 00:01:07 cn-jenkins-deploy-platform-juju-k8s-2095-1 kube-apiserver.daemon[245607]: I0902 00:01:07.591443 245607 httplog.go:109] "HTTP" verb="GET" URI="/api/v1/namespaces/default" latency="1.650209ms" userAgent="kube-apiserver/v1.22.17 (linux/amd64) kubernetes/a7736ea" audit-ID="1edf82be-d81e-4229-8695-69e03a29cc3b" srcIP="[::1]:57300" resp=200
Sep 2 00:01:07 cn-jenkins-deploy-platform-juju-k8s-2095-1 kube-apiserver.daemon[245607]: I0902 00:01:07.592917 245607 httplog.go:109] "HTTP" verb="GET" URI="/api/v1/namespaces/default/services/kubernetes" latency="1.044503ms" userAgent="kube-apiserver/v1.22.17 (linux/amd64) kubernetes/a7736ea" audit-ID="c607b54e-dd14-425f-94f8-0d22113cdbc4" srcIP="[::1]:57300" resp=200
Sep 2 00:01:07 cn-jenkins-deploy-platform-juju-k8s-2095-1 kube-apiserver.daemon[245607]: I0902 00:01:07.602108 245607 httplog.go:109] "HTTP" verb="GET" URI="/api/v1/namespaces/default/endpoints/kubernetes" latency="1.077244ms" userAgent="kube-apiserver/v1.22.17 (linux/amd64) kubernetes/a7736ea" audit-ID="3b7c003d-67d4-4e39-801b-7b5291f433a4" srcIP="[::1]:57300" resp=200
Sep 2 00:01:07 cn-jenkins-deploy-platform-juju-k8s-2095-1 kube-apiserver.daemon[245607]: I0902 00:01:07.604265 245607 httplog.go:109] "HTTP" verb="GET" URI="/apis/discovery.k8s.io/v1/namespaces/default/endpointslices/kubernetes" latency="1.047831ms" userAgent="kube-apiserver/v1.22.17 (linux/amd64) kubernetes/a7736ea" audit-ID="fd00185d-643f-48f8-843d-7b6c3751df2b" srcIP="[::1]:57300" resp=200
Sep 2 00:01:07 cn-jenkins-deploy-platform-juju-k8s-2095-1 systemd[1]: snap.kubectl.kubectl-4d3637c2-e990-4681-bd55-2fca89e5cf9a.scope: Succeeded.
Sep 2 00:01:07 cn-jenkins-deploy-platform-juju-k8s-2095-1 kube-apiserver.daemon[245607]: I0902 00:01:07.642728 245607 httplog.go:109] "HTTP" verb="GET" URI="/api/v1/nodes/an-jenkins-deploy-platform-juju-k8s-2095-1?resourceVersion=0&timeout=10s" latency="19.125489ms" userAgent="kubelet/v1.22.17 (linux/amd64) kubernetes/a7736ea" audit-ID="88cf88a3-3424-4f62-af2d-95373fcec8c2" srcIP="10.0.0.188:53364" resp=200
Sep 2 00:01:07 cn-jenkins-deploy-platform-juju-k8s-2095-1 kube-apiserver.daemon[245607]: I0902 00:01:07.680453 245607 httplog.go:109] "HTTP" verb="POST" URI="/api/v1/namespaces/default/events" latency="21.071238ms" userAgent="kubelet/v1.22.17 (linux/amd64) kubernetes/a7736ea" audit-ID="8f32b6d1-2103-4ab6-a7c9-8107ba0a6071" srcIP="10.0.0.188:53332" resp=201
Sep 2 00:01:07 cn-jenkins-deploy-platform-juju-k8s-2095-1 kube-apiserver.daemon[245607]: I0902 00:01:07.687268 245607 httplog.go:109] "HTTP" verb="PATCH" URI="/api/v1/nodes/an-jenkins-deploy-platform-juju-k8s-2095-1/status?timeout=10s" latency="22.443348ms" userAgent="kubelet/v1.22.17 (linux/amd64) kubernetes/a7736ea" audit-ID="6c4d1df8-8c42-4aa9-87aa-6cf0ec2de15f" srcIP="10.0.0.188:53364" resp=200
Sep 2 00:01:07 cn-jenkins-deploy-platform-juju-k8s-2095-1 systemd[1]: Started snap.kubectl.kubectl-ac197aa9-3498-49f4-b4ba-9f4ff215281d.scope.
Sep 2 00:01:07 cn-jenkins-deploy-platform-juju-k8s-2095-1 kube-controller-manager.daemon[248378]: I0902 00:01:07.690035 248378 controller.go:265] Node changes detected, triggering a full node sync on all loadbalancer services
Sep 2 00:01:07 cn-jenkins-deploy-platform-juju-k8s-2095-1 kube-apiserver.daemon[245607]: I0902 00:01:07.704566 245607 httplog.go:109] "HTTP" verb="PUT" URI="/apis/coordination.k8s.io/v1/namespaces/kube-node-lease/leases/an-jenkins-deploy-platform-juju-k8s-2095-1?timeout=10s" latency="4.193283ms" userAgent="kubelet/v1.22.17 (linux/amd64) kubernetes/a7736ea" audit-ID="d4e367eb-9fb0-4998-97ac-46796969022f" srcIP="10.0.0.188:53348" resp=200
Sep 2 00:01:07 cn-jenkins-deploy-platform-juju-k8s-2095-1 kube-apiserver.daemon[245607]: I0902 00:01:07.710181 245607 httplog.go:109] "HTTP" verb="GET" URI="/api/v1/nodes/an-jenkins-deploy-platform-juju-k8s-2095-1?resourceVersion=0" latency="17.048534ms" userAgent="kube-controller-manager/v1.22.17 (linux/amd64) kubernetes/a7736ea/system:serviceaccount:kube-system:node-controller" audit-ID="df3a57c1-36d2-422a-af4e-f75f9393a8e1" srcIP="127.0.0.1:53504" resp=200
Sep 2 00:01:07 cn-jenkins-deploy-platform-juju-k8s-2095-1 kube-apiserver.daemon[245607]: I0902 00:01:07.718821 245607 httplog.go:109] "HTTP" verb="PATCH" URI="/api/v1/nodes/an-jenkins-deploy-platform-juju-k8s-2095-1" latency="7.086416ms" userAgent="kube-controller-manager/v1.22.17 (linux/amd64) kubernetes/a7736ea/system:serviceaccount:kube-system:node-controller" audit-ID="7a152c03-2af2-4e9f-8ec1-33aaa5aebdbc" srcIP="127.0.0.1:53504" resp=200
Sep 2 00:01:07 cn-jenkins-deploy-platform-juju-k8s-2095-1 systemd[1]: snap.kubectl.kubectl-ac197aa9-3498-49f4-b4ba-9f4ff215281d.scope: Succeeded.
Sep 2 00:01:07 cn-jenkins-deploy-platform-juju-k8s-2095-1 systemd[1]: Started snap.kubectl.kubectl-4fc56fab-5ae3-4943-9516-235cb7a815d6.scope.
Sep 2 00:01:07 cn-jenkins-deploy-platform-juju-k8s-2095-1 systemd[1]: snap.kubectl.kubectl-4fc56fab-5ae3-4943-9516-235cb7a815d6.scope: Succeeded.
Sep 2 00:01:07 cn-jenkins-deploy-platform-juju-k8s-2095-1 systemd[1]: Started snap.kubectl.kubectl-42a37d66-98fc-4988-a0d0-4d2d3266f793.scope.
Sep 2 00:01:08 cn-jenkins-deploy-platform-juju-k8s-2095-1 kube-apiserver.daemon[245607]: I0902 00:01:08.085009 245607 httplog.go:109] "HTTP" verb="LIST" URI="/api/v1/namespaces/kube-system/secrets?fieldSelector=type%3Djuju.is%2Ftoken-auth&limit=500" latency="3.385066ms" userAgent="kubectl/v1.22.17 (linux/amd64) kubernetes/a7736ea" audit-ID="b48b11c6-5506-42b7-b2c6-36c5ac1fe315" srcIP="127.0.0.1:52204" resp=200
Sep 2 00:01:08 cn-jenkins-deploy-platform-juju-k8s-2095-1 systemd[1]: snap.kubectl.kubectl-42a37d66-98fc-4988-a0d0-4d2d3266f793.scope: Succeeded.
Sep 2 00:01:08 cn-jenkins-deploy-platform-juju-k8s-2095-1 systemd[1]: Started snap.kubectl.kubectl-152540d6-482f-4bc8-82fc-5f656d9d126c.scope.
Sep 2 00:01:08 cn-jenkins-deploy-platform-juju-k8s-2095-1 systemd[1]: snap.kubectl.kubectl-152540d6-482f-4bc8-82fc-5f656d9d126c.scope: Succeeded.
Sep 2 00:01:08 cn-jenkins-deploy-platform-juju-k8s-2095-1 kube-apiserver.daemon[245607]: I0902 00:01:08.246065 245607 httplog.go:109] "HTTP" verb="PUT" URI="/apis/coordination.k8s.io/v1/namespaces/kube-node-lease/leases/cn-jenkins-deploy-platform-juju-k8s-2095-1?timeout=10s" latency="5.608906ms" userAgent="kubelet/v1.22.17 (linux/amd64) kubernetes/a7736ea" audit-ID="619c5277-0766-4528-ab7a-36cf954f27bc" srcIP="127.0.0.1:47000" resp=200
Sep 2 00:01:08 cn-jenkins-deploy-platform-juju-k8s-2095-1 systemd[1]: Started snap.kubectl.kubectl-b324a37b-d04a-455b-a10b-f9b217e27d84.scope.
Sep 2 00:01:08 cn-jenkins-deploy-platform-juju-k8s-2095-1 systemd[1]: snap.kubectl.kubectl-b324a37b-d04a-455b-a10b-f9b217e27d84.scope: Succeeded.
Sep 2 00:01:08 cn-jenkins-deploy-platform-juju-k8s-2095-1 systemd[1]: Started snap.kubectl.kubectl-1796c9a2-2211-45ad-9940-8b4031f9625b.scope.
Sep 2 00:01:08 cn-jenkins-deploy-platform-juju-k8s-2095-1 systemd[1]: snap.kubectl.kubectl-1796c9a2-2211-45ad-9940-8b4031f9625b.scope: Succeeded.
Sep 2 00:01:08 cn-jenkins-deploy-platform-juju-k8s-2095-1 systemd[1]: Started snap.kubectl.kubectl-3daedc89-7112-4b63-a37a-7e94aceb7328.scope.
Sep 2 00:01:08 cn-jenkins-deploy-platform-juju-k8s-2095-1 systemd[1]: snap.kubectl.kubectl-3daedc89-7112-4b63-a37a-7e94aceb7328.scope: Succeeded.
Sep 2 00:01:08 cn-jenkins-deploy-platform-juju-k8s-2095-1 kube-apiserver.daemon[245607]: I0902 00:01:08.570457 245607 httplog.go:109] "HTTP" verb="GET" URI="/api/v1/nodes/an-jenkins-deploy-platform-juju-k8s-2095-1?resourceVersion=0" latency="1.844918ms" userAgent="kube-controller-manager/v1.22.17 (linux/amd64) kubernetes/a7736ea/system:serviceaccount:kube-system:node-controller" audit-ID="40e25c8a-5d78-48bb-9de7-c260b6bf11dc" srcIP="127.0.0.1:53504" resp=200
Sep 2 00:01:08 cn-jenkins-deploy-platform-juju-k8s-2095-1 kube-apiserver.daemon[245607]: I0902 00:01:08.571357 245607 httplog.go:109] "HTTP" verb="GET" URI="/apis/coordination.k8s.io/v1/namespaces/kube-system/leases/kube-controller-manager?timeout=5s" latency="6.726861ms" userAgent="kube-controller-manager/v1.22.17 (linux/amd64) kubernetes/a7736ea/leader-election" audit-ID="c7ade540-123f-4f05-9b77-67fbbd24fdd5" srcIP="127.0.0.1:53504" resp=200
Sep 2 00:01:08 cn-jenkins-deploy-platform-juju-k8s-2095-1 kube-apiserver.daemon[245607]: I0902 00:01:08.580311 245607 httplog.go:109] "HTTP" verb="PATCH" URI="/api/v1/nodes/an-jenkins-deploy-platform-juju-k8s-2095-1" latency="8.195198ms" userAgent="kube-controller-manager/v1.22.17 (linux/amd64) kubernetes/a7736ea/system:serviceaccount:kube-system:node-controller" audit-ID="7a1f2fc7-a562-4dce-8d05-e254546490b0" srcIP="127.0.0.1:53504" resp=200
Sep 2 00:01:08 cn-jenkins-deploy-platform-juju-k8s-2095-1 kube-controller-manager.daemon[248378]: I0902 00:01:08.581284 248378 node_lifecycle_controller.go:893] Node an-jenkins-deploy-platform-juju-k8s-2095-1 is healthy again, removing all taints
Sep 2 00:01:08 cn-jenkins-deploy-platform-juju-k8s-2095-1 kube-controller-manager.daemon[248378]: I0902 00:01:08.581567 248378 event.go:291] "Event occurred" object="kube-system/coredns-6f867cd986-zbpd7" kind="Pod" apiVersion="" type="Normal" reason="TaintManagerEviction" message="Cancelling deletion of Pod kube-system/coredns-6f867cd986-zbpd7"
Sep 2 00:01:08 cn-jenkins-deploy-platform-juju-k8s-2095-1 kube-apiserver.daemon[245607]: I0902 00:01:08.582856 245607 httplog.go:109] "HTTP" verb="PUT" URI="/apis/coordination.k8s.io/v1/namespaces/kube-system/leases/kube-controller-manager?timeout=5s" latency="8.206474ms" userAgent="kube-controller-manager/v1.22.17 (linux/amd64) kubernetes/a7736ea/leader-election" audit-ID="039f1e1d-7e1e-4536-8f3c-1fac0475037c" srcIP="127.0.0.1:53504" resp=200
Sep 2 00:01:08 cn-jenkins-deploy-platform-juju-k8s-2095-1 kube-apiserver.daemon[245607]: I0902 00:01:08.594168 245607 httplog.go:109] "HTTP" verb="PATCH" URI="/api/v1/namespaces/kube-system/events/coredns-6f867cd986-zbpd7.18d157b8da4ed0b1" latency="12.377658ms" userAgent="kube-controller-manager/v1.22.17 (linux/amd64) kubernetes/a7736ea/system:serviceaccount:kube-system:node-controller" audit-ID="7d05fd9d-c4f1-4c7c-ae46-648125524654" srcIP="127.0.0.1:53504" resp=200
Sep 2 00:01:08 cn-jenkins-deploy-platform-juju-k8s-2095-1 systemd[1]: Started snap.kubectl.kubectl-30e382e2-6029-4026-9086-ddac0adaf2cf.scope.
Sep 2 00:01:08 cn-jenkins-deploy-platform-juju-k8s-2095-1 systemd[1]: snap.kubectl.kubectl-30e382e2-6029-4026-9086-ddac0adaf2cf.scope: Succeeded.
Sep 2 00:01:08 cn-jenkins-deploy-platform-juju-k8s-2095-1 systemd[1]: Started snap.kube-apiserver.kube-apiserver-ff487781-79d3-4400-a1bd-c0a79691c47d.scope.
Sep 2 00:01:08 cn-jenkins-deploy-platform-juju-k8s-2095-1 kube-apiserver.daemon[245607]: I0902 00:01:08.850482 245607 httplog.go:109] "HTTP" verb="WATCH" URI="/api/v1/pods?allowWatchBookmarks=true&fieldSelector=status.phase%21%3DSucceeded%2Cstatus.phase%21%3DFailed&resourceVersion=242&timeout=5m29s&timeoutSeconds=329&watch=true" latency="5m29.000996133s" userAgent="kube-scheduler/v1.22.17 (linux/amd64) kubernetes/a7736ea/scheduler" audit-ID="77eb2d2b-7deb-4a82-9e26-c517846a70e5" srcIP="127.0.0.1:46978" resp=0
Sep 2 00:01:08 cn-jenkins-deploy-platform-juju-k8s-2095-1 kube-apiserver.daemon[245607]: I0902 00:01:08.852803 245607 get.go:260] "Starting watch" path="/api/v1/pods" resourceVersion="442" labels="" fields="status.phase!=Failed,status.phase!=Succeeded" timeout="5m44s"
Sep 2 00:01:08 cn-jenkins-deploy-platform-juju-k8s-2095-1 kernel: [ 7700.420069] audit: type=1400 audit(1788307268.867:355): apparmor="DENIED" operation="bind" profile="snap.kube-apiserver.kube-apiserver" pid=289243 comm="kube-apiserver" family="unix" sock_type="dgram" protocol=0 requested_mask="bind" denied_mask="bind" addr=none
Sep 2 00:01:08 cn-jenkins-deploy-platform-juju-k8s-2095-1 systemd[1]: snap.kube-apiserver.kube-apiserver-ff487781-79d3-4400-a1bd-c0a79691c47d.scope: Succeeded.
Sep 2 00:01:09 cn-jenkins-deploy-platform-juju-k8s-2095-1 systemd[1]: Started snap.kube-apiserver.kube-apiserver-12f84c34-cd6e-4346-b2ba-67de0ebc7d6b.scope.
Sep 2 00:01:09 cn-jenkins-deploy-platform-juju-k8s-2095-1 kube-apiserver.daemon[245607]: I0902 00:01:09.066893 245607 httplog.go:109] "HTTP" verb="GET" URI="/apis/coordination.k8s.io/v1/namespaces/kube-system/leases/kube-scheduler?timeout=5s" latency="2.625706ms" userAgent="kube-scheduler/v1.22.17 (linux/amd64) kubernetes/a7736ea/leader-election" audit-ID="73ee4ec1-9112-42a8-bd48-e813840ca5d9" srcIP="127.0.0.1:46978" resp=200
Sep 2 00:01:09 cn-jenkins-deploy-platform-juju-k8s-2095-1 kube-apiserver.daemon[245607]: I0902 00:01:09.077573 245607 httplog.go:109] "HTTP" verb="PUT" URI="/apis/coordination.k8s.io/v1/namespaces/kube-system/leases/kube-scheduler?timeout=5s" latency="8.414801ms" userAgent="kube-scheduler/v1.22.17 (linux/amd64) kubernetes/a7736ea/leader-election" audit-ID="152b48e3-1cfe-4038-a7c6-874eda47be92" srcIP="127.0.0.1:46978" resp=200
Sep 2 00:01:09 cn-jenkins-deploy-platform-juju-k8s-2095-1 kernel: [ 7700.646759] audit: type=1400 audit(1788307269.095:356): apparmor="DENIED" operation="bind" profile="snap.kube-apiserver.kube-apiserver" pid=289283 comm="kube-apiserver" family="unix" sock_type="dgram" protocol=0 requested_mask="bind" denied_mask="bind" addr=none
Sep 2 00:01:09 cn-jenkins-deploy-platform-juju-k8s-2095-1 systemd[1]: snap.kube-apiserver.kube-apiserver-12f84c34-cd6e-4346-b2ba-67de0ebc7d6b.scope: Succeeded.
Sep 2 00:01:09 cn-jenkins-deploy-platform-juju-k8s-2095-1 systemd[1]: Started snap.kubectl.kubectl-e9556814-3735-4617-9b51-43874a26d953.scope.
Sep 2 00:01:09 cn-jenkins-deploy-platform-juju-k8s-2095-1 kube-apiserver.daemon[245607]: I0902 00:01:09.379988 245607 httplog.go:109] "HTTP" verb="GET" URI="/api/v1/namespaces/kube-system/services/kube-dns" latency="1.611334ms" userAgent="kubectl/v1.22.17 (linux/amd64) kubernetes/a7736ea" audit-ID="d3d11b01-a95d-4165-8faf-c24e48508a5d" srcIP="127.0.0.1:52214" resp=200
Sep 2 00:01:09 cn-jenkins-deploy-platform-juju-k8s-2095-1 systemd[1]: snap.kubectl.kubectl-e9556814-3735-4617-9b51-43874a26d953.scope: Succeeded.
Sep 2 00:01:09 cn-jenkins-deploy-platform-juju-k8s-2095-1 systemd[1]: Started snap.kube-apiserver.kube-apiserver-bf8ae9cf-150c-4345-800e-5c8af5a5023c.scope.
Sep 2 00:01:09 cn-jenkins-deploy-platform-juju-k8s-2095-1 kernel: [ 7701.243959] audit: type=1400 audit(1788307269.691:357): apparmor="DENIED" operation="bind" profile="snap.kube-apiserver.kube-apiserver" pid=289414 comm="kube-apiserver" family="unix" sock_type="dgram" protocol=0 requested_mask="bind" denied_mask="bind" addr=none
Sep 2 00:01:09 cn-jenkins-deploy-platform-juju-k8s-2095-1 systemd[1]: snap.kube-apiserver.kube-apiserver-bf8ae9cf-150c-4345-800e-5c8af5a5023c.scope: Succeeded.
Sep 2 00:01:09 cn-jenkins-deploy-platform-juju-k8s-2095-1 systemd[1]: Started snap.kube-apiserver.kube-apiserver-8f88c18b-5414-41b8-89fd-ce2efc07d53e.scope.
Sep 2 00:01:09 cn-jenkins-deploy-platform-juju-k8s-2095-1 kernel: [ 7701.434038] audit: type=1400 audit(1788307269.883:358): apparmor="DENIED" operation="bind" profile="snap.kube-apiserver.kube-apiserver" pid=289452 comm="kube-apiserver" family="unix" sock_type="dgram" protocol=0 requested_mask="bind" denied_mask="bind" addr=none
Sep 2 00:01:09 cn-jenkins-deploy-platform-juju-k8s-2095-1 systemd[1]: snap.kube-apiserver.kube-apiserver-8f88c18b-5414-41b8-89fd-ce2efc07d53e.scope: Succeeded.
Sep 2 00:01:10 cn-jenkins-deploy-platform-juju-k8s-2095-1 systemd[1]: Started snap.kubectl.kubectl-28b726ad-c105-4397-ae65-ad3934101ffe.scope.
Sep 2 00:01:10 cn-jenkins-deploy-platform-juju-k8s-2095-1 kube-apiserver.daemon[245607]: I0902 00:01:10.141594 245607 httplog.go:109] "HTTP" verb="GET" URI="/api/v1/namespaces/kube-system/services/kube-dns" latency="2.67096ms" userAgent="kubectl/v1.22.17 (linux/amd64) kubernetes/a7736ea" audit-ID="452c4d93-4055-4869-a5ec-62a497e65364" srcIP="127.0.0.1:39112" resp=200
Sep 2 00:01:10 cn-jenkins-deploy-platform-juju-k8s-2095-1 systemd[1]: snap.kubectl.kubectl-28b726ad-c105-4397-ae65-ad3934101ffe.scope: Succeeded.
Sep 2 00:01:10 cn-jenkins-deploy-platform-juju-k8s-2095-1 systemd[1]: Started snap.kube-apiserver.kube-apiserver-ac755f27-f7d4-4b3a-8159-a0cef529cb27.scope.
Sep 2 00:01:10 cn-jenkins-deploy-platform-juju-k8s-2095-1 kernel: [ 7701.874432] audit: type=1400 audit(1788307270.323:359): apparmor="DENIED" operation="bind" profile="snap.kube-apiserver.kube-apiserver" pid=289579 comm="kube-apiserver" family="unix" sock_type="dgram" protocol=0 requested_mask="bind" denied_mask="bind" addr=none
Sep 2 00:01:10 cn-jenkins-deploy-platform-juju-k8s-2095-1 systemd[1]: snap.kube-apiserver.kube-apiserver-ac755f27-f7d4-4b3a-8159-a0cef529cb27.scope: Succeeded.
Sep 2 00:01:10 cn-jenkins-deploy-platform-juju-k8s-2095-1 kube-apiserver.daemon[245607]: I0902 00:01:10.524189 245607 httplog.go:109] "HTTP" verb="WATCH" URI="/apis/storage.k8s.io/v1/storageclasses?allowWatchBookmarks=true&resourceVersion=106&timeout=6m54s&timeoutSeconds=414&watch=true" latency="6m54.000698081s" userAgent="kube-apiserver/v1.22.17 (linux/amd64) kubernetes/a7736ea" audit-ID="f82f92b2-d328-47d3-86c4-693ba16cb89f" srcIP="[::1]:57300" resp=0
Sep 2 00:01:10 cn-jenkins-deploy-platform-juju-k8s-2095-1 kube-apiserver.daemon[245607]: I0902 00:01:10.524589 245607 reflector.go:535] k8s.io/client-go/informers/factory.go:134: Watch close - *v1.StorageClass total 0 items received
Sep 2 00:01:10 cn-jenkins-deploy-platform-juju-k8s-2095-1 kube-apiserver.daemon[245607]: I0902 00:01:10.525441 245607 get.go:260] "Starting watch" path="/apis/storage.k8s.io/v1/storageclasses" resourceVersion="106" labels="" fields="" timeout="9m34s"
Sep 2 00:01:10 cn-jenkins-deploy-platform-juju-k8s-2095-1 kube-apiserver.daemon[245607]: I0902 00:01:10.588020 245607 httplog.go:109] "HTTP" verb="GET" URI="/apis/coordination.k8s.io/v1/namespaces/kube-system/leases/kube-controller-manager?timeout=5s" latency="3.437922ms" userAgent="kube-controller-manager/v1.22.17 (linux/amd64) kubernetes/a7736ea/leader-election" audit-ID="f22ba41d-d451-4520-9e36-c75d84d0eb6a" srcIP="127.0.0.1:53504" resp=200
Sep 2 00:01:10 cn-jenkins-deploy-platform-juju-k8s-2095-1 kube-apiserver.daemon[245607]: I0902 00:01:10.594848 245607 httplog.go:109] "HTTP" verb="PUT" URI="/apis/coordination.k8s.io/v1/namespaces/kube-system/leases/kube-controller-manager?timeout=5s" latency="5.565025ms" userAgent="kube-controller-manager/v1.22.17 (linux/amd64) kubernetes/a7736ea/leader-election" audit-ID="91a7eab9-c9a6-4e64-b283-86abdf305d34" srcIP="127.0.0.1:53504" resp=200
Sep 2 00:01:10 cn-jenkins-deploy-platform-juju-k8s-2095-1 systemd[1]: Started snap.kubectl.kubectl-cea6af29-ebc1-4993-8582-224c36cb8aa5.scope.
Sep 2 00:01:10 cn-jenkins-deploy-platform-juju-k8s-2095-1 kube-apiserver.daemon[245607]: I0902 00:01:10.690887 245607 httplog.go:109] "HTTP" verb="LIST" URI="/api/v1/namespaces/kube-system/pods?limit=500&timeout=10s" latency="2.6043ms" userAgent="kubectl/v1.22.17 (linux/amd64) kubernetes/a7736ea" audit-ID="de8f86c9-7cad-4a5d-af8f-467d8575dece" srcIP="127.0.0.1:39114" resp=200
Sep 2 00:01:10 cn-jenkins-deploy-platform-juju-k8s-2095-1 systemd[1]: snap.kubectl.kubectl-cea6af29-ebc1-4993-8582-224c36cb8aa5.scope: Succeeded.
Sep 2 00:01:11 cn-jenkins-deploy-platform-juju-k8s-2095-1 kube-apiserver.daemon[245607]: I0902 00:01:11.082351 245607 httplog.go:109] "HTTP" verb="GET" URI="/apis/coordination.k8s.io/v1/namespaces/kube-system/leases/kube-scheduler?timeout=5s" latency="3.228735ms" userAgent="kube-scheduler/v1.22.17 (linux/amd64) kubernetes/a7736ea/leader-election" audit-ID="e853ceb1-7254-4104-8c27-2ebdfbaffc65" srcIP="127.0.0.1:46978" resp=200
Sep 2 00:01:11 cn-jenkins-deploy-platform-juju-k8s-2095-1 kube-apiserver.daemon[245607]: I0902 00:01:11.088327 245607 httplog.go:109] "HTTP" verb="PUT" URI="/apis/coordination.k8s.io/v1/namespaces/kube-system/leases/kube-scheduler?timeout=5s" latency="4.91548ms" userAgent="kube-scheduler/v1.22.17 (linux/amd64) kubernetes/a7736ea/leader-election" audit-ID="0993459f-1b04-4c9e-bde5-40f8618b6bf3" srcIP="127.0.0.1:46978" resp=200
Sep 2 00:01:11 cn-jenkins-deploy-platform-juju-k8s-2095-1 kube-apiserver.daemon[245607]: I0902 00:01:11.429462 245607 httplog.go:109] "HTTP" verb="GET" URI="/api/v1/nodes/cn-jenkins-deploy-platform-juju-k8s-2095-1?resourceVersion=0&timeout=10s" latency="3.168575ms" userAgent="kubelet/v1.22.17 (linux/amd64) kubernetes/a7736ea" audit-ID="12823470-974d-45a8-8560-4664c6c66d19" srcIP="127.0.0.1:56392" resp=200
Sep 2 00:01:11 cn-jenkins-deploy-platform-juju-k8s-2095-1 kube-apiserver.daemon[245607]: I0902 00:01:11.530697 245607 httplog.go:109] "HTTP" verb="WATCH" URI="/apis/flowcontrol.apiserver.k8s.io/v1beta1/flowschemas?allowWatchBookmarks=true&resourceVersion=106&timeout=6m55s&timeoutSeconds=415&watch=true" latency="6m55.000575764s" userAgent="kube-apiserver/v1.22.17 (linux/amd64) kubernetes/a7736ea" audit-ID="d6387f70-82e3-481e-8e21-3d3d23b5576c" srcIP="[::1]:57300" resp=0
Sep 2 00:01:11 cn-jenkins-deploy-platform-juju-k8s-2095-1 kube-apiserver.daemon[245607]: I0902 00:01:11.531064 245607 reflector.go:535] k8s.io/client-go/informers/factory.go:134: Watch close - *v1beta1.FlowSchema total 0 items received
Sep 2 00:01:11 cn-jenkins-deploy-platform-juju-k8s-2095-1 kube-apiserver.daemon[245607]: I0902 00:01:11.531918 245607 get.go:260] "Starting watch" path="/apis/flowcontrol.apiserver.k8s.io/v1beta1/flowschemas" resourceVersion="106" labels="" fields="" timeout="9m45s"
Sep 2 00:01:12 cn-jenkins-deploy-platform-juju-k8s-2095-1 kube-apiserver.daemon[245607]: I0902 00:01:12.602453 245607 httplog.go:109] "HTTP" verb="GET" URI="/apis/coordination.k8s.io/v1/namespaces/kube-system/leases/kube-controller-manager?timeout=5s" latency="5.729514ms" userAgent="kube-controller-manager/v1.22.17 (linux/amd64) kubernetes/a7736ea/leader-election" audit-ID="6b9da4c0-ba5c-44ec-bd5c-c0592d0e385b" srcIP="127.0.0.1:53504" resp=200
Sep 2 00:01:12 cn-jenkins-deploy-platform-juju-k8s-2095-1 kube-apiserver.daemon[245607]: I0902 00:01:12.613316 245607 httplog.go:109] "HTTP" verb="PUT" URI="/apis/coordination.k8s.io/v1/namespaces/kube-system/leases/kube-controller-manager?timeout=5s" latency="10.146137ms" userAgent="kube-controller-manager/v1.22.17 (linux/amd64) kubernetes/a7736ea/leader-election" audit-ID="934c23af-840c-454d-8930-3f626d0caa61" srcIP="127.0.0.1:53504" resp=200
Sep 2 00:01:12 cn-jenkins-deploy-platform-juju-k8s-2095-1 dockerd[211847]: time="2026-09-02T00:01:12.658189115Z" level=info msg="ignoring event" container=fd058d5b8f9dc9ce581ab3a639fc28965226e577882215126a0adddcf4937b91 module=libcontainerd namespace=moby topic=/tasks/delete type="*events.TaskDelete"
Sep 2 00:01:12 cn-jenkins-deploy-platform-juju-k8s-2095-1 containerd[200407]: time="2026-09-02T00:01:12.658606461Z" level=info msg="shim disconnected" id=fd058d5b8f9dc9ce581ab3a639fc28965226e577882215126a0adddcf4937b91 namespace=moby
Sep 2 00:01:12 cn-jenkins-deploy-platform-juju-k8s-2095-1 containerd[200407]: time="2026-09-02T00:01:12.658646551Z" level=warning msg="cleaning up after shim disconnected" id=fd058d5b8f9dc9ce581ab3a639fc28965226e577882215126a0adddcf4937b91 namespace=moby
Sep 2 00:01:12 cn-jenkins-deploy-platform-juju-k8s-2095-1 containerd[200407]: time="2026-09-02T00:01:12.658668489Z" level=info msg="cleaning up dead shim" namespace=moby
Sep 2 00:01:12 cn-jenkins-deploy-platform-juju-k8s-2095-1 systemd[1]: var-lib-docker-overlay2-7dd301de7389214d2b61939c54f4b839f0ebb06b693edb553598601b4f0b0555-merged.mount: Succeeded.
Sep 2 00:01:12 cn-jenkins-deploy-platform-juju-k8s-2095-1 systemd[193986]: var-lib-docker-overlay2-7dd301de7389214d2b61939c54f4b839f0ebb06b693edb553598601b4f0b0555-merged.mount: Succeeded.
Sep 2 00:01:13 cn-jenkins-deploy-platform-juju-k8s-2095-1 kube-apiserver.daemon[245607]: I0902 00:01:13.092462 245607 httplog.go:109] "HTTP" verb="GET" URI="/apis/coordination.k8s.io/v1/namespaces/kube-system/leases/kube-scheduler?timeout=5s" latency="3.091306ms" userAgent="kube-scheduler/v1.22.17 (linux/amd64) kubernetes/a7736ea/leader-election" audit-ID="153f6c02-1caa-479e-adb8-6f4fd3549ac3" srcIP="127.0.0.1:46978" resp=200
Sep 2 00:01:13 cn-jenkins-deploy-platform-juju-k8s-2095-1 kube-apiserver.daemon[245607]: I0902 00:01:13.097616 245607 httplog.go:109] "HTTP" verb="PUT" URI="/apis/coordination.k8s.io/v1/namespaces/kube-system/leases/kube-scheduler?timeout=5s" latency="4.32217ms" userAgent="kube-scheduler/v1.22.17 (linux/amd64) kubernetes/a7736ea/leader-election" audit-ID="4af7185c-f0e2-4d89-afd6-507f021af948" srcIP="127.0.0.1:46978" resp=200
Sep 2 00:01:13 cn-jenkins-deploy-platform-juju-k8s-2095-1 kube-apiserver.daemon[245607]: I0902 00:01:13.530976 245607 httplog.go:109] "HTTP" verb="WATCH" URI="/api/v1/services?allowWatchBookmarks=true&resourceVersion=106&timeout=6m57s&timeoutSeconds=417&watch=true" latency="6m57.001161117s" userAgent="kube-apiserver/v1.22.17 (linux/amd64) kubernetes/a7736ea" audit-ID="93206eff-2e7a-45bc-a68a-7e2e071ab39a" srcIP="[::1]:57300" resp=0
Sep 2 00:01:13 cn-jenkins-deploy-platform-juju-k8s-2095-1 kube-apiserver.daemon[245607]: I0902 00:01:13.531353 245607 reflector.go:535] k8s.io/client-go/informers/factory.go:134: Watch close - *v1.Service total 0 items received
Sep 2 00:01:13 cn-jenkins-deploy-platform-juju-k8s-2095-1 kube-apiserver.daemon[245607]: I0902 00:01:13.532254 245607 get.go:260] "Starting watch" path="/api/v1/services" resourceVersion="106" labels="" fields="" timeout="8m59s"
Sep 2 00:01:14 cn-jenkins-deploy-platform-juju-k8s-2095-1 dockerd[211847]: time="2026-09-02T00:01:14.007762759Z" level=info msg="ignoring event" container=f285ce2beb55df119a34628b15204215c45fb05e2b2d09d5a16bc45e41f36e6e module=libcontainerd namespace=moby topic=/tasks/delete type="*events.TaskDelete"
Sep 2 00:01:14 cn-jenkins-deploy-platform-juju-k8s-2095-1 containerd[200407]: time="2026-09-02T00:01:14.008353703Z" level=info msg="shim disconnected" id=f285ce2beb55df119a34628b15204215c45fb05e2b2d09d5a16bc45e41f36e6e namespace=moby
Sep 2 00:01:14 cn-jenkins-deploy-platform-juju-k8s-2095-1 containerd[200407]: time="2026-09-02T00:01:14.008406420Z" level=warning msg="cleaning up after shim disconnected" id=f285ce2beb55df119a34628b15204215c45fb05e2b2d09d5a16bc45e41f36e6e namespace=moby
Sep 2 00:01:14 cn-jenkins-deploy-platform-juju-k8s-2095-1 containerd[200407]: time="2026-09-02T00:01:14.008416024Z" level=info msg="cleaning up dead shim" namespace=moby
Sep 2 00:01:14 cn-jenkins-deploy-platform-juju-k8s-2095-1 systemd[1]: var-lib-docker-overlay2-5bbf7a208d93dcfd52cb52fe96e3c921162cfa91e3b8842f8f7184218492a04a-merged.mount: Succeeded.
Sep 2 00:01:14 cn-jenkins-deploy-platform-juju-k8s-2095-1 systemd[193986]: var-lib-docker-overlay2-5bbf7a208d93dcfd52cb52fe96e3c921162cfa91e3b8842f8f7184218492a04a-merged.mount: Succeeded.
Sep 2 00:01:14 cn-jenkins-deploy-platform-juju-k8s-2095-1 kube-apiserver.daemon[245607]: I0902 00:01:14.620485 245607 httplog.go:109] "HTTP" verb="GET" URI="/apis/coordination.k8s.io/v1/namespaces/kube-system/leases/kube-controller-manager?timeout=5s" latency="5.71409ms" userAgent="kube-controller-manager/v1.22.17 (linux/amd64) kubernetes/a7736ea/leader-election" audit-ID="cd571ddd-33f3-4a71-8855-33d4f9a8c046" srcIP="127.0.0.1:53504" resp=200
Sep 2 00:01:14 cn-jenkins-deploy-platform-juju-k8s-2095-1 kube-apiserver.daemon[245607]: I0902 00:01:14.626388 245607 httplog.go:109] "HTTP" verb="PUT" URI="/apis/coordination.k8s.io/v1/namespaces/kube-system/leases/kube-controller-manager?timeout=5s" latency="5.232189ms" userAgent="kube-controller-manager/v1.22.17 (linux/amd64) kubernetes/a7736ea/leader-election" audit-ID="9af6685f-22d5-4f77-8f76-29c9376ea057" srcIP="127.0.0.1:53504" resp=200
Sep 2 00:01:14 cn-jenkins-deploy-platform-juju-k8s-2095-1 kube-apiserver.daemon[245607]: I0902 00:01:14.869683 245607 httplog.go:109] "HTTP" verb="WATCH" URI="/apis/networking.k8s.io/v1/networkpolicies?watch=true&allowWatchBookmarks=true&resourceVersion=429" latency="2m0.013001782s" userAgent="python-requests/2.32.5" audit-ID="0527e066-4e34-404b-8ab4-d7dab762f123" srcIP="10.0.0.191:51630" resp=0
Sep 2 00:01:14 cn-jenkins-deploy-platform-juju-k8s-2095-1 kube-apiserver.daemon[245607]: I0902 00:01:14.887569 245607 httplog.go:109] "HTTP" verb="WATCH" URI="/apis/networking.k8s.io/v1/ingresses?watch=true&allowWatchBookmarks=true&resourceVersion=429" latency="2m0.003107853s" userAgent="python-requests/2.32.5" audit-ID="5af0058a-9d8c-4245-9f3c-1dcae3beb2f3" srcIP="10.0.0.191:51648" resp=0
Sep 2 00:01:14 cn-jenkins-deploy-platform-juju-k8s-2095-1 kube-apiserver.daemon[245607]: I0902 00:01:14.894412 245607 get.go:260] "Starting watch" path="/apis/networking.k8s.io/v1/networkpolicies" resourceVersion="429" labels="" fields="" timeout="7m34.332288273s"
Sep 2 00:01:14 cn-jenkins-deploy-platform-juju-k8s-2095-1 kube-apiserver.daemon[245607]: I0902 00:01:14.897354 245607 get.go:260] "Starting watch" path="/apis/networking.k8s.io/v1/ingresses" resourceVersion="429" labels="" fields="" timeout="8m30.353911786s"
Sep 2 00:01:14 cn-jenkins-deploy-platform-juju-k8s-2095-1 kube-apiserver.daemon[245607]: I0902 00:01:14.920156 245607 httplog.go:109] "HTTP" verb="WATCH" URI="/api/v1/endpoints?watch=true&allowWatchBookmarks=true&resourceVersion=429" latency="2m0.003151776s" userAgent="python-requests/2.32.5" audit-ID="854053c3-c022-47dd-aec0-cce7b86e4e0e" srcIP="10.0.0.191:51662" resp=0
Sep 2 00:01:14 cn-jenkins-deploy-platform-juju-k8s-2095-1 kube-apiserver.daemon[245607]: I0902 00:01:14.938478 245607 get.go:260] "Starting watch" path="/api/v1/endpoints" resourceVersion="429" labels="" fields="" timeout="5m2.846019404s"
Sep 2 00:01:15 cn-jenkins-deploy-platform-juju-k8s-2095-1 kube-apiserver.daemon[245607]: I0902 00:01:14.999839 245607 httplog.go:109] "HTTP" verb="WATCH" URI="/api/v1/services?watch=true&allowWatchBookmarks=true&resourceVersion=429" latency="2m0.006498445s" userAgent="python-requests/2.32.5" audit-ID="81208e1b-4604-43f1-bba8-ead20871f5e1" srcIP="10.0.0.191:51682" resp=0
Sep 2 00:01:15 cn-jenkins-deploy-platform-juju-k8s-2095-1 kube-apiserver.daemon[245607]: I0902 00:01:15.006875 245607 get.go:260] "Starting watch" path="/api/v1/services" resourceVersion="429" labels="" fields="" timeout="8m22.185387574s"
Sep 2 00:01:15 cn-jenkins-deploy-platform-juju-k8s-2095-1 kube-apiserver.daemon[245607]: I0902 00:01:15.014010 245607 httplog.go:109] "HTTP" verb="WATCH" URI="/api/v1/namespaces?watch=true&allowWatchBookmarks=true&resourceVersion=429" latency="2m0.002765163s" userAgent="python-requests/2.32.5" audit-ID="fe04de8b-e5f1-478e-a398-37509219f8d1" srcIP="10.0.0.191:51694" resp=0
Sep 2 00:01:15 cn-jenkins-deploy-platform-juju-k8s-2095-1 kube-apiserver.daemon[245607]: I0902 00:01:15.022565 245607 get.go:260] "Starting watch" path="/api/v1/namespaces" resourceVersion="429" labels="" fields="" timeout="8m56.124582248s"
Sep 2 00:01:15 cn-jenkins-deploy-platform-juju-k8s-2095-1 kube-apiserver.daemon[245607]: I0902 00:01:15.065789 245607 httplog.go:109] "HTTP" verb="WATCH" URI="/apis/k8s.cni.cncf.io/v1/network-attachment-definitions?watch=true&allowWatchBookmarks=true&resourceVersion=433" latency="2m0.002811183s" userAgent="python-requests/2.32.5" audit-ID="4556c794-bca9-4450-a1bb-c1089bf4faeb" srcIP="10.0.0.191:51706" resp=0
Sep 2 00:01:15 cn-jenkins-deploy-platform-juju-k8s-2095-1 kube-apiserver.daemon[245607]: I0902 00:01:15.073163 245607 get.go:260] "Starting watch" path="/apis/k8s.cni.cncf.io/v1/network-attachment-definitions" resourceVersion="433" labels="" fields="" timeout="6m15.133551067s"
Sep 2 00:01:15 cn-jenkins-deploy-platform-juju-k8s-2095-1 kube-apiserver.daemon[245607]: I0902 00:01:15.101609 245607 httplog.go:109] "HTTP" verb="GET" URI="/apis/coordination.k8s.io/v1/namespaces/kube-system/leases/kube-scheduler?timeout=5s" latency="2.320212ms" userAgent="kube-scheduler/v1.22.17 (linux/amd64) kubernetes/a7736ea/leader-election" audit-ID="fa5db851-377e-4df7-8451-78c09ae38c6e" srcIP="127.0.0.1:46978" resp=200
Sep 2 00:01:15 cn-jenkins-deploy-platform-juju-k8s-2095-1 kube-apiserver.daemon[245607]: I0902 00:01:15.109443 245607 httplog.go:109] "HTTP" verb="PUT" URI="/apis/coordination.k8s.io/v1/namespaces/kube-system/leases/kube-scheduler?timeout=5s" latency="7.047238ms" userAgent="kube-scheduler/v1.22.17 (linux/amd64) kubernetes/a7736ea/leader-election" audit-ID="017cfede-47f2-4fcf-98f5-d2d13850e293" srcIP="127.0.0.1:46978" resp=200
Sep 2 00:01:16 cn-jenkins-deploy-platform-juju-k8s-2095-1 kube-apiserver.daemon[245607]: I0902 00:01:16.135030 245607 httplog.go:109] "HTTP" verb="WATCH" URI="/apis/policy/v1/poddisruptionbudgets?allowWatchBookmarks=true&resourceVersion=106&timeout=5m38s&timeoutSeconds=338&watch=true" latency="5m38.00114662s" userAgent="kube-scheduler/v1.22.17 (linux/amd64) kubernetes/a7736ea/scheduler" audit-ID="bb6e3c14-7b27-4c52-8696-4d90f81d5607" srcIP="127.0.0.1:46978" resp=0
Sep 2 00:01:16 cn-jenkins-deploy-platform-juju-k8s-2095-1 kube-apiserver.daemon[245607]: I0902 00:01:16.154217 245607 get.go:260] "Starting watch" path="/apis/policy/v1/poddisruptionbudgets" resourceVersion="106" labels="" fields="" timeout="8m31s"
Sep 2 00:01:16 cn-jenkins-deploy-platform-juju-k8s-2095-1 dockerd[211847]: time="2026-09-02T00:01:16.284578608Z" level=info msg="ignoring event" container=73e462b3c843b9121c5bb63c06ed66e9f00709ebb46e9a595bbd0322e015aa13 module=libcontainerd namespace=moby topic=/tasks/delete type="*events.TaskDelete"
Sep 2 00:01:16 cn-jenkins-deploy-platform-juju-k8s-2095-1 containerd[200407]: time="2026-09-02T00:01:16.285616146Z" level=info msg="shim disconnected" id=73e462b3c843b9121c5bb63c06ed66e9f00709ebb46e9a595bbd0322e015aa13 namespace=moby
Sep 2 00:01:16 cn-jenkins-deploy-platform-juju-k8s-2095-1 containerd[200407]: time="2026-09-02T00:01:16.285683664Z" level=warning msg="cleaning up after shim disconnected" id=73e462b3c843b9121c5bb63c06ed66e9f00709ebb46e9a595bbd0322e015aa13 namespace=moby
Sep 2 00:01:16 cn-jenkins-deploy-platform-juju-k8s-2095-1 containerd[200407]: time="2026-09-02T00:01:16.285694129Z" level=info msg="cleaning up dead shim" namespace=moby
Sep 2 00:01:16 cn-jenkins-deploy-platform-juju-k8s-2095-1 systemd[193986]: var-lib-docker-overlay2-c4a5d4bdd4c704fd7cb998802fdd4427ff742c5a745ba38ca0e6f91a93c69a9f-merged.mount: Succeeded.
Sep 2 00:01:16 cn-jenkins-deploy-platform-juju-k8s-2095-1 systemd[1]: var-lib-docker-overlay2-c4a5d4bdd4c704fd7cb998802fdd4427ff742c5a745ba38ca0e6f91a93c69a9f-merged.mount: Succeeded.
Sep 2 00:01:16 cn-jenkins-deploy-platform-juju-k8s-2095-1 kube-apiserver.daemon[245607]: I0902 00:01:16.571309 245607 reflector.go:381] k8s.io/kube-aggregator/pkg/client/informers/externalversions/factory.go:117: forcing resync
Sep 2 00:01:16 cn-jenkins-deploy-platform-juju-k8s-2095-1 kube-apiserver.daemon[245607]: I0902 00:01:16.571509 245607 available_controller.go:542] Updating v1.coordination.k8s.io
