Sep 2 00:06:05 cn-jenkins-deploy-platform-juju-k8s-2095-1 kube-apiserver.daemon[245607]: I0902 00:06:05.078850 245607 httplog.go:109] "HTTP" verb="LIST" URI="/api/v1/configmaps?labelSelector=cdk-addons%3Dtrue&limit=500" latency="2.269977ms" userAgent="kubectl/v1.22.9 (linux/amd64) kubernetes/6df4433" audit-ID="027d62dc-fd3c-4920-8577-232f719fea10" srcIP="127.0.0.1:52010" resp=200
Sep 2 00:06:05 cn-jenkins-deploy-platform-juju-k8s-2095-1 kube-apiserver.daemon[245607]: I0902 00:06:05.082635 245607 httplog.go:109] "HTTP" verb="LIST" URI="/apis/apps/v1/daemonsets?labelSelector=cdk-addons%3Dtrue&limit=500" latency="2.000492ms" userAgent="kubectl/v1.22.9 (linux/amd64) kubernetes/6df4433" audit-ID="446a9366-3e94-41b5-82a6-bb44111d6b74" srcIP="127.0.0.1:52010" resp=200
Sep 2 00:06:05 cn-jenkins-deploy-platform-juju-k8s-2095-1 kube-apiserver.daemon[245607]: I0902 00:06:05.086448 245607 httplog.go:109] "HTTP" verb="LIST" URI="/apis/apps/v1/deployments?labelSelector=cdk-addons%3Dtrue&limit=500" latency="2.814216ms" userAgent="kubectl/v1.22.9 (linux/amd64) kubernetes/6df4433" audit-ID="e92db362-9a5f-4bc8-98f7-70b7fd2416a0" srcIP="127.0.0.1:52010" resp=200
Sep 2 00:06:05 cn-jenkins-deploy-platform-juju-k8s-2095-1 kube-apiserver.daemon[245607]: I0902 00:06:05.091445 245607 httplog.go:109] "HTTP" verb="LIST" URI="/api/v1/pods?labelSelector=cdk-addons%3Dtrue&limit=500" latency="1.952253ms" userAgent="kubectl/v1.22.9 (linux/amd64) kubernetes/6df4433" audit-ID="27e21ac4-4b37-4f58-93e8-8cf2f34f4a53" srcIP="127.0.0.1:52010" resp=200
Sep 2 00:06:05 cn-jenkins-deploy-platform-juju-k8s-2095-1 kube-apiserver.daemon[245607]: I0902 00:06:05.096796 245607 httplog.go:109] "HTTP" verb="LIST" URI="/apis/rbac.authorization.k8s.io/v1/roles?labelSelector=cdk-addons%3Dtrue&limit=500" latency="3.466419ms" userAgent="kubectl/v1.22.9 (linux/amd64) kubernetes/6df4433" audit-ID="bf466a22-ecd8-4c93-a052-1b8aab310adf" srcIP="127.0.0.1:52010" resp=200
Sep 2 00:06:05 cn-jenkins-deploy-platform-juju-k8s-2095-1 kube-apiserver.daemon[245607]: I0902 00:06:05.099252 245607 httplog.go:109] "HTTP" verb="LIST" URI="/apis/rbac.authorization.k8s.io/v1/rolebindings?labelSelector=cdk-addons%3Dtrue&limit=500" latency="1.277874ms" userAgent="kubectl/v1.22.9 (linux/amd64) kubernetes/6df4433" audit-ID="5cb0bbda-7a10-44dd-b509-6fdd32ade261" srcIP="127.0.0.1:52010" resp=200
Sep 2 00:06:05 cn-jenkins-deploy-platform-juju-k8s-2095-1 kube-apiserver.daemon[245607]: I0902 00:06:05.102559 245607 httplog.go:109] "HTTP" verb="LIST" URI="/api/v1/secrets?labelSelector=cdk-addons%3Dtrue&limit=500" latency="2.496249ms" userAgent="kubectl/v1.22.9 (linux/amd64) kubernetes/6df4433" audit-ID="9f43945e-7bd4-43e5-9883-34e391c10c85" srcIP="127.0.0.1:52010" resp=200
Sep 2 00:06:05 cn-jenkins-deploy-platform-juju-k8s-2095-1 kube-apiserver.daemon[245607]: I0902 00:06:05.105118 245607 httplog.go:109] "HTTP" verb="LIST" URI="/api/v1/services?labelSelector=cdk-addons%3Dtrue&limit=500" latency="1.507071ms" userAgent="kubectl/v1.22.9 (linux/amd64) kubernetes/6df4433" audit-ID="ec816589-52bc-4bae-b1ce-dc4d6c1caf13" srcIP="127.0.0.1:52010" resp=200
Sep 2 00:06:05 cn-jenkins-deploy-platform-juju-k8s-2095-1 kube-apiserver.daemon[245607]: I0902 00:06:05.114802 245607 httplog.go:109] "HTTP" verb="LIST" URI="/api/v1/serviceaccounts?labelSelector=cdk-addons%3Dtrue&limit=500" latency="8.149219ms" userAgent="kubectl/v1.22.9 (linux/amd64) kubernetes/6df4433" audit-ID="1709cdd0-0fa2-465c-85a0-b2bf6e2584e4" srcIP="127.0.0.1:52010" resp=200
Sep 2 00:06:05 cn-jenkins-deploy-platform-juju-k8s-2095-1 kube-apiserver.daemon[245607]: I0902 00:06:05.120846 245607 httplog.go:109] "HTTP" verb="LIST" URI="/apis/apps/v1/statefulsets?labelSelector=cdk-addons%3Dtrue&limit=500" latency="2.02236ms" userAgent="kubectl/v1.22.9 (linux/amd64) kubernetes/6df4433" audit-ID="fdd998e4-8667-49b4-af1a-4680499a9777" srcIP="127.0.0.1:52010" resp=200
Sep 2 00:06:05 cn-jenkins-deploy-platform-juju-k8s-2095-1 systemd[1]: snap.cdk-addons.apply-d6e21a1f-fae3-4016-8959-ec7fb8636288.scope: Succeeded.
Sep 2 00:06:05 cn-jenkins-deploy-platform-juju-k8s-2095-1 systemd[1]: Started snap.kubectl.kubectl-a6ab58c0-a98e-405c-b64a-df77ca474c74.scope.
Sep 2 00:06:05 cn-jenkins-deploy-platform-juju-k8s-2095-1 kube-apiserver.daemon[245607]: I0902 00:06:05.517592 245607 httplog.go:109] "HTTP" verb="LIST" URI="/api/v1/namespaces/kube-system/secrets?fieldSelector=type%3Djuju.is%2Ftoken-auth&limit=500" latency="2.948981ms" userAgent="kubectl/v1.22.17 (linux/amd64) kubernetes/a7736ea" audit-ID="95015bf4-50b9-45d1-b33b-ac91fb52cd1f" srcIP="127.0.0.1:52024" resp=200
Sep 2 00:06:05 cn-jenkins-deploy-platform-juju-k8s-2095-1 systemd[1]: snap.kubectl.kubectl-a6ab58c0-a98e-405c-b64a-df77ca474c74.scope: Succeeded.
Sep 2 00:06:05 cn-jenkins-deploy-platform-juju-k8s-2095-1 systemd[1]: Started snap.kubectl.kubectl-f0f24ab8-4cd8-45ab-8d8d-518150f097a8.scope.
Sep 2 00:06:05 cn-jenkins-deploy-platform-juju-k8s-2095-1 systemd[1]: snap.kubectl.kubectl-f0f24ab8-4cd8-45ab-8d8d-518150f097a8.scope: Succeeded.
Sep 2 00:06:05 cn-jenkins-deploy-platform-juju-k8s-2095-1 systemd[1]: Started snap.kubectl.kubectl-f75d4389-dcd0-4e2a-bf1e-38e94f0bb8d1.scope.
Sep 2 00:06:05 cn-jenkins-deploy-platform-juju-k8s-2095-1 systemd[1]: snap.kubectl.kubectl-f75d4389-dcd0-4e2a-bf1e-38e94f0bb8d1.scope: Succeeded.
Sep 2 00:06:05 cn-jenkins-deploy-platform-juju-k8s-2095-1 systemd[1]: Started snap.kubectl.kubectl-7c44f745-cd55-482f-93d8-3d364b03819a.scope.
Sep 2 00:06:05 cn-jenkins-deploy-platform-juju-k8s-2095-1 kube-apiserver.daemon[245607]: I0902 00:06:05.862211 245607 httplog.go:109] "HTTP" verb="GET" URI="/api/v1/namespaces/kube-system/pods/coredns-6f867cd986-zbpd7" latency="5.456802ms" userAgent="kubelet/v1.22.17 (linux/amd64) kubernetes/a7736ea" audit-ID="ec77666d-d3fd-44be-b6ab-25b04e97c904" srcIP="10.0.0.188:33228" resp=200
Sep 2 00:06:05 cn-jenkins-deploy-platform-juju-k8s-2095-1 kube-apiserver.daemon[245607]: I0902 00:06:05.893428 245607 httplog.go:109] "HTTP" verb="PATCH" URI="/api/v1/namespaces/kube-system/pods/coredns-6f867cd986-zbpd7/status" latency="26.062602ms" userAgent="kubelet/v1.22.17 (linux/amd64) kubernetes/a7736ea" audit-ID="cb1b65e5-b778-44b5-8e06-36719abf0951" srcIP="10.0.0.188:33228" resp=200
Sep 2 00:06:05 cn-jenkins-deploy-platform-juju-k8s-2095-1 kube-apiserver.daemon[245607]: I0902 00:06:05.922513 245607 httplog.go:109] "HTTP" verb="PUT" URI="/apis/apps/v1/namespaces/kube-system/replicasets/coredns-6f867cd986/status" latency="13.856688ms" userAgent="kube-controller-manager/v1.22.17 (linux/amd64) kubernetes/a7736ea/system:serviceaccount:kube-system:replicaset-controller" audit-ID="5f3603f6-9650-4b56-8642-b793276d86e7" srcIP="127.0.0.1:53504" resp=200
Sep 2 00:06:05 cn-jenkins-deploy-platform-juju-k8s-2095-1 kube-apiserver.daemon[245607]: I0902 00:06:05.937152 245607 httplog.go:109] "HTTP" verb="GET" URI="/api/v1/namespaces/kube-system/pods/coredns-6f867cd986-zbpd7" latency="42.899957ms" userAgent="kubelet/v1.22.17 (linux/amd64) kubernetes/a7736ea" audit-ID="3e8c9c70-61cd-472d-97dc-56efb0b10d32" srcIP="10.0.0.188:33228" resp=200
Sep 2 00:06:05 cn-jenkins-deploy-platform-juju-k8s-2095-1 kube-apiserver.daemon[245607]: I0902 00:06:05.945183 245607 httplog.go:109] "HTTP" verb="PUT" URI="/apis/discovery.k8s.io/v1/namespaces/kube-system/endpointslices/kube-dns-lrb5k" latency="48.104539ms" userAgent="kube-controller-manager/v1.22.17 (linux/amd64) kubernetes/a7736ea/system:serviceaccount:kube-system:endpointslice-controller" audit-ID="a51fb6fb-a531-4503-a9bd-dd96902b7f95" srcIP="127.0.0.1:53504" resp=200
Sep 2 00:06:05 cn-jenkins-deploy-platform-juju-k8s-2095-1 kube-apiserver.daemon[245607]: I0902 00:06:05.949972 245607 httplog.go:109] "HTTP" verb="PUT" URI="/apis/apps/v1/namespaces/kube-system/deployments/coredns/status" latency="12.872489ms" userAgent="kube-controller-manager/v1.22.17 (linux/amd64) kubernetes/a7736ea/system:serviceaccount:kube-system:deployment-controller" audit-ID="62437aaa-0a5f-429b-855e-96f31b48eeb5" srcIP="127.0.0.1:53504" resp=200
Sep 2 00:06:05 cn-jenkins-deploy-platform-juju-k8s-2095-1 kube-apiserver.daemon[245607]: I0902 00:06:05.959227 245607 httplog.go:109] "HTTP" verb="PUT" URI="/api/v1/namespaces/kube-system/endpoints/kube-dns" latency="61.696212ms" userAgent="kube-controller-manager/v1.22.17 (linux/amd64) kubernetes/a7736ea/system:serviceaccount:kube-system:endpoint-controller" audit-ID="7b52921d-13f5-4635-a459-3fc8c59d453b" srcIP="127.0.0.1:53504" resp=200
Sep 2 00:06:05 cn-jenkins-deploy-platform-juju-k8s-2095-1 systemd[1]: snap.kubectl.kubectl-7c44f745-cd55-482f-93d8-3d364b03819a.scope: Succeeded.
Sep 2 00:06:05 cn-jenkins-deploy-platform-juju-k8s-2095-1 kube-apiserver.daemon[245607]: I0902 00:06:05.986295 245607 httplog.go:109] "HTTP" verb="PUT" URI="/apis/discovery.k8s.io/v1/namespaces/kube-system/endpointslices/kube-dns-lrb5k" latency="10.880202ms" userAgent="kube-controller-manager/v1.22.17 (linux/amd64) kubernetes/a7736ea/system:serviceaccount:kube-system:endpointslice-controller" audit-ID="6227fc83-912f-4d1c-babf-2a3a019d66e5" srcIP="127.0.0.1:53504" resp=200
Sep 2 00:06:05 cn-jenkins-deploy-platform-juju-k8s-2095-1 kube-apiserver.daemon[245607]: I0902 00:06:05.987336 245607 httplog.go:109] "HTTP" verb="PUT" URI="/api/v1/namespaces/kube-system/endpoints/kube-dns" latency="9.795314ms" userAgent="kube-controller-manager/v1.22.17 (linux/amd64) kubernetes/a7736ea/system:serviceaccount:kube-system:endpoint-controller" audit-ID="96231adb-0d74-4f0a-bc6c-66d8b1e3ef43" srcIP="127.0.0.1:53504" resp=200
Sep 2 00:06:05 cn-jenkins-deploy-platform-juju-k8s-2095-1 kube-apiserver.daemon[245607]: I0902 00:06:05.993498 245607 httplog.go:109] "HTTP" verb="PUT" URI="/apis/apps/v1/namespaces/kube-system/replicasets/coredns-6f867cd986/status" latency="15.354883ms" userAgent="kube-controller-manager/v1.22.17 (linux/amd64) kubernetes/a7736ea/system:serviceaccount:kube-system:replicaset-controller" audit-ID="dcb0fa40-c84b-4db1-974e-dd17c98e25a7" srcIP="127.0.0.1:53504" resp=200
Sep 2 00:06:06 cn-jenkins-deploy-platform-juju-k8s-2095-1 kube-apiserver.daemon[245607]: I0902 00:06:06.018647 245607 httplog.go:109] "HTTP" verb="PATCH" URI="/api/v1/namespaces/kube-system/pods/coredns-6f867cd986-zbpd7/status" latency="53.91504ms" userAgent="kubelet/v1.22.17 (linux/amd64) kubernetes/a7736ea" audit-ID="dc58c64f-7497-429f-9eec-e07f1b1201dd" srcIP="10.0.0.188:33228" resp=200
Sep 2 00:06:06 cn-jenkins-deploy-platform-juju-k8s-2095-1 systemd[1]: Started snap.kubectl.kubectl-a0875004-54bf-49de-9578-34b3648aff65.scope.
Sep 2 00:06:06 cn-jenkins-deploy-platform-juju-k8s-2095-1 kube-apiserver.daemon[245607]: I0902 00:06:06.037371 245607 httplog.go:109] "HTTP" verb="GET" URI="/api/v1/namespaces/kube-system/services/kube-dns" latency="40.61178ms" userAgent="python-requests/2.32.5" audit-ID="d5bf31cc-6aaa-4276-b9d5-b8c17ec55f97" srcIP="10.0.0.191:49746" resp=200
Sep 2 00:06:06 cn-jenkins-deploy-platform-juju-k8s-2095-1 kube-apiserver.daemon[245607]: I0902 00:06:06.046416 245607 httplog.go:109] "HTTP" verb="PUT" URI="/apis/apps/v1/namespaces/kube-system/deployments/coredns/status" latency="46.532315ms" userAgent="kube-controller-manager/v1.22.17 (linux/amd64) kubernetes/a7736ea/system:serviceaccount:kube-system:deployment-controller" audit-ID="1b338c72-d9f6-48ca-abf9-388d3d64343c" srcIP="127.0.0.1:53504" resp=200
Sep 2 00:06:06 cn-jenkins-deploy-platform-juju-k8s-2095-1 systemd[1]: snap.kubectl.kubectl-a0875004-54bf-49de-9578-34b3648aff65.scope: Succeeded.
Sep 2 00:06:06 cn-jenkins-deploy-platform-juju-k8s-2095-1 systemd[1]: Started snap.kubectl.kubectl-043cae7b-409c-4e73-9c5d-6f3fe737ab71.scope.
Sep 2 00:06:06 cn-jenkins-deploy-platform-juju-k8s-2095-1 systemd[1]: snap.kubectl.kubectl-043cae7b-409c-4e73-9c5d-6f3fe737ab71.scope: Succeeded.
Sep 2 00:06:06 cn-jenkins-deploy-platform-juju-k8s-2095-1 systemd[1]: Started snap.kubectl.kubectl-b466b552-d1e3-45d4-991e-44352d9f9e0a.scope.
Sep 2 00:06:06 cn-jenkins-deploy-platform-juju-k8s-2095-1 systemd[1]: snap.kubectl.kubectl-b466b552-d1e3-45d4-991e-44352d9f9e0a.scope: Succeeded.
Sep 2 00:06:06 cn-jenkins-deploy-platform-juju-k8s-2095-1 systemd[1]: Started snap.kubectl.kubectl-3d278fd6-04cc-4712-88ab-658ad9080e07.scope.
Sep 2 00:06:06 cn-jenkins-deploy-platform-juju-k8s-2095-1 kube-apiserver.daemon[245607]: I0902 00:06:06.593020 245607 httplog.go:109] "HTTP" verb="GET" URI="/api/v1/namespaces/kube-system/services/kube-dns" latency="3.059311ms" userAgent="python-requests/2.32.5" audit-ID="b29fa243-8714-470a-8186-daca88d56d4b" srcIP="10.0.0.191:49746" resp=200
Sep 2 00:06:06 cn-jenkins-deploy-platform-juju-k8s-2095-1 systemd[1]: snap.kubectl.kubectl-3d278fd6-04cc-4712-88ab-658ad9080e07.scope: Succeeded.
Sep 2 00:06:06 cn-jenkins-deploy-platform-juju-k8s-2095-1 systemd[1]: Started snap.kubectl.kubectl-c48f3f58-8c18-4cb9-8757-001d031242af.scope.
Sep 2 00:06:06 cn-jenkins-deploy-platform-juju-k8s-2095-1 systemd[1]: snap.kubectl.kubectl-c48f3f58-8c18-4cb9-8757-001d031242af.scope: Succeeded.
Sep 2 00:06:06 cn-jenkins-deploy-platform-juju-k8s-2095-1 systemd[1]: Started snap.kubectl.kubectl-c9eabfb5-e0c5-467f-9b45-bf9db361be74.scope.
Sep 2 00:06:06 cn-jenkins-deploy-platform-juju-k8s-2095-1 kube-apiserver.daemon[245607]: I0902 00:06:06.980999 245607 httplog.go:109] "HTTP" verb="GET" URI="/apis/coordination.k8s.io/v1/namespaces/kube-system/leases/kube-scheduler?timeout=5s" latency="6.066616ms" userAgent="kube-scheduler/v1.22.17 (linux/amd64) kubernetes/a7736ea/leader-election" audit-ID="3f6717d0-4c8e-4af1-89ac-b70f2c36645c" srcIP="127.0.0.1:46978" resp=200
Sep 2 00:06:06 cn-jenkins-deploy-platform-juju-k8s-2095-1 kube-apiserver.daemon[245607]: I0902 00:06:06.983687 245607 httplog.go:109] "HTTP" verb="GET" URI="/apis/coordination.k8s.io/v1/namespaces/kube-system/leases/kube-controller-manager?timeout=5s" latency="1.524797ms" userAgent="kube-controller-manager/v1.22.17 (linux/amd64) kubernetes/a7736ea/leader-election" audit-ID="5aaa87fe-5457-4600-b860-5e0795f9d726" srcIP="127.0.0.1:53504" resp=200
Sep 2 00:06:06 cn-jenkins-deploy-platform-juju-k8s-2095-1 kube-apiserver.daemon[245607]: I0902 00:06:06.987638 245607 httplog.go:109] "HTTP" verb="PUT" URI="/apis/coordination.k8s.io/v1/namespaces/kube-system/leases/kube-controller-manager?timeout=5s" latency="3.451225ms" userAgent="kube-controller-manager/v1.22.17 (linux/amd64) kubernetes/a7736ea/leader-election" audit-ID="8985ac5c-84d6-4bc4-9e34-70c088d90896" srcIP="127.0.0.1:53504" resp=200
Sep 2 00:06:06 cn-jenkins-deploy-platform-juju-k8s-2095-1 kube-apiserver.daemon[245607]: I0902 00:06:06.997048 245607 httplog.go:109] "HTTP" verb="PUT" URI="/apis/coordination.k8s.io/v1/namespaces/kube-system/leases/kube-scheduler?timeout=5s" latency="11.496639ms" userAgent="kube-scheduler/v1.22.17 (linux/amd64) kubernetes/a7736ea/leader-election" audit-ID="8d650ebe-de2b-47a3-a689-e6a11bf9edb3" srcIP="127.0.0.1:46978" resp=200
Sep 2 00:06:07 cn-jenkins-deploy-platform-juju-k8s-2095-1 systemd[1]: snap.kubectl.kubectl-c9eabfb5-e0c5-467f-9b45-bf9db361be74.scope: Succeeded.
Sep 2 00:06:07 cn-jenkins-deploy-platform-juju-k8s-2095-1 systemd[1]: Started snap.kubectl.kubectl-9837e2d6-4504-4ff9-9399-54507bfeb04e.scope.
Sep 2 00:06:07 cn-jenkins-deploy-platform-juju-k8s-2095-1 systemd[1]: snap.kubectl.kubectl-9837e2d6-4504-4ff9-9399-54507bfeb04e.scope: Succeeded.
Sep 2 00:06:07 cn-jenkins-deploy-platform-juju-k8s-2095-1 systemd[1]: Started snap.kubectl.kubectl-14e9981c-e7e1-44c0-ba99-4e4ce8ae64a6.scope.
Sep 2 00:06:07 cn-jenkins-deploy-platform-juju-k8s-2095-1 systemd[1]: snap.kubectl.kubectl-14e9981c-e7e1-44c0-ba99-4e4ce8ae64a6.scope: Succeeded.
Sep 2 00:06:07 cn-jenkins-deploy-platform-juju-k8s-2095-1 systemd[1]: Started snap.kubectl.kubectl-b61af988-debd-461c-b2f0-024870c41242.scope.
Sep 2 00:06:07 cn-jenkins-deploy-platform-juju-k8s-2095-1 systemd[1]: snap.kubectl.kubectl-b61af988-debd-461c-b2f0-024870c41242.scope: Succeeded.
Sep 2 00:06:07 cn-jenkins-deploy-platform-juju-k8s-2095-1 kube-apiserver.daemon[245607]: I0902 00:06:07.611808 245607 httplog.go:109] "HTTP" verb="GET" URI="/api/v1/namespaces/default" latency="4.353759ms" userAgent="kube-apiserver/v1.22.17 (linux/amd64) kubernetes/a7736ea" audit-ID="536993cf-8621-4636-a0bd-7b6b4edf909f" srcIP="[::1]:57300" resp=200
Sep 2 00:06:07 cn-jenkins-deploy-platform-juju-k8s-2095-1 kube-apiserver.daemon[245607]: I0902 00:06:07.613433 245607 httplog.go:109] "HTTP" verb="GET" URI="/api/v1/namespaces/default/services/kubernetes" latency="1.071507ms" userAgent="kube-apiserver/v1.22.17 (linux/amd64) kubernetes/a7736ea" audit-ID="528faa3c-694f-42f9-bcf2-43abb8bcbd1f" srcIP="[::1]:57300" resp=200
Sep 2 00:06:07 cn-jenkins-deploy-platform-juju-k8s-2095-1 kube-apiserver.daemon[245607]: I0902 00:06:07.626059 245607 httplog.go:109] "HTTP" verb="GET" URI="/api/v1/namespaces/default/endpoints/kubernetes" latency="1.518824ms" userAgent="kube-apiserver/v1.22.17 (linux/amd64) kubernetes/a7736ea" audit-ID="8a1d4f9e-7124-4625-ad6d-567e7050376a" srcIP="[::1]:57300" resp=200
Sep 2 00:06:07 cn-jenkins-deploy-platform-juju-k8s-2095-1 kube-apiserver.daemon[245607]: I0902 00:06:07.628961 245607 httplog.go:109] "HTTP" verb="GET" URI="/apis/discovery.k8s.io/v1/namespaces/default/endpointslices/kubernetes" latency="1.103527ms" userAgent="kube-apiserver/v1.22.17 (linux/amd64) kubernetes/a7736ea" audit-ID="7690d72e-16e0-41c3-b583-524a716c36a3" srcIP="[::1]:57300" resp=200
Sep 2 00:06:07 cn-jenkins-deploy-platform-juju-k8s-2095-1 systemd[1]: Started snap.kubectl.kubectl-93273dca-4590-4996-9038-5b69bdc6eba9.scope.
Sep 2 00:06:07 cn-jenkins-deploy-platform-juju-k8s-2095-1 systemd[1]: snap.kubectl.kubectl-93273dca-4590-4996-9038-5b69bdc6eba9.scope: Succeeded.
Sep 2 00:06:07 cn-jenkins-deploy-platform-juju-k8s-2095-1 systemd[1]: Started snap.kubectl.kubectl-94e995d1-a940-4cbf-a6a5-633892b58220.scope.
Sep 2 00:06:07 cn-jenkins-deploy-platform-juju-k8s-2095-1 systemd[1]: snap.kubectl.kubectl-94e995d1-a940-4cbf-a6a5-633892b58220.scope: Succeeded.
Sep 2 00:06:07 cn-jenkins-deploy-platform-juju-k8s-2095-1 systemd[1]: Started snap.kubectl.kubectl-4745f822-d908-4334-a6b5-55f50b50a216.scope.
Sep 2 00:06:08 cn-jenkins-deploy-platform-juju-k8s-2095-1 systemd[1]: snap.kubectl.kubectl-4745f822-d908-4334-a6b5-55f50b50a216.scope: Succeeded.
Sep 2 00:06:08 cn-jenkins-deploy-platform-juju-k8s-2095-1 systemd[1]: Started snap.kubectl.kubectl-2f290e66-514b-4e11-ae18-7719bc3ea944.scope.
Sep 2 00:06:08 cn-jenkins-deploy-platform-juju-k8s-2095-1 systemd[1]: snap.kubectl.kubectl-2f290e66-514b-4e11-ae18-7719bc3ea944.scope: Succeeded.
Sep 2 00:06:08 cn-jenkins-deploy-platform-juju-k8s-2095-1 systemd[1]: Started snap.kubectl.kubectl-95211240-0800-4eda-8025-5bc522ab75e1.scope.
Sep 2 00:06:08 cn-jenkins-deploy-platform-juju-k8s-2095-1 systemd[1]: snap.kubectl.kubectl-95211240-0800-4eda-8025-5bc522ab75e1.scope: Succeeded.
Sep 2 00:06:08 cn-jenkins-deploy-platform-juju-k8s-2095-1 systemd[1]: Started snap.kubectl.kubectl-944a9aa5-60bc-4fea-a522-f5b2b6828354.scope.
Sep 2 00:06:08 cn-jenkins-deploy-platform-juju-k8s-2095-1 kube-apiserver.daemon[245607]: I0902 00:06:08.648885 245607 httplog.go:109] "HTTP" verb="GET" URI="/api/v1/nodes/an-jenkins-deploy-platform-juju-k8s-2095-1?resourceVersion=0" latency="22.223452ms" userAgent="kube-controller-manager/v1.22.17 (linux/amd64) kubernetes/a7736ea/system:serviceaccount:kube-system:node-controller" audit-ID="1f94ff64-19d0-4ab5-b284-5bd03c64504d" srcIP="127.0.0.1:53504" resp=200
Sep 2 00:06:08 cn-jenkins-deploy-platform-juju-k8s-2095-1 kube-controller-manager.daemon[248378]: I0902 00:06:08.681417 248378 event.go:291] "Event occurred" object="kube-system/coredns-6f867cd986-zbpd7" kind="Pod" apiVersion="" type="Normal" reason="TaintManagerEviction" message="Cancelling deletion of Pod kube-system/coredns-6f867cd986-zbpd7"
Sep 2 00:06:08 cn-jenkins-deploy-platform-juju-k8s-2095-1 kube-apiserver.daemon[245607]: I0902 00:06:08.696535 245607 httplog.go:109] "HTTP" verb="PATCH" URI="/api/v1/nodes/an-jenkins-deploy-platform-juju-k8s-2095-1" latency="45.252496ms" userAgent="kube-controller-manager/v1.22.17 (linux/amd64) kubernetes/a7736ea/system:serviceaccount:kube-system:node-controller" audit-ID="ce8f2f5f-2ad9-4ddc-b808-673187c6cad5" srcIP="127.0.0.1:53504" resp=200
Sep 2 00:06:08 cn-jenkins-deploy-platform-juju-k8s-2095-1 kube-controller-manager.daemon[248378]: I0902 00:06:08.697730 248378 node_lifecycle_controller.go:893] Node an-jenkins-deploy-platform-juju-k8s-2095-1 is healthy again, removing all taints
Sep 2 00:06:08 cn-jenkins-deploy-platform-juju-k8s-2095-1 kube-apiserver.daemon[245607]: I0902 00:06:08.701870 245607 httplog.go:109] "HTTP" verb="PATCH" URI="/api/v1/namespaces/kube-system/events/coredns-6f867cd986-zbpd7.18d157b8da4ed0b1" latency="13.699023ms" userAgent="kube-controller-manager/v1.22.17 (linux/amd64) kubernetes/a7736ea/system:serviceaccount:kube-system:node-controller" audit-ID="42eb4e89-0dcc-43a3-92a7-9a2b3d2085e7" srcIP="127.0.0.1:53504" resp=200
Sep 2 00:06:08 cn-jenkins-deploy-platform-juju-k8s-2095-1 systemd[1]: snap.kubectl.kubectl-944a9aa5-60bc-4fea-a522-f5b2b6828354.scope: Succeeded.
Sep 2 00:06:08 cn-jenkins-deploy-platform-juju-k8s-2095-1 systemd[1]: Started snap.kubectl.kubectl-5557fb41-719b-4b9b-9d6b-f777ea2eb8a0.scope.
Sep 2 00:06:08 cn-jenkins-deploy-platform-juju-k8s-2095-1 systemd[1]: snap.kubectl.kubectl-5557fb41-719b-4b9b-9d6b-f777ea2eb8a0.scope: Succeeded.
Sep 2 00:06:08 cn-jenkins-deploy-platform-juju-k8s-2095-1 systemd[1]: Started snap.kubectl.kubectl-420c600e-c036-4379-94e8-796ffa6c3bc7.scope.
Sep 2 00:06:08 cn-jenkins-deploy-platform-juju-k8s-2095-1 kube-apiserver.daemon[245607]: I0902 00:06:08.994774 245607 httplog.go:109] "HTTP" verb="GET" URI="/apis/coordination.k8s.io/v1/namespaces/kube-system/leases/kube-controller-manager?timeout=5s" latency="5.213588ms" userAgent="kube-controller-manager/v1.22.17 (linux/amd64) kubernetes/a7736ea/leader-election" audit-ID="18e5c9c0-5dff-4e46-b2e1-288b2ba677b4" srcIP="127.0.0.1:53504" resp=200
Sep 2 00:06:09 cn-jenkins-deploy-platform-juju-k8s-2095-1 kube-apiserver.daemon[245607]: I0902 00:06:09.000868 245607 httplog.go:109] "HTTP" verb="PUT" URI="/apis/coordination.k8s.io/v1/namespaces/kube-system/leases/kube-controller-manager?timeout=5s" latency="4.630053ms" userAgent="kube-controller-manager/v1.22.17 (linux/amd64) kubernetes/a7736ea/leader-election" audit-ID="e01d2236-1182-43c0-892f-4a92a2d7a90d" srcIP="127.0.0.1:53504" resp=200
Sep 2 00:06:09 cn-jenkins-deploy-platform-juju-k8s-2095-1 kube-apiserver.daemon[245607]: I0902 00:06:09.001717 245607 httplog.go:109] "HTTP" verb="GET" URI="/apis/coordination.k8s.io/v1/namespaces/kube-system/leases/kube-scheduler?timeout=5s" latency="3.044665ms" userAgent="kube-scheduler/v1.22.17 (linux/amd64) kubernetes/a7736ea/leader-election" audit-ID="fb6b7d5a-bc0b-4ccb-ac4b-554bfb25863a" srcIP="127.0.0.1:46978" resp=200
Sep 2 00:06:09 cn-jenkins-deploy-platform-juju-k8s-2095-1 kube-apiserver.daemon[245607]: I0902 00:06:09.007489 245607 httplog.go:109] "HTTP" verb="PUT" URI="/apis/coordination.k8s.io/v1/namespaces/kube-system/leases/kube-scheduler?timeout=5s" latency="3.700883ms" userAgent="kube-scheduler/v1.22.17 (linux/amd64) kubernetes/a7736ea/leader-election" audit-ID="1321dab8-6fa3-46e9-b805-87c577992754" srcIP="127.0.0.1:46978" resp=200
Sep 2 00:06:09 cn-jenkins-deploy-platform-juju-k8s-2095-1 systemd[1]: snap.kubectl.kubectl-420c600e-c036-4379-94e8-796ffa6c3bc7.scope: Succeeded.
Sep 2 00:06:09 cn-jenkins-deploy-platform-juju-k8s-2095-1 systemd[1]: Started snap.kubectl.kubectl-a9472d51-f6b1-40ba-84fc-ce13aaea3367.scope.
Sep 2 00:06:09 cn-jenkins-deploy-platform-juju-k8s-2095-1 kube-apiserver.daemon[245607]: I0902 00:06:09.176918 245607 httplog.go:109] "HTTP" verb="LIST" URI="/api/v1/namespaces/kube-system/secrets?fieldSelector=type%3Djuju.is%2Ftoken-auth&limit=500" latency="2.925803ms" userAgent="kubectl/v1.22.17 (linux/amd64) kubernetes/a7736ea" audit-ID="18cac444-ef50-4a7f-9ca5-31e0727c768e" srcIP="127.0.0.1:52038" resp=200
Sep 2 00:06:09 cn-jenkins-deploy-platform-juju-k8s-2095-1 systemd[1]: snap.kubectl.kubectl-a9472d51-f6b1-40ba-84fc-ce13aaea3367.scope: Succeeded.
Sep 2 00:06:09 cn-jenkins-deploy-platform-juju-k8s-2095-1 systemd[1]: Started snap.kubectl.kubectl-97034d7e-b536-4804-8b79-ad9ef55c789e.scope.
Sep 2 00:06:09 cn-jenkins-deploy-platform-juju-k8s-2095-1 systemd[1]: snap.kubectl.kubectl-97034d7e-b536-4804-8b79-ad9ef55c789e.scope: Succeeded.
Sep 2 00:06:09 cn-jenkins-deploy-platform-juju-k8s-2095-1 systemd[1]: Started snap.kubectl.kubectl-7dc50e54-d63c-4acf-8c5f-11c651ed2900.scope.
Sep 2 00:06:09 cn-jenkins-deploy-platform-juju-k8s-2095-1 systemd[1]: snap.kubectl.kubectl-7dc50e54-d63c-4acf-8c5f-11c651ed2900.scope: Succeeded.
Sep 2 00:06:09 cn-jenkins-deploy-platform-juju-k8s-2095-1 systemd[1]: Started snap.kubectl.kubectl-97d2e40c-33dd-4c9b-82ba-45c54d31feae.scope.
Sep 2 00:06:09 cn-jenkins-deploy-platform-juju-k8s-2095-1 systemd[1]: snap.kubectl.kubectl-97d2e40c-33dd-4c9b-82ba-45c54d31feae.scope: Succeeded.
Sep 2 00:06:09 cn-jenkins-deploy-platform-juju-k8s-2095-1 systemd[1]: Started snap.kubectl.kubectl-dbaa45ba-c2dd-4c42-8718-bdbb34aa1c45.scope.
Sep 2 00:06:09 cn-jenkins-deploy-platform-juju-k8s-2095-1 systemd[1]: snap.kubectl.kubectl-dbaa45ba-c2dd-4c42-8718-bdbb34aa1c45.scope: Succeeded.
Sep 2 00:06:09 cn-jenkins-deploy-platform-juju-k8s-2095-1 systemd[1]: Started snap.kubectl.kubectl-e8bb583e-a43b-489f-83eb-c43db3497091.scope.
Sep 2 00:06:09 cn-jenkins-deploy-platform-juju-k8s-2095-1 systemd[1]: snap.kubectl.kubectl-e8bb583e-a43b-489f-83eb-c43db3497091.scope: Succeeded.
Sep 2 00:06:10 cn-jenkins-deploy-platform-juju-k8s-2095-1 systemd[1]: Started snap.kubectl.kubectl-4d13843d-aeef-4bf5-b36f-742e9defd91e.scope.
Sep 2 00:06:10 cn-jenkins-deploy-platform-juju-k8s-2095-1 kube-apiserver.daemon[245607]: I0902 00:06:10.181203 245607 httplog.go:109] "HTTP" verb="LIST" URI="/api/v1/namespaces/kube-system/secrets?fieldSelector=type%3Djuju.is%2Ftoken-auth&limit=500" latency="4.50364ms" userAgent="kubectl/v1.22.17 (linux/amd64) kubernetes/a7736ea" audit-ID="b33a1c4f-39eb-413e-a60a-6389b90c391d" srcIP="127.0.0.1:49702" resp=200
Sep 2 00:06:10 cn-jenkins-deploy-platform-juju-k8s-2095-1 systemd[1]: snap.kubectl.kubectl-4d13843d-aeef-4bf5-b36f-742e9defd91e.scope: Succeeded.
Sep 2 00:06:10 cn-jenkins-deploy-platform-juju-k8s-2095-1 systemd[1]: Started snap.kubectl.kubectl-b5d86ce0-1c97-42b1-9924-514233ccc79c.scope.
Sep 2 00:06:10 cn-jenkins-deploy-platform-juju-k8s-2095-1 systemd[1]: snap.kubectl.kubectl-b5d86ce0-1c97-42b1-9924-514233ccc79c.scope: Succeeded.
Sep 2 00:06:10 cn-jenkins-deploy-platform-juju-k8s-2095-1 systemd[1]: Started snap.kubectl.kubectl-5f2b61f0-82ea-4d06-bca2-160ce2c0b27e.scope.
Sep 2 00:06:10 cn-jenkins-deploy-platform-juju-k8s-2095-1 systemd[1]: snap.kubectl.kubectl-5f2b61f0-82ea-4d06-bca2-160ce2c0b27e.scope: Succeeded.
Sep 2 00:06:10 cn-jenkins-deploy-platform-juju-k8s-2095-1 systemd[1]: Started snap.kubectl.kubectl-5ad81bda-4bb2-48f3-98fb-bab053557757.scope.
Sep 2 00:06:10 cn-jenkins-deploy-platform-juju-k8s-2095-1 systemd[1]: snap.kubectl.kubectl-5ad81bda-4bb2-48f3-98fb-bab053557757.scope: Succeeded.
Sep 2 00:06:10 cn-jenkins-deploy-platform-juju-k8s-2095-1 systemd[1]: Started snap.kubectl.kubectl-15d030b7-0ece-4ad0-a6dc-18f556bfadae.scope.
Sep 2 00:06:10 cn-jenkins-deploy-platform-juju-k8s-2095-1 systemd[1]: snap.kubectl.kubectl-15d030b7-0ece-4ad0-a6dc-18f556bfadae.scope: Succeeded.
Sep 2 00:06:10 cn-jenkins-deploy-platform-juju-k8s-2095-1 systemd[1]: Started snap.kubectl.kubectl-4b0d5d1b-da19-4726-b61f-eb981a944f9f.scope.
Sep 2 00:06:10 cn-jenkins-deploy-platform-juju-k8s-2095-1 systemd[1]: snap.kubectl.kubectl-4b0d5d1b-da19-4726-b61f-eb981a944f9f.scope: Succeeded.
Sep 2 00:06:11 cn-jenkins-deploy-platform-juju-k8s-2095-1 kube-apiserver.daemon[245607]: I0902 00:06:11.013925 245607 httplog.go:109] "HTTP" verb="GET" URI="/apis/coordination.k8s.io/v1/namespaces/kube-system/leases/kube-controller-manager?timeout=5s" latency="10.245168ms" userAgent="kube-controller-manager/v1.22.17 (linux/amd64) kubernetes/a7736ea/leader-election" audit-ID="c66cc7cc-710d-4f84-bdee-7f303ca9d8ca" srcIP="127.0.0.1:53504" resp=200
Sep 2 00:06:11 cn-jenkins-deploy-platform-juju-k8s-2095-1 kube-apiserver.daemon[245607]: I0902 00:06:11.021417 245607 httplog.go:109] "HTTP" verb="GET" URI="/apis/coordination.k8s.io/v1/namespaces/kube-system/leases/kube-scheduler?timeout=5s" latency="9.267088ms" userAgent="kube-scheduler/v1.22.17 (linux/amd64) kubernetes/a7736ea/leader-election" audit-ID="6b2d2954-6113-450d-bc4b-f79c499a948d" srcIP="127.0.0.1:46978" resp=200
Sep 2 00:06:11 cn-jenkins-deploy-platform-juju-k8s-2095-1 systemd[1]: Started snap.kubectl.kubectl-c5f87efe-1dcd-40d5-9fed-2fe1816c0450.scope.
Sep 2 00:06:11 cn-jenkins-deploy-platform-juju-k8s-2095-1 kube-apiserver.daemon[245607]: I0902 00:06:11.047136 245607 httplog.go:109] "HTTP" verb="PUT" URI="/apis/coordination.k8s.io/v1/namespaces/kube-system/leases/kube-scheduler?timeout=5s" latency="24.097309ms" userAgent="kube-scheduler/v1.22.17 (linux/amd64) kubernetes/a7736ea/leader-election" audit-ID="4cd27b10-9b86-4d2d-aedc-35043e95caed" srcIP="127.0.0.1:46978" resp=200
Sep 2 00:06:11 cn-jenkins-deploy-platform-juju-k8s-2095-1 kube-apiserver.daemon[245607]: I0902 00:06:11.049270 245607 httplog.go:109] "HTTP" verb="PUT" URI="/apis/coordination.k8s.io/v1/namespaces/kube-system/leases/kube-controller-manager?timeout=5s" latency="32.869909ms" userAgent="kube-controller-manager/v1.22.17 (linux/amd64) kubernetes/a7736ea/leader-election" audit-ID="610127bd-1cb2-462b-9627-3aa3957b1ba4" srcIP="127.0.0.1:53504" resp=200
Sep 2 00:06:11 cn-jenkins-deploy-platform-juju-k8s-2095-1 kube-apiserver.daemon[245607]: I0902 00:06:11.145821 245607 httplog.go:109] "HTTP" verb="LIST" URI="/api/v1/namespaces/kube-system/secrets?fieldSelector=type%3Djuju.is%2Ftoken-auth&limit=500" latency="3.227589ms" userAgent="kubectl/v1.22.17 (linux/amd64) kubernetes/a7736ea" audit-ID="160942a2-4234-4d6e-8715-6d62fc92d8e2" srcIP="127.0.0.1:49704" resp=200
Sep 2 00:06:11 cn-jenkins-deploy-platform-juju-k8s-2095-1 systemd[1]: snap.kubectl.kubectl-c5f87efe-1dcd-40d5-9fed-2fe1816c0450.scope: Succeeded.
Sep 2 00:06:11 cn-jenkins-deploy-platform-juju-k8s-2095-1 systemd[1]: Started snap.kubectl.kubectl-398737b0-9c94-4a1c-a32b-1188bcd26c85.scope.
Sep 2 00:06:11 cn-jenkins-deploy-platform-juju-k8s-2095-1 systemd[1]: snap.kubectl.kubectl-398737b0-9c94-4a1c-a32b-1188bcd26c85.scope: Succeeded.
Sep 2 00:06:11 cn-jenkins-deploy-platform-juju-k8s-2095-1 systemd[1]: Started snap.kubectl.kubectl-df515239-b5fb-4a9a-97a3-6733f6979b20.scope.
Sep 2 00:06:11 cn-jenkins-deploy-platform-juju-k8s-2095-1 systemd[1]: snap.kubectl.kubectl-df515239-b5fb-4a9a-97a3-6733f6979b20.scope: Succeeded.
Sep 2 00:06:11 cn-jenkins-deploy-platform-juju-k8s-2095-1 systemd[1]: Started snap.kubectl.kubectl-a7989fc7-f31a-4c19-b3dc-d168c725f9d0.scope.
Sep 2 00:06:11 cn-jenkins-deploy-platform-juju-k8s-2095-1 systemd[1]: snap.kubectl.kubectl-a7989fc7-f31a-4c19-b3dc-d168c725f9d0.scope: Succeeded.
Sep 2 00:06:11 cn-jenkins-deploy-platform-juju-k8s-2095-1 systemd[1]: Started snap.kubectl.kubectl-998cae81-ce67-4d12-bee1-5a9e8f11ce47.scope.
Sep 2 00:06:11 cn-jenkins-deploy-platform-juju-k8s-2095-1 systemd[1]: snap.kubectl.kubectl-998cae81-ce67-4d12-bee1-5a9e8f11ce47.scope: Succeeded.
Sep 2 00:06:11 cn-jenkins-deploy-platform-juju-k8s-2095-1 systemd[1]: Started snap.kubectl.kubectl-79cdcc3b-cf16-4b27-8ee0-7f1d4c21fa8b.scope.
Sep 2 00:06:11 cn-jenkins-deploy-platform-juju-k8s-2095-1 systemd[1]: snap.kubectl.kubectl-79cdcc3b-cf16-4b27-8ee0-7f1d4c21fa8b.scope: Succeeded.
Sep 2 00:06:11 cn-jenkins-deploy-platform-juju-k8s-2095-1 systemd[1]: Started snap.kube-apiserver.kube-apiserver-2bce5113-de87-4d36-8bf3-96194870394b.scope.
Sep 2 00:06:11 cn-jenkins-deploy-platform-juju-k8s-2095-1 kernel: [ 8003.431265] audit: type=1400 audit(1788307571.882:366): apparmor="DENIED" operation="bind" profile="snap.kube-apiserver.kube-apiserver" pid=307234 comm="kube-apiserver" family="unix" sock_type="dgram" protocol=0 requested_mask="bind" denied_mask="bind" addr=none
Sep 2 00:06:11 cn-jenkins-deploy-platform-juju-k8s-2095-1 systemd[1]: snap.kube-apiserver.kube-apiserver-2bce5113-de87-4d36-8bf3-96194870394b.scope: Succeeded.
Sep 2 00:06:11 cn-jenkins-deploy-platform-juju-k8s-2095-1 systemd[1]: Started snap.kube-apiserver.kube-apiserver-c9ff3882-56be-484d-ae8b-f11507cb9fb9.scope.
Sep 2 00:06:12 cn-jenkins-deploy-platform-juju-k8s-2095-1 kernel: [ 8003.603465] audit: type=1400 audit(1788307572.054:367): apparmor="DENIED" operation="bind" profile="snap.kube-apiserver.kube-apiserver" pid=307271 comm="kube-apiserver" family="unix" sock_type="dgram" protocol=0 requested_mask="bind" denied_mask="bind" addr=none
Sep 2 00:06:12 cn-jenkins-deploy-platform-juju-k8s-2095-1 systemd[1]: snap.kube-apiserver.kube-apiserver-c9ff3882-56be-484d-ae8b-f11507cb9fb9.scope: Succeeded.
Sep 2 00:06:12 cn-jenkins-deploy-platform-juju-k8s-2095-1 kube-apiserver.daemon[245607]: I0902 00:06:12.142225 245607 httplog.go:109] "HTTP" verb="GET" URI="/api/v1/nodes/cn-jenkins-deploy-platform-juju-k8s-2095-1?resourceVersion=0&timeout=10s" latency="15.113596ms" userAgent="kubelet/v1.22.17 (linux/amd64) kubernetes/a7736ea" audit-ID="70eeac9b-91bd-4bf2-8629-9daa767a1943" srcIP="127.0.0.1:56392" resp=200
Sep 2 00:06:12 cn-jenkins-deploy-platform-juju-k8s-2095-1 systemd[1]: Started snap.kubectl.kubectl-4332e692-f609-437c-a629-975b043afe2b.scope.
Sep 2 00:06:12 cn-jenkins-deploy-platform-juju-k8s-2095-1 kube-apiserver.daemon[245607]: I0902 00:06:12.273864 245607 httplog.go:109] "HTTP" verb="GET" URI="/api/v1/namespaces/kube-system/services/kube-dns" latency="1.832451ms" userAgent="kubectl/v1.22.17 (linux/amd64) kubernetes/a7736ea" audit-ID="cedbeb2c-dcd5-48fe-818f-c44619396499" srcIP="127.0.0.1:49710" resp=200
Sep 2 00:06:12 cn-jenkins-deploy-platform-juju-k8s-2095-1 systemd[1]: snap.kubectl.kubectl-4332e692-f609-437c-a629-975b043afe2b.scope: Succeeded.
Sep 2 00:06:12 cn-jenkins-deploy-platform-juju-k8s-2095-1 systemd[1]: Started snap.kube-apiserver.kube-apiserver-49d3b8e5-0ed7-4de0-beac-ebc88785d71f.scope.
Sep 2 00:06:12 cn-jenkins-deploy-platform-juju-k8s-2095-1 kernel: [ 8004.034426] audit: type=1400 audit(1788307572.486:368): apparmor="DENIED" operation="bind" profile="snap.kube-apiserver.kube-apiserver" pid=307402 comm="kube-apiserver" family="unix" sock_type="dgram" protocol=0 requested_mask="bind" denied_mask="bind" addr=none
Sep 2 00:06:12 cn-jenkins-deploy-platform-juju-k8s-2095-1 systemd[1]: snap.kube-apiserver.kube-apiserver-49d3b8e5-0ed7-4de0-beac-ebc88785d71f.scope: Succeeded.
Sep 2 00:06:12 cn-jenkins-deploy-platform-juju-k8s-2095-1 systemd[1]: Started snap.kube-apiserver.kube-apiserver-b195bb80-7fd6-43b4-8297-d184fa352e92.scope.
Sep 2 00:06:12 cn-jenkins-deploy-platform-juju-k8s-2095-1 kernel: [ 8004.190198] audit: type=1400 audit(1788307572.642:369): apparmor="DENIED" operation="bind" profile="snap.kube-apiserver.kube-apiserver" pid=307446 comm="kube-apiserver" family="unix" sock_type="dgram" protocol=0 requested_mask="bind" denied_mask="bind" addr=none
Sep 2 00:06:12 cn-jenkins-deploy-platform-juju-k8s-2095-1 systemd[1]: snap.kube-apiserver.kube-apiserver-b195bb80-7fd6-43b4-8297-d184fa352e92.scope: Succeeded.
Sep 2 00:06:12 cn-jenkins-deploy-platform-juju-k8s-2095-1 systemd[1]: Started snap.kubectl.kubectl-fb427c0c-bead-4318-acc9-e6f3a34893eb.scope.
Sep 2 00:06:12 cn-jenkins-deploy-platform-juju-k8s-2095-1 kube-apiserver.daemon[245607]: I0902 00:06:12.848264 245607 httplog.go:109] "HTTP" verb="GET" URI="/api/v1/namespaces/kube-system/services/kube-dns" latency="2.005193ms" userAgent="kubectl/v1.22.17 (linux/amd64) kubernetes/a7736ea" audit-ID="5795b0f0-0b39-4026-b169-b9644db3a2cc" srcIP="127.0.0.1:49718" resp=200
Sep 2 00:06:12 cn-jenkins-deploy-platform-juju-k8s-2095-1 systemd[1]: snap.kubectl.kubectl-fb427c0c-bead-4318-acc9-e6f3a34893eb.scope: Succeeded.
Sep 2 00:06:12 cn-jenkins-deploy-platform-juju-k8s-2095-1 systemd[1]: Started snap.kube-apiserver.kube-apiserver-185cee7b-6b7c-4901-92a2-05969c8059dd.scope.
Sep 2 00:06:13 cn-jenkins-deploy-platform-juju-k8s-2095-1 kube-apiserver.daemon[245607]: I0902 00:06:13.054510 245607 httplog.go:109] "HTTP" verb="GET" URI="/apis/coordination.k8s.io/v1/namespaces/kube-system/leases/kube-scheduler?timeout=5s" latency="4.750598ms" userAgent="kube-scheduler/v1.22.17 (linux/amd64) kubernetes/a7736ea/leader-election" audit-ID="782b0ce2-8445-4d42-aa28-0dacf4b70e6f" srcIP="127.0.0.1:46978" resp=200
Sep 2 00:06:13 cn-jenkins-deploy-platform-juju-k8s-2095-1 kube-apiserver.daemon[245607]: I0902 00:06:13.057845 245607 httplog.go:109] "HTTP" verb="GET" URI="/apis/coordination.k8s.io/v1/namespaces/kube-system/leases/kube-controller-manager?timeout=5s" latency="3.930076ms" userAgent="kube-controller-manager/v1.22.17 (linux/amd64) kubernetes/a7736ea/leader-election" audit-ID="7cc1f117-1b01-4a52-bffd-c8e22f8a81bd" srcIP="127.0.0.1:53504" resp=200
Sep 2 00:06:13 cn-jenkins-deploy-platform-juju-k8s-2095-1 kube-apiserver.daemon[245607]: I0902 00:06:13.062197 245607 httplog.go:109] "HTTP" verb="PUT" URI="/apis/coordination.k8s.io/v1/namespaces/kube-system/leases/kube-controller-manager?timeout=5s" latency="3.563768ms" userAgent="kube-controller-manager/v1.22.17 (linux/amd64) kubernetes/a7736ea/leader-election" audit-ID="2a8bbd8c-08db-4b20-9815-b9db3e605b19" srcIP="127.0.0.1:53504" resp=200
Sep 2 00:06:13 cn-jenkins-deploy-platform-juju-k8s-2095-1 kernel: [ 8004.609365] audit: type=1400 audit(1788307573.058:370): apparmor="DENIED" operation="bind" profile="snap.kube-apiserver.kube-apiserver" pid=307562 comm="kube-apiserver" family="unix" sock_type="dgram" protocol=0 requested_mask="bind" denied_mask="bind" addr=none
Sep 2 00:06:13 cn-jenkins-deploy-platform-juju-k8s-2095-1 kube-apiserver.daemon[245607]: I0902 00:06:13.066972 245607 httplog.go:109] "HTTP" verb="PUT" URI="/apis/coordination.k8s.io/v1/namespaces/kube-system/leases/kube-scheduler?timeout=5s" latency="11.423111ms" userAgent="kube-scheduler/v1.22.17 (linux/amd64) kubernetes/a7736ea/leader-election" audit-ID="223c35c0-253b-40b7-b3c5-dd4ec73add22" srcIP="127.0.0.1:46978" resp=200
Sep 2 00:06:13 cn-jenkins-deploy-platform-juju-k8s-2095-1 systemd[1]: snap.kube-apiserver.kube-apiserver-185cee7b-6b7c-4901-92a2-05969c8059dd.scope: Succeeded.
Sep 2 00:06:13 cn-jenkins-deploy-platform-juju-k8s-2095-1 systemd[1]: Started snap.kubectl.kubectl-e0405941-b618-46f7-8c6f-75581a00c858.scope.
Sep 2 00:06:13 cn-jenkins-deploy-platform-juju-k8s-2095-1 kube-apiserver.daemon[245607]: I0902 00:06:13.435772 245607 httplog.go:109] "HTTP" verb="LIST" URI="/api/v1/namespaces/kube-system/pods?limit=500&timeout=10s" latency="2.993806ms" userAgent="kubectl/v1.22.17 (linux/amd64) kubernetes/a7736ea" audit-ID="e104f0b1-2fc8-41cc-93f5-e55c42b97279" srcIP="127.0.0.1:49730" resp=200
Sep 2 00:06:13 cn-jenkins-deploy-platform-juju-k8s-2095-1 systemd[1]: snap.kubectl.kubectl-e0405941-b618-46f7-8c6f-75581a00c858.scope: Succeeded.
Sep 2 00:06:14 cn-jenkins-deploy-platform-juju-k8s-2095-1 kube-apiserver.daemon[245607]: I0902 00:06:14.666031 245607 httplog.go:109] "HTTP" verb="PUT" URI="/apis/coordination.k8s.io/v1/namespaces/kube-node-lease/leases/cn-jenkins-deploy-platform-juju-k8s-2095-1?timeout=10s" latency="9.67594ms" userAgent="kubelet/v1.22.17 (linux/amd64) kubernetes/a7736ea" audit-ID="f9ceecbd-e3ba-40bb-bddc-767a7fd9a213" srcIP="127.0.0.1:47000" resp=200
Sep 2 00:06:14 cn-jenkins-deploy-platform-juju-k8s-2095-1 kube-apiserver.daemon[245607]: I0902 00:06:14.917421 245607 httplog.go:109] "HTTP" verb="GET" URI="/api/v1/nodes/an-jenkins-deploy-platform-juju-k8s-2095-1?resourceVersion=0&timeout=10s" latency="4.9995ms" userAgent="kubelet/v1.22.17 (linux/amd64) kubernetes/a7736ea" audit-ID="fad58311-0797-4f47-89dc-ce6aceb062c3" srcIP="10.0.0.188:33278" resp=200
Sep 2 00:06:15 cn-jenkins-deploy-platform-juju-k8s-2095-1 kube-apiserver.daemon[245607]: I0902 00:06:15.071225 245607 httplog.go:109] "HTTP" verb="GET" URI="/apis/coordination.k8s.io/v1/namespaces/kube-system/leases/kube-controller-manager?timeout=5s" latency="7.242985ms" userAgent="kube-controller-manager/v1.22.17 (linux/amd64) kubernetes/a7736ea/leader-election" audit-ID="7c42f2b0-2ea5-4bc5-a660-d4dca599c552" srcIP="127.0.0.1:53504" resp=200
Sep 2 00:06:15 cn-jenkins-deploy-platform-juju-k8s-2095-1 kube-apiserver.daemon[245607]: I0902 00:06:15.071638 245607 httplog.go:109] "HTTP" verb="GET" URI="/apis/coordination.k8s.io/v1/namespaces/kube-system/leases/kube-scheduler?timeout=5s" latency="2.72736ms" userAgent="kube-scheduler/v1.22.17 (linux/amd64) kubernetes/a7736ea/leader-election" audit-ID="06044940-5ed8-4f18-9f77-345ac1f8efe6" srcIP="127.0.0.1:46978" resp=200
Sep 2 00:06:15 cn-jenkins-deploy-platform-juju-k8s-2095-1 kube-apiserver.daemon[245607]: I0902 00:06:15.076360 245607 httplog.go:109] "HTTP" verb="PUT" URI="/apis/coordination.k8s.io/v1/namespaces/kube-system/leases/kube-scheduler?timeout=5s" latency="3.623474ms" userAgent="kube-scheduler/v1.22.17 (linux/amd64) kubernetes/a7736ea/leader-election" audit-ID="b81097f5-2b26-412c-bc74-23679e0a695a" srcIP="127.0.0.1:46978" resp=200
Sep 2 00:06:15 cn-jenkins-deploy-platform-juju-k8s-2095-1 kube-apiserver.daemon[245607]: I0902 00:06:15.077859 245607 httplog.go:109] "HTTP" verb="PUT" URI="/apis/coordination.k8s.io/v1/namespaces/kube-system/leases/kube-controller-manager?timeout=5s" latency="5.70708ms" userAgent="kube-controller-manager/v1.22.17 (linux/amd64) kubernetes/a7736ea/leader-election" audit-ID="35a0891f-fbf8-44b1-af52-9ddddddb13c8" srcIP="127.0.0.1:53504" resp=200
Sep 2 00:06:15 cn-jenkins-deploy-platform-juju-k8s-2095-1 kube-apiserver.daemon[245607]: I0902 00:06:15.268010 245607 httplog.go:109] "HTTP" verb="PUT" URI="/apis/coordination.k8s.io/v1/namespaces/kube-node-lease/leases/an-jenkins-deploy-platform-juju-k8s-2095-1?timeout=10s" latency="5.368641ms" userAgent="kubelet/v1.22.17 (linux/amd64) kubernetes/a7736ea" audit-ID="611fe7a5-742e-41a5-8644-c3fa8464741a" srcIP="10.0.0.188:33264" resp=200
Sep 2 00:06:16 cn-jenkins-deploy-platform-juju-k8s-2095-1 kube-apiserver.daemon[245607]: I0902 00:06:16.570041 245607 httplog.go:109] "HTTP" verb="LIST" URI="/api/v1/services" latency="3.208741ms" userAgent="kube-apiserver/v1.22.17 (linux/amd64) kubernetes/a7736ea" audit-ID="48560e73-250a-479a-926d-597ac729c713" srcIP="[::1]:57300" resp=200
Sep 2 00:06:16 cn-jenkins-deploy-platform-juju-k8s-2095-1 kube-apiserver.daemon[245607]: I0902 00:06:16.572617 245607 httplog.go:109] "HTTP" verb="LIST" URI="/api/v1/services" latency="1.048313ms" userAgent="kube-apiserver/v1.22.17 (linux/amd64) kubernetes/a7736ea" audit-ID="1dce412b-f42e-4546-8015-93122e29b0dc" srcIP="[::1]:57300" resp=200
Sep 2 00:06:16 cn-jenkins-deploy-platform-juju-k8s-2095-1 kube-apiserver.daemon[245607]: I0902 00:06:16.587251 245607 reflector.go:381] k8s.io/kube-aggregator/pkg/client/informers/externalversions/factory.go:117: forcing resync
Sep 2 00:06:16 cn-jenkins-deploy-platform-juju-k8s-2095-1 kube-apiserver.daemon[245607]: I0902 00:06:16.587434 245607 available_controller.go:542] Updating v2beta1.autoscaling
Sep 2 00:06:16 cn-jenkins-deploy-platform-juju-k8s-2095-1 kube-apiserver.daemon[245607]: I0902 00:06:16.587455 245607 available_controller.go:542] Updating v1.networking.k8s.io
Sep 2 00:06:16 cn-jenkins-deploy-platform-juju-k8s-2095-1 kube-apiserver.daemon[245607]: I0902 00:06:16.587533 245607 available_controller.go:542] Updating v1.storage.k8s.io
Sep 2 00:06:16 cn-jenkins-deploy-platform-juju-k8s-2095-1 kube-apiserver.daemon[245607]: I0902 00:06:16.587539 245607 available_controller.go:542] Updating v1beta1.discovery.k8s.io
Sep 2 00:06:16 cn-jenkins-deploy-platform-juju-k8s-2095-1 kube-apiserver.daemon[245607]: I0902 00:06:16.587586 245607 available_controller.go:542] Updating v1beta1.policy
Sep 2 00:06:16 cn-jenkins-deploy-platform-juju-k8s-2095-1 kube-apiserver.daemon[245607]: I0902 00:06:16.587592 245607 available_controller.go:542] Updating v1beta1.events.k8s.io
Sep 2 00:06:16 cn-jenkins-deploy-platform-juju-k8s-2095-1 kube-apiserver.daemon[245607]: I0902 00:06:16.587618 245607 available_controller.go:542] Updating v1beta1.node.k8s.io
Sep 2 00:06:16 cn-jenkins-deploy-platform-juju-k8s-2095-1 kube-apiserver.daemon[245607]: I0902 00:06:16.587624 245607 available_controller.go:542] Updating v1.certificates.k8s.io
Sep 2 00:06:16 cn-jenkins-deploy-platform-juju-k8s-2095-1 kube-apiserver.daemon[245607]: I0902 00:06:16.587645 245607 available_controller.go:542] Updating v1.coordination.k8s.io
Sep 2 00:06:16 cn-jenkins-deploy-platform-juju-k8s-2095-1 kube-apiserver.daemon[245607]: I0902 00:06:16.587649 245607 available_controller.go:542] Updating v1.scheduling.k8s.io
Sep 2 00:06:16 cn-jenkins-deploy-platform-juju-k8s-2095-1 kube-apiserver.daemon[245607]: I0902 00:06:16.587684 245607 available_controller.go:542] Updating v2beta2.autoscaling
Sep 2 00:06:16 cn-jenkins-deploy-platform-juju-k8s-2095-1 kube-apiserver.daemon[245607]: I0902 00:06:16.587689 245607 available_controller.go:542] Updating v1beta1.batch
Sep 2 00:06:16 cn-jenkins-deploy-platform-juju-k8s-2095-1 kube-apiserver.daemon[245607]: I0902 00:06:16.587710 245607 available_controller.go:542] Updating v1.batch
Sep 2 00:06:16 cn-jenkins-deploy-platform-juju-k8s-2095-1 kube-apiserver.daemon[245607]: I0902 00:06:16.587716 245607 available_controller.go:542] Updating v1.discovery.k8s.io
Sep 2 00:06:16 cn-jenkins-deploy-platform-juju-k8s-2095-1 kube-apiserver.daemon[245607]: I0902 00:06:16.587743 245607 available_controller.go:542] Updating v1.apps
Sep 2 00:06:16 cn-jenkins-deploy-platform-juju-k8s-2095-1 kube-apiserver.daemon[245607]: I0902 00:06:16.587748 245607 available_controller.go:542] Updating v1beta1.storage.k8s.io
Sep 2 00:06:16 cn-jenkins-deploy-platform-juju-k8s-2095-1 kube-apiserver.daemon[245607]: I0902 00:06:16.587767 245607 available_controller.go:542] Updating v1.events.k8s.io
Sep 2 00:06:16 cn-jenkins-deploy-platform-juju-k8s-2095-1 kube-apiserver.daemon[245607]: I0902 00:06:16.587772 245607 available_controller.go:542] Updating v1.admissionregistration.k8s.io
Sep 2 00:06:16 cn-jenkins-deploy-platform-juju-k8s-2095-1 kube-apiserver.daemon[245607]: I0902 00:06:16.587793 245607 available_controller.go:542] Updating v1.autoscaling
Sep 2 00:06:16 cn-jenkins-deploy-platform-juju-k8s-2095-1 kube-apiserver.daemon[245607]: I0902 00:06:16.587797 245607 available_controller.go:542] Updating v1.node.k8s.io
Sep 2 00:06:16 cn-jenkins-deploy-platform-juju-k8s-2095-1 kube-apiserver.daemon[245607]: I0902 00:06:16.587816 245607 available_controller.go:542] Updating v1.policy
Sep 2 00:06:16 cn-jenkins-deploy-platform-juju-k8s-2095-1 kube-apiserver.daemon[245607]: I0902 00:06:16.587821 245607 available_controller.go:542] Updating v1.
Sep 2 00:06:16 cn-jenkins-deploy-platform-juju-k8s-2095-1 kube-apiserver.daemon[245607]: I0902 00:06:16.587846 245607 available_controller.go:542] Updating v1.rbac.authorization.k8s.io
Sep 2 00:06:16 cn-jenkins-deploy-platform-juju-k8s-2095-1 kube-apiserver.daemon[245607]: I0902 00:06:16.587853 245607 available_controller.go:542] Updating v1.authorization.k8s.io
Sep 2 00:06:16 cn-jenkins-deploy-platform-juju-k8s-2095-1 kube-apiserver.daemon[245607]: I0902 00:06:16.587875 245607 available_controller.go:542] Updating v1.authentication.k8s.io
Sep 2 00:06:16 cn-jenkins-deploy-platform-juju-k8s-2095-1 kube-apiserver.daemon[245607]: I0902 00:06:16.587880 245607 available_controller.go:542] Updating v1beta1.flowcontrol.apiserver.k8s.io
Sep 2 00:06:16 cn-jenkins-deploy-platform-juju-k8s-2095-1 kube-apiserver.daemon[245607]: I0902 00:06:16.587899 245607 available_controller.go:542] Updating v1.apiextensions.k8s.io
Sep 2 00:06:16 cn-jenkins-deploy-platform-juju-k8s-2095-1 kube-apiserver.daemon[245607]: I0902 00:06:16.587904 245607 available_controller.go:542] Updating v1.k8s.cni.cncf.io
Sep 2 00:06:16 cn-jenkins-deploy-platform-juju-k8s-2095-1 kube-apiserver.daemon[245607]: I0902 00:06:16.635216 245607 httplog.go:109] "HTTP" verb="GET" URI="/apis/flowcontrol.apiserver.k8s.io/v1beta1/flowschemas/system-nodes" latency="1.83125ms" userAgent="kube-apiserver/v1.22.17 (linux/amd64) kubernetes/a7736ea" audit-ID="ecc6aba9-2ba6-4019-93db-3e70a2be0b7f" srcIP="[::1]:57300" resp=200
Sep 2 00:06:16 cn-jenkins-deploy-platform-juju-k8s-2095-1 kube-apiserver.daemon[245607]: I0902 00:06:16.637521 245607 httplog.go:109] "HTTP" verb="GET" URI="/apis/flowcontrol.apiserver.k8s.io/v1beta1/flowschemas/system-node-high" latency="1.493474ms" userAgent="kube-apiserver/v1.22.17 (linux/amd64) kubernetes/a7736ea" audit-ID="0ea05d29-05e8-48cf-847c-58dc3ec9da6d" srcIP="[::1]:57300" resp=200
Sep 2 00:06:16 cn-jenkins-deploy-platform-juju-k8s-2095-1 kube-apiserver.daemon[245607]: I0902 00:06:16.638969 245607 httplog.go:109] "HTTP" verb="GET" URI="/apis/flowcontrol.apiserver.k8s.io/v1beta1/flowschemas/probes" latency="877.131µs" userAgent="kube-apiserver/v1.22.17 (linux/amd64) kubernetes/a7736ea" audit-ID="27d1c88a-5f42-4892-871e-ad290f7f50b9" srcIP="[::1]:57300" resp=200
Sep 2 00:06:16 cn-jenkins-deploy-platform-juju-k8s-2095-1 kube-apiserver.daemon[245607]: I0902 00:06:16.640849 245607 httplog.go:109] "HTTP" verb="GET" URI="/apis/flowcontrol.apiserver.k8s.io/v1beta1/flowschemas/system-leader-election" latency="1.270191ms" userAgent="kube-apiserver/v1.22.17 (linux/amd64) kubernetes/a7736ea" audit-ID="6d557385-6bb0-4d75-a956-7ab8475c7c1d" srcIP="[::1]:57300" resp=200
Sep 2 00:06:16 cn-jenkins-deploy-platform-juju-k8s-2095-1 kube-apiserver.daemon[245607]: I0902 00:06:16.642371 245607 httplog.go:109] "HTTP" verb="GET" URI="/apis/flowcontrol.apiserver.k8s.io/v1beta1/flowschemas/workload-leader-election" latency="922.275µs" userAgent="kube-apiserver/v1.22.17 (linux/amd64) kubernetes/a7736ea" audit-ID="665dc1d9-cda5-4b5d-90b8-9eb609ed43f2" srcIP="[::1]:57300" resp=200
