Sep 2 00:08:28 cn-jenkins-deploy-platform-juju-k8s-2095-1 kube-apiserver.daemon[245607]: I0902 00:08:28.383899 245607 httplog.go:109] "HTTP" verb="GET" URI="/apis/coordination.k8s.io/v1/namespaces/kube-system/leases/kube-controller-manager?timeout=5s" latency="5.033805ms" userAgent="kube-controller-manager/v1.22.17 (linux/amd64) kubernetes/a7736ea/leader-election" audit-ID="d5befc86-4e95-4830-b180-6b928cd6e90c" srcIP="127.0.0.1:53504" resp=200
Sep 2 00:08:28 cn-jenkins-deploy-platform-juju-k8s-2095-1 kube-apiserver.daemon[245607]: I0902 00:08:28.388747 245607 httplog.go:109] "HTTP" verb="PUT" URI="/apis/coordination.k8s.io/v1/namespaces/kube-system/leases/kube-controller-manager?timeout=5s" latency="4.267231ms" userAgent="kube-controller-manager/v1.22.17 (linux/amd64) kubernetes/a7736ea/leader-election" audit-ID="315cd7e6-c607-4c59-b00d-14cb5bf88400" srcIP="127.0.0.1:53504" resp=200
Sep 2 00:08:28 cn-jenkins-deploy-platform-juju-k8s-2095-1 kube-apiserver.daemon[245607]: I0902 00:08:28.389521 245607 httplog.go:109] "HTTP" verb="PUT" URI="/apis/coordination.k8s.io/v1/namespaces/kube-system/leases/kube-scheduler?timeout=5s" latency="3.97494ms" userAgent="kube-scheduler/v1.22.17 (linux/amd64) kubernetes/a7736ea/leader-election" audit-ID="86a1bfaa-949b-4e3e-b6eb-1836d4443983" srcIP="127.0.0.1:46978" resp=200
Sep 2 00:08:30 cn-jenkins-deploy-platform-juju-k8s-2095-1 kube-apiserver.daemon[245607]: I0902 00:08:30.396397 245607 httplog.go:109] "HTTP" verb="GET" URI="/apis/coordination.k8s.io/v1/namespaces/kube-system/leases/kube-scheduler?timeout=5s" latency="2.769313ms" userAgent="kube-scheduler/v1.22.17 (linux/amd64) kubernetes/a7736ea/leader-election" audit-ID="6a48aec8-b50a-453c-aaff-f150b5b4a639" srcIP="127.0.0.1:46978" resp=200
Sep 2 00:08:30 cn-jenkins-deploy-platform-juju-k8s-2095-1 kube-apiserver.daemon[245607]: I0902 00:08:30.398991 245607 httplog.go:109] "HTTP" verb="GET" URI="/apis/coordination.k8s.io/v1/namespaces/kube-system/leases/kube-controller-manager?timeout=5s" latency="9.049946ms" userAgent="kube-controller-manager/v1.22.17 (linux/amd64) kubernetes/a7736ea/leader-election" audit-ID="663d5d9f-9385-488b-8947-1cf630984a05" srcIP="127.0.0.1:53504" resp=200
Sep 2 00:08:30 cn-jenkins-deploy-platform-juju-k8s-2095-1 kube-apiserver.daemon[245607]: I0902 00:08:30.406250 245607 httplog.go:109] "HTTP" verb="PUT" URI="/apis/coordination.k8s.io/v1/namespaces/kube-system/leases/kube-scheduler?timeout=5s" latency="9.061468ms" userAgent="kube-scheduler/v1.22.17 (linux/amd64) kubernetes/a7736ea/leader-election" audit-ID="be5d8236-ed00-4e80-99dd-fef30448c5f6" srcIP="127.0.0.1:46978" resp=200
Sep 2 00:08:30 cn-jenkins-deploy-platform-juju-k8s-2095-1 kube-apiserver.daemon[245607]: I0902 00:08:30.407329 245607 httplog.go:109] "HTTP" verb="PUT" URI="/apis/coordination.k8s.io/v1/namespaces/kube-system/leases/kube-controller-manager?timeout=5s" latency="7.367929ms" userAgent="kube-controller-manager/v1.22.17 (linux/amd64) kubernetes/a7736ea/leader-election" audit-ID="8c227722-a86c-4eef-859a-864babe7c810" srcIP="127.0.0.1:53504" resp=200
Sep 2 00:08:30 cn-jenkins-deploy-platform-juju-k8s-2095-1 kube-apiserver.daemon[245607]: I0902 00:08:30.439427 245607 httplog.go:109] "HTTP" verb="WATCH" URI="/api/v1/replicationcontrollers?allowWatchBookmarks=true&resourceVersion=106&timeout=5m59s&timeoutSeconds=359&watch=true" latency="5m59.002955651s" userAgent="kube-controller-manager/v1.22.17 (linux/amd64) kubernetes/a7736ea/shared-informers" audit-ID="8b04cb1c-8669-4c84-bb46-0fcf07587d3d" srcIP="127.0.0.1:53504" resp=0
Sep 2 00:08:30 cn-jenkins-deploy-platform-juju-k8s-2095-1 kube-apiserver.daemon[245607]: I0902 00:08:30.448681 245607 get.go:260] "Starting watch" path="/api/v1/replicationcontrollers" resourceVersion="106" labels="" fields="" timeout="5m22s"
Sep 2 00:08:32 cn-jenkins-deploy-platform-juju-k8s-2095-1 kube-apiserver.daemon[245607]: I0902 00:08:32.414836 245607 httplog.go:109] "HTTP" verb="GET" URI="/apis/coordination.k8s.io/v1/namespaces/kube-system/leases/kube-controller-manager?timeout=5s" latency="5.760745ms" userAgent="kube-controller-manager/v1.22.17 (linux/amd64) kubernetes/a7736ea/leader-election" audit-ID="edfe29f8-908c-4ae1-9588-9e9bff67cd46" srcIP="127.0.0.1:53504" resp=200
Sep 2 00:08:32 cn-jenkins-deploy-platform-juju-k8s-2095-1 kube-apiserver.daemon[245607]: I0902 00:08:32.416048 245607 httplog.go:109] "HTTP" verb="GET" URI="/apis/coordination.k8s.io/v1/namespaces/kube-system/leases/kube-scheduler?timeout=5s" latency="8.171611ms" userAgent="kube-scheduler/v1.22.17 (linux/amd64) kubernetes/a7736ea/leader-election" audit-ID="1a4ceaaf-0635-46f3-9605-b6662509e709" srcIP="127.0.0.1:46978" resp=200
Sep 2 00:08:32 cn-jenkins-deploy-platform-juju-k8s-2095-1 kube-apiserver.daemon[245607]: I0902 00:08:32.421793 245607 httplog.go:109] "HTTP" verb="PUT" URI="/apis/coordination.k8s.io/v1/namespaces/kube-system/leases/kube-scheduler?timeout=5s" latency="4.84372ms" userAgent="kube-scheduler/v1.22.17 (linux/amd64) kubernetes/a7736ea/leader-election" audit-ID="e5ff9c59-2703-4d6d-b240-a3577dd92913" srcIP="127.0.0.1:46978" resp=200
Sep 2 00:08:32 cn-jenkins-deploy-platform-juju-k8s-2095-1 kube-apiserver.daemon[245607]: I0902 00:08:32.421820 245607 httplog.go:109] "HTTP" verb="PUT" URI="/apis/coordination.k8s.io/v1/namespaces/kube-system/leases/kube-controller-manager?timeout=5s" latency="5.972113ms" userAgent="kube-controller-manager/v1.22.17 (linux/amd64) kubernetes/a7736ea/leader-election" audit-ID="a25a3d4e-1ef5-432c-9b16-1ee79e9b69e3" srcIP="127.0.0.1:53504" resp=200
Sep 2 00:08:32 cn-jenkins-deploy-platform-juju-k8s-2095-1 kube-apiserver.daemon[245607]: I0902 00:08:32.633945 245607 httplog.go:109] "HTTP" verb="GET" URI="/api/v1/nodes/cn-jenkins-deploy-platform-juju-k8s-2095-1?resourceVersion=0&timeout=10s" latency="7.841011ms" userAgent="kubelet/v1.22.17 (linux/amd64) kubernetes/a7736ea" audit-ID="f17dbfb2-6b19-4a86-9e01-86cf2a3e78c5" srcIP="127.0.0.1:56392" resp=200
Sep 2 00:08:33 cn-jenkins-deploy-platform-juju-k8s-2095-1 kube-apiserver.daemon[245607]: I0902 00:08:33.131180 245607 httplog.go:109] "HTTP" verb="GET" URI="/api/v1/namespaces/default/pods/ctest-busybox-pod-33050945" latency="3.46529ms" userAgent="kubelet/v1.22.17 (linux/amd64) kubernetes/a7736ea" audit-ID="091682d1-a26e-4ef3-a7f7-4958f3f1ccc1" srcIP="10.0.0.188:33228" resp=200
Sep 2 00:08:33 cn-jenkins-deploy-platform-juju-k8s-2095-1 kube-apiserver.daemon[245607]: I0902 00:08:33.144681 245607 httplog.go:109] "HTTP" verb="PATCH" URI="/api/v1/namespaces/default/pods/ctest-busybox-pod-33050945/status" latency="11.947427ms" userAgent="kubelet/v1.22.17 (linux/amd64) kubernetes/a7736ea" audit-ID="2d0f7b46-4a42-4448-ba97-caf9bf833b3f" srcIP="10.0.0.188:33228" resp=200
Sep 2 00:08:33 cn-jenkins-deploy-platform-juju-k8s-2095-1 kube-apiserver.daemon[245607]: I0902 00:08:33.156928 245607 store.go:308] deletion of /registry/pods/default/ctest-busybox-pod-33050945 failed because of a conflict, going to retry
Sep 2 00:08:33 cn-jenkins-deploy-platform-juju-k8s-2095-1 kube-apiserver.daemon[245607]: I0902 00:08:33.159499 245607 httplog.go:109] "HTTP" verb="DELETE" URI="/api/v1/namespaces/default/pods/ctest-busybox-pod-33050945" latency="13.418517ms" userAgent="kubelet/v1.22.17 (linux/amd64) kubernetes/a7736ea" audit-ID="2077e274-d5e3-4484-9965-5ee2caaa6251" srcIP="10.0.0.188:33228" resp=200
Sep 2 00:08:33 cn-jenkins-deploy-platform-juju-k8s-2095-1 kube-apiserver.daemon[245607]: I0902 00:08:33.164295 245607 httplog.go:109] "HTTP" verb="GET" URI="/api/v1/namespaces/default/pods/ctest-busybox-pod-33050945" latency="2.781344ms" userAgent="kubelet/v1.22.17 (linux/amd64) kubernetes/a7736ea" audit-ID="f009788d-6e5d-442f-a2a7-c5d9e5605cc6" srcIP="10.0.0.188:33228" resp=404
Sep 2 00:08:34 cn-jenkins-deploy-platform-juju-k8s-2095-1 kube-apiserver.daemon[245607]: I0902 00:08:34.178182 245607 httplog.go:109] "HTTP" verb="GET" URI="/api?timeout=32s" latency="4.863855ms" userAgent="kube-controller-manager/v1.22.17 (linux/amd64) kubernetes/a7736ea/system:serviceaccount:kube-system:resourcequota-controller" audit-ID="86c1a72e-f0f6-4266-bca7-9bcf2ee23e1e" srcIP="127.0.0.1:53504" resp=200
Sep 2 00:08:34 cn-jenkins-deploy-platform-juju-k8s-2095-1 kube-apiserver.daemon[245607]: I0902 00:08:34.179559 245607 httplog.go:109] "HTTP" verb="GET" URI="/apis?timeout=32s" latency="617.283µs" userAgent="kube-controller-manager/v1.22.17 (linux/amd64) kubernetes/a7736ea/system:serviceaccount:kube-system:resourcequota-controller" audit-ID="360fc03b-674c-4884-8512-92e3a5e52a9c" srcIP="127.0.0.1:53504" resp=200
Sep 2 00:08:34 cn-jenkins-deploy-platform-juju-k8s-2095-1 kube-apiserver.daemon[245607]: I0902 00:08:34.181778 245607 httplog.go:109] "HTTP" verb="GET" URI="/apis/scheduling.k8s.io/v1?timeout=32s" latency="276.364µs" userAgent="kube-controller-manager/v1.22.17 (linux/amd64) kubernetes/a7736ea/system:serviceaccount:kube-system:resourcequota-controller" audit-ID="e16029f1-639a-4930-b4e0-13eec2db269e" srcIP="127.0.0.1:53504" resp=200
Sep 2 00:08:34 cn-jenkins-deploy-platform-juju-k8s-2095-1 kube-apiserver.daemon[245607]: I0902 00:08:34.182145 245607 httplog.go:109] "HTTP" verb="GET" URI="/apis/events.k8s.io/v1?timeout=32s" latency="172.383µs" userAgent="kube-controller-manager/v1.22.17 (linux/amd64) kubernetes/a7736ea/system:serviceaccount:kube-system:resourcequota-controller" audit-ID="0ab2808b-7054-4bd7-bfba-ff5e202633fc" srcIP="127.0.0.1:53504" resp=200
Sep 2 00:08:34 cn-jenkins-deploy-platform-juju-k8s-2095-1 kube-apiserver.daemon[245607]: I0902 00:08:34.182359 245607 httplog.go:109] "HTTP" verb="GET" URI="/apis/admissionregistration.k8s.io/v1?timeout=32s" latency="321.48µs" userAgent="kube-controller-manager/v1.22.17 (linux/amd64) kubernetes/a7736ea/system:serviceaccount:kube-system:resourcequota-controller" audit-ID="9cf3dec5-6751-44f2-9ae9-833c5a7ff292" srcIP="127.0.0.1:53504" resp=200
Sep 2 00:08:34 cn-jenkins-deploy-platform-juju-k8s-2095-1 kube-apiserver.daemon[245607]: I0902 00:08:34.182547 245607 httplog.go:109] "HTTP" verb="GET" URI="/apis/node.k8s.io/v1beta1?timeout=32s" latency="244.397µs" userAgent="kube-controller-manager/v1.22.17 (linux/amd64) kubernetes/a7736ea/system:serviceaccount:kube-system:resourcequota-controller" audit-ID="9ad319b2-3110-4eb4-b765-4fd07cdc8141" srcIP="127.0.0.1:53504" resp=200
Sep 2 00:08:34 cn-jenkins-deploy-platform-juju-k8s-2095-1 kube-apiserver.daemon[245607]: I0902 00:08:34.182640 245607 httplog.go:109] "HTTP" verb="GET" URI="/apis/apiregistration.k8s.io/v1?timeout=32s" latency="232.569µs" userAgent="kube-controller-manager/v1.22.17 (linux/amd64) kubernetes/a7736ea/system:serviceaccount:kube-system:resourcequota-controller" audit-ID="54c90e4a-a2e7-48a1-9fed-d23d11ebf07b" srcIP="127.0.0.1:53504" resp=200
Sep 2 00:08:34 cn-jenkins-deploy-platform-juju-k8s-2095-1 kube-apiserver.daemon[245607]: I0902 00:08:34.182882 245607 httplog.go:109] "HTTP" verb="GET" URI="/apis/node.k8s.io/v1?timeout=32s" latency="267.687µs" userAgent="kube-controller-manager/v1.22.17 (linux/amd64) kubernetes/a7736ea/system:serviceaccount:kube-system:resourcequota-controller" audit-ID="e956b089-ea97-4662-92c6-22f53fd9d528" srcIP="127.0.0.1:53504" resp=200
Sep 2 00:08:34 cn-jenkins-deploy-platform-juju-k8s-2095-1 kube-apiserver.daemon[245607]: I0902 00:08:34.182899 245607 httplog.go:109] "HTTP" verb="GET" URI="/apis/autoscaling/v1?timeout=32s" latency="200.082µs" userAgent="kube-controller-manager/v1.22.17 (linux/amd64) kubernetes/a7736ea/system:serviceaccount:kube-system:resourcequota-controller" audit-ID="c35bd7f6-5307-44d4-aa4f-9eef6776f33f" srcIP="127.0.0.1:53504" resp=200
Sep 2 00:08:34 cn-jenkins-deploy-platform-juju-k8s-2095-1 kube-apiserver.daemon[245607]: I0902 00:08:34.183092 245607 httplog.go:109] "HTTP" verb="GET" URI="/apis/discovery.k8s.io/v1?timeout=32s" latency="162.642µs" userAgent="kube-controller-manager/v1.22.17 (linux/amd64) kubernetes/a7736ea/system:serviceaccount:kube-system:resourcequota-controller" audit-ID="8cbd3123-d829-49a9-98f4-1e146e52b92e" srcIP="127.0.0.1:53504" resp=200
Sep 2 00:08:34 cn-jenkins-deploy-platform-juju-k8s-2095-1 kube-apiserver.daemon[245607]: I0902 00:08:34.183140 245607 httplog.go:109] "HTTP" verb="GET" URI="/apis/events.k8s.io/v1beta1?timeout=32s" latency="183.861µs" userAgent="kube-controller-manager/v1.22.17 (linux/amd64) kubernetes/a7736ea/system:serviceaccount:kube-system:resourcequota-controller" audit-ID="08cad66b-2ad3-4295-a9e6-985612864a9e" srcIP="127.0.0.1:53504" resp=200
Sep 2 00:08:34 cn-jenkins-deploy-platform-juju-k8s-2095-1 kube-apiserver.daemon[245607]: I0902 00:08:34.183263 245607 httplog.go:109] "HTTP" verb="GET" URI="/apis/apps/v1?timeout=32s" latency="1.071078ms" userAgent="kube-controller-manager/v1.22.17 (linux/amd64) kubernetes/a7736ea/system:serviceaccount:kube-system:resourcequota-controller" audit-ID="45a6eccc-2591-4969-aee4-2c63c3ae00cb" srcIP="127.0.0.1:53504" resp=200
Sep 2 00:08:34 cn-jenkins-deploy-platform-juju-k8s-2095-1 kube-apiserver.daemon[245607]: I0902 00:08:34.183310 245607 httplog.go:109] "HTTP" verb="GET" URI="/apis/networking.k8s.io/v1?timeout=32s" latency="179.441µs" userAgent="kube-controller-manager/v1.22.17 (linux/amd64) kubernetes/a7736ea/system:serviceaccount:kube-system:resourcequota-controller" audit-ID="ae744bd6-0d84-4b6f-85d9-a763121eb623" srcIP="127.0.0.1:53504" resp=200
Sep 2 00:08:34 cn-jenkins-deploy-platform-juju-k8s-2095-1 kube-apiserver.daemon[245607]: I0902 00:08:34.183455 245607 httplog.go:109] "HTTP" verb="GET" URI="/apis/policy/v1beta1?timeout=32s" latency="143.324µs" userAgent="kube-controller-manager/v1.22.17 (linux/amd64) kubernetes/a7736ea/system:serviceaccount:kube-system:resourcequota-controller" audit-ID="b9d48165-3a6b-4787-b6d8-462c21f638d0" srcIP="127.0.0.1:53504" resp=200
Sep 2 00:08:34 cn-jenkins-deploy-platform-juju-k8s-2095-1 kube-apiserver.daemon[245607]: I0902 00:08:34.183553 245607 httplog.go:109] "HTTP" verb="GET" URI="/apis/rbac.authorization.k8s.io/v1?timeout=32s" latency="207.75µs" userAgent="kube-controller-manager/v1.22.17 (linux/amd64) kubernetes/a7736ea/system:serviceaccount:kube-system:resourcequota-controller" audit-ID="4c5400cd-24d9-4362-8d6d-ff4cf3b4fa54" srcIP="127.0.0.1:53504" resp=200
Sep 2 00:08:34 cn-jenkins-deploy-platform-juju-k8s-2095-1 kube-apiserver.daemon[245607]: I0902 00:08:34.183664 245607 httplog.go:109] "HTTP" verb="GET" URI="/apis/batch/v1?timeout=32s" latency="158.868µs" userAgent="kube-controller-manager/v1.22.17 (linux/amd64) kubernetes/a7736ea/system:serviceaccount:kube-system:resourcequota-controller" audit-ID="7dad4d14-e420-4861-b95f-a065b481cb0b" srcIP="127.0.0.1:53504" resp=200
Sep 2 00:08:34 cn-jenkins-deploy-platform-juju-k8s-2095-1 kube-apiserver.daemon[245607]: I0902 00:08:34.183781 245607 httplog.go:109] "HTTP" verb="GET" URI="/apis/policy/v1?timeout=32s" latency="184.646µs" userAgent="kube-controller-manager/v1.22.17 (linux/amd64) kubernetes/a7736ea/system:serviceaccount:kube-system:resourcequota-controller" audit-ID="18dbc851-1369-4179-9abc-6c2c5651d5ba" srcIP="127.0.0.1:53504" resp=200
Sep 2 00:08:34 cn-jenkins-deploy-platform-juju-k8s-2095-1 kube-apiserver.daemon[245607]: I0902 00:08:34.183851 245607 httplog.go:109] "HTTP" verb="GET" URI="/apis/flowcontrol.apiserver.k8s.io/v1beta1?timeout=32s" latency="144.598µs" userAgent="kube-controller-manager/v1.22.17 (linux/amd64) kubernetes/a7736ea/system:serviceaccount:kube-system:resourcequota-controller" audit-ID="22045800-5b9b-4bf7-a4fe-2c5c141e3515" srcIP="127.0.0.1:53504" resp=200
Sep 2 00:08:34 cn-jenkins-deploy-platform-juju-k8s-2095-1 kube-apiserver.daemon[245607]: I0902 00:08:34.183995 245607 httplog.go:109] "HTTP" verb="GET" URI="/apis/storage.k8s.io/v1?timeout=32s" latency="166.752µs" userAgent="kube-controller-manager/v1.22.17 (linux/amd64) kubernetes/a7736ea/system:serviceaccount:kube-system:resourcequota-controller" audit-ID="3d4f4aea-ea1b-44d8-b76d-61a733bfcff0" srcIP="127.0.0.1:53504" resp=200
Sep 2 00:08:34 cn-jenkins-deploy-platform-juju-k8s-2095-1 kube-apiserver.daemon[245607]: I0902 00:08:34.184042 245607 httplog.go:109] "HTTP" verb="GET" URI="/apis/batch/v1beta1?timeout=32s" latency="161.144µs" userAgent="kube-controller-manager/v1.22.17 (linux/amd64) kubernetes/a7736ea/system:serviceaccount:kube-system:resourcequota-controller" audit-ID="2904e73d-15bc-4bf0-8749-927f3f1aa2e5" srcIP="127.0.0.1:53504" resp=200
Sep 2 00:08:34 cn-jenkins-deploy-platform-juju-k8s-2095-1 kube-apiserver.daemon[245607]: I0902 00:08:34.184179 245607 httplog.go:109] "HTTP" verb="GET" URI="/apis/storage.k8s.io/v1beta1?timeout=32s" latency="138.644µs" userAgent="kube-controller-manager/v1.22.17 (linux/amd64) kubernetes/a7736ea/system:serviceaccount:kube-system:resourcequota-controller" audit-ID="35c47bd5-4462-4eb7-907f-c805cf906d66" srcIP="127.0.0.1:53504" resp=200
Sep 2 00:08:34 cn-jenkins-deploy-platform-juju-k8s-2095-1 kube-apiserver.daemon[245607]: I0902 00:08:34.184275 245607 httplog.go:109] "HTTP" verb="GET" URI="/apis/authorization.k8s.io/v1?timeout=32s" latency="180.538µs" userAgent="kube-controller-manager/v1.22.17 (linux/amd64) kubernetes/a7736ea/system:serviceaccount:kube-system:resourcequota-controller" audit-ID="cb40f704-8530-4696-a6df-3d90e92827a3" srcIP="127.0.0.1:53504" resp=200
Sep 2 00:08:34 cn-jenkins-deploy-platform-juju-k8s-2095-1 kube-apiserver.daemon[245607]: I0902 00:08:34.184513 245607 httplog.go:109] "HTTP" verb="GET" URI="/apis/certificates.k8s.io/v1?timeout=32s" latency="197.431µs" userAgent="kube-controller-manager/v1.22.17 (linux/amd64) kubernetes/a7736ea/system:serviceaccount:kube-system:resourcequota-controller" audit-ID="0286379e-43cf-4c6e-b8d3-6d327c718519" srcIP="127.0.0.1:53504" resp=200
Sep 2 00:08:34 cn-jenkins-deploy-platform-juju-k8s-2095-1 kube-apiserver.daemon[245607]: I0902 00:08:34.184620 245607 httplog.go:109] "HTTP" verb="GET" URI="/apis/discovery.k8s.io/v1beta1?timeout=32s" latency="226.299µs" userAgent="kube-controller-manager/v1.22.17 (linux/amd64) kubernetes/a7736ea/system:serviceaccount:kube-system:resourcequota-controller" audit-ID="d9de9b5e-c4b2-40dc-aae0-3bff8a37ea33" srcIP="127.0.0.1:53504" resp=200
Sep 2 00:08:34 cn-jenkins-deploy-platform-juju-k8s-2095-1 kube-apiserver.daemon[245607]: I0902 00:08:34.184677 245607 httplog.go:109] "HTTP" verb="GET" URI="/apis/authentication.k8s.io/v1?timeout=32s" latency="422.122µs" userAgent="kube-controller-manager/v1.22.17 (linux/amd64) kubernetes/a7736ea/system:serviceaccount:kube-system:resourcequota-controller" audit-ID="9f7f4ca5-d3c6-46f2-b8c4-04494c9fb2ba" srcIP="127.0.0.1:53504" resp=200
Sep 2 00:08:34 cn-jenkins-deploy-platform-juju-k8s-2095-1 kube-apiserver.daemon[245607]: I0902 00:08:34.184907 245607 httplog.go:109] "HTTP" verb="GET" URI="/apis/apiextensions.k8s.io/v1?timeout=32s" latency="245.119µs" userAgent="kube-controller-manager/v1.22.17 (linux/amd64) kubernetes/a7736ea/system:serviceaccount:kube-system:resourcequota-controller" audit-ID="a1c6a522-f299-46ef-9571-3abc16a09b19" srcIP="127.0.0.1:53504" resp=200
Sep 2 00:08:34 cn-jenkins-deploy-platform-juju-k8s-2095-1 kube-apiserver.daemon[245607]: I0902 00:08:34.181838 245607 httplog.go:109] "HTTP" verb="GET" URI="/api/v1?timeout=32s" latency="497.123µs" userAgent="kube-controller-manager/v1.22.17 (linux/amd64) kubernetes/a7736ea/system:serviceaccount:kube-system:resourcequota-controller" audit-ID="02da518b-b55e-4b9a-8de9-485c2946deda" srcIP="127.0.0.1:53504" resp=200
Sep 2 00:08:34 cn-jenkins-deploy-platform-juju-k8s-2095-1 kube-apiserver.daemon[245607]: I0902 00:08:34.181979 245607 httplog.go:109] "HTTP" verb="GET" URI="/apis/autoscaling/v2beta2?timeout=32s" latency="651.224µs" userAgent="kube-controller-manager/v1.22.17 (linux/amd64) kubernetes/a7736ea/system:serviceaccount:kube-system:resourcequota-controller" audit-ID="c9097560-692b-47ef-bd92-b0dbfa365be2" srcIP="127.0.0.1:53504" resp=200
Sep 2 00:08:34 cn-jenkins-deploy-platform-juju-k8s-2095-1 kube-apiserver.daemon[245607]: I0902 00:08:34.184947 245607 httplog.go:109] "HTTP" verb="GET" URI="/apis/autoscaling/v2beta1?timeout=32s" latency="205.538µs" userAgent="kube-controller-manager/v1.22.17 (linux/amd64) kubernetes/a7736ea/system:serviceaccount:kube-system:resourcequota-controller" audit-ID="bdcc88f6-43d3-4daf-a5de-ad5aa1bf5bbf" srcIP="127.0.0.1:53504" resp=200
Sep 2 00:08:34 cn-jenkins-deploy-platform-juju-k8s-2095-1 kube-apiserver.daemon[245607]: I0902 00:08:34.182005 245607 httplog.go:109] "HTTP" verb="GET" URI="/apis/coordination.k8s.io/v1?timeout=32s" latency="295.374µs" userAgent="kube-controller-manager/v1.22.17 (linux/amd64) kubernetes/a7736ea/system:serviceaccount:kube-system:resourcequota-controller" audit-ID="79f9eb9a-bd5b-4a7d-a695-a312ad97014f" srcIP="127.0.0.1:53504" resp=200
Sep 2 00:08:34 cn-jenkins-deploy-platform-juju-k8s-2095-1 kube-apiserver.daemon[245607]: I0902 00:08:34.186248 245607 httplog.go:109] "HTTP" verb="GET" URI="/apis/k8s.cni.cncf.io/v1?timeout=32s" latency="4.947519ms" userAgent="kube-controller-manager/v1.22.17 (linux/amd64) kubernetes/a7736ea/system:serviceaccount:kube-system:resourcequota-controller" audit-ID="6e0c06cc-dc00-4f4e-9851-916d22105a12" srcIP="127.0.0.1:53504" resp=200
Sep 2 00:08:34 cn-jenkins-deploy-platform-juju-k8s-2095-1 kube-apiserver.daemon[245607]: I0902 00:08:34.377456 245607 httplog.go:109] "HTTP" verb="GET" URI="/api?timeout=32s" latency="1.857472ms" userAgent="kube-controller-manager/v1.22.17 (linux/amd64) kubernetes/a7736ea/system:serviceaccount:kube-system:generic-garbage-collector" audit-ID="8c5aab70-7882-489d-815b-ea18c87f6e50" srcIP="127.0.0.1:53504" resp=200
Sep 2 00:08:34 cn-jenkins-deploy-platform-juju-k8s-2095-1 kube-apiserver.daemon[245607]: I0902 00:08:34.378757 245607 httplog.go:109] "HTTP" verb="GET" URI="/apis?timeout=32s" latency="448.397µs" userAgent="kube-controller-manager/v1.22.17 (linux/amd64) kubernetes/a7736ea/system:serviceaccount:kube-system:generic-garbage-collector" audit-ID="9502b393-99ac-48fa-8edd-72c6d6eaa187" srcIP="127.0.0.1:53504" resp=200
Sep 2 00:08:34 cn-jenkins-deploy-platform-juju-k8s-2095-1 kube-apiserver.daemon[245607]: I0902 00:08:34.380516 245607 httplog.go:109] "HTTP" verb="GET" URI="/apis/k8s.cni.cncf.io/v1?timeout=32s" latency="279.529µs" userAgent="kube-controller-manager/v1.22.17 (linux/amd64) kubernetes/a7736ea/system:serviceaccount:kube-system:generic-garbage-collector" audit-ID="aab4323c-9b3a-4f8e-9bdc-cc0e0ded62e5" srcIP="127.0.0.1:53504" resp=200
Sep 2 00:08:34 cn-jenkins-deploy-platform-juju-k8s-2095-1 kube-apiserver.daemon[245607]: I0902 00:08:34.380646 245607 httplog.go:109] "HTTP" verb="GET" URI="/apis/networking.k8s.io/v1?timeout=32s" latency="415.877µs" userAgent="kube-controller-manager/v1.22.17 (linux/amd64) kubernetes/a7736ea/system:serviceaccount:kube-system:generic-garbage-collector" audit-ID="6551d26f-e027-4df9-9894-298e577b3983" srcIP="127.0.0.1:53504" resp=200
Sep 2 00:08:34 cn-jenkins-deploy-platform-juju-k8s-2095-1 kube-apiserver.daemon[245607]: I0902 00:08:34.381027 245607 httplog.go:109] "HTTP" verb="GET" URI="/apis/events.k8s.io/v1beta1?timeout=32s" latency="311.092µs" userAgent="kube-controller-manager/v1.22.17 (linux/amd64) kubernetes/a7736ea/system:serviceaccount:kube-system:generic-garbage-collector" audit-ID="d57d1d84-c72d-426d-abc2-c0378e621008" srcIP="127.0.0.1:53504" resp=200
Sep 2 00:08:34 cn-jenkins-deploy-platform-juju-k8s-2095-1 kube-apiserver.daemon[245607]: I0902 00:08:34.381099 245607 httplog.go:109] "HTTP" verb="GET" URI="/apis/node.k8s.io/v1?timeout=32s" latency="206.7µs" userAgent="kube-controller-manager/v1.22.17 (linux/amd64) kubernetes/a7736ea/system:serviceaccount:kube-system:generic-garbage-collector" audit-ID="1511b2da-0353-438d-b726-78a6c9ae5037" srcIP="127.0.0.1:53504" resp=200
Sep 2 00:08:34 cn-jenkins-deploy-platform-juju-k8s-2095-1 kube-apiserver.daemon[245607]: I0902 00:08:34.381325 245607 httplog.go:109] "HTTP" verb="GET" URI="/apis/rbac.authorization.k8s.io/v1?timeout=32s" latency="177.544µs" userAgent="kube-controller-manager/v1.22.17 (linux/amd64) kubernetes/a7736ea/system:serviceaccount:kube-system:generic-garbage-collector" audit-ID="7bc3a004-0cde-4497-80f2-232fd4d56907" srcIP="127.0.0.1:53504" resp=200
Sep 2 00:08:34 cn-jenkins-deploy-platform-juju-k8s-2095-1 kube-apiserver.daemon[245607]: I0902 00:08:34.381514 245607 httplog.go:109] "HTTP" verb="GET" URI="/apis/policy/v1?timeout=32s" latency="264.181µs" userAgent="kube-controller-manager/v1.22.17 (linux/amd64) kubernetes/a7736ea/system:serviceaccount:kube-system:generic-garbage-collector" audit-ID="28d360b4-d55a-4739-908d-9c8a64756b7c" srcIP="127.0.0.1:53504" resp=200
Sep 2 00:08:34 cn-jenkins-deploy-platform-juju-k8s-2095-1 kube-apiserver.daemon[245607]: I0902 00:08:34.381610 245607 httplog.go:109] "HTTP" verb="GET" URI="/apis/autoscaling/v2beta2?timeout=32s" latency="230.696µs" userAgent="kube-controller-manager/v1.22.17 (linux/amd64) kubernetes/a7736ea/system:serviceaccount:kube-system:generic-garbage-collector" audit-ID="24f01e46-17c2-4e11-8d13-e67dc7fcada0" srcIP="127.0.0.1:53504" resp=200
Sep 2 00:08:34 cn-jenkins-deploy-platform-juju-k8s-2095-1 kube-apiserver.daemon[245607]: I0902 00:08:34.380861 245607 httplog.go:109] "HTTP" verb="GET" URI="/apis/authorization.k8s.io/v1?timeout=32s" latency="278.975µs" userAgent="kube-controller-manager/v1.22.17 (linux/amd64) kubernetes/a7736ea/system:serviceaccount:kube-system:generic-garbage-collector" audit-ID="e49cb0ee-40b7-480c-b042-0f0a91c880ed" srcIP="127.0.0.1:53504" resp=200
Sep 2 00:08:34 cn-jenkins-deploy-platform-juju-k8s-2095-1 kube-apiserver.daemon[245607]: I0902 00:08:34.381906 245607 httplog.go:109] "HTTP" verb="GET" URI="/apis/storage.k8s.io/v1?timeout=32s" latency="256.843µs" userAgent="kube-controller-manager/v1.22.17 (linux/amd64) kubernetes/a7736ea/system:serviceaccount:kube-system:generic-garbage-collector" audit-ID="da1862a4-a108-43aa-b186-f544f0c7b201" srcIP="127.0.0.1:53504" resp=200
Sep 2 00:08:34 cn-jenkins-deploy-platform-juju-k8s-2095-1 kube-apiserver.daemon[245607]: I0902 00:08:34.382309 245607 httplog.go:109] "HTTP" verb="GET" URI="/apis/coordination.k8s.io/v1?timeout=32s" latency="146.189µs" userAgent="kube-controller-manager/v1.22.17 (linux/amd64) kubernetes/a7736ea/system:serviceaccount:kube-system:generic-garbage-collector" audit-ID="634577a8-e398-439c-b094-37e4b9335ca9" srcIP="127.0.0.1:53504" resp=200
Sep 2 00:08:34 cn-jenkins-deploy-platform-juju-k8s-2095-1 kube-apiserver.daemon[245607]: I0902 00:08:34.382603 245607 httplog.go:109] "HTTP" verb="GET" URI="/apis/flowcontrol.apiserver.k8s.io/v1beta1?timeout=32s" latency="242.41µs" userAgent="kube-controller-manager/v1.22.17 (linux/amd64) kubernetes/a7736ea/system:serviceaccount:kube-system:generic-garbage-collector" audit-ID="752d2b94-8244-41a0-a8f9-82c7b4c66d8b" srcIP="127.0.0.1:53504" resp=200
Sep 2 00:08:34 cn-jenkins-deploy-platform-juju-k8s-2095-1 kube-apiserver.daemon[245607]: I0902 00:08:34.382858 245607 httplog.go:109] "HTTP" verb="GET" URI="/apis/node.k8s.io/v1beta1?timeout=32s" latency="207.446µs" userAgent="kube-controller-manager/v1.22.17 (linux/amd64) kubernetes/a7736ea/system:serviceaccount:kube-system:generic-garbage-collector" audit-ID="7f1b7966-a515-4a60-ab13-fd611957256f" srcIP="127.0.0.1:53504" resp=200
Sep 2 00:08:34 cn-jenkins-deploy-platform-juju-k8s-2095-1 kube-apiserver.daemon[245607]: I0902 00:08:34.383140 245607 httplog.go:109] "HTTP" verb="GET" URI="/apis/discovery.k8s.io/v1?timeout=32s" latency="164.516µs" userAgent="kube-controller-manager/v1.22.17 (linux/amd64) kubernetes/a7736ea/system:serviceaccount:kube-system:generic-garbage-collector" audit-ID="05bff2ca-99d4-4832-877b-2f06527c372a" srcIP="127.0.0.1:53504" resp=200
Sep 2 00:08:34 cn-jenkins-deploy-platform-juju-k8s-2095-1 kube-apiserver.daemon[245607]: I0902 00:08:34.383336 245607 httplog.go:109] "HTTP" verb="GET" URI="/apis/apps/v1?timeout=32s" latency="882.947µs" userAgent="kube-controller-manager/v1.22.17 (linux/amd64) kubernetes/a7736ea/system:serviceaccount:kube-system:generic-garbage-collector" audit-ID="ba824ece-89a6-40c0-9cce-265e03bff8a0" srcIP="127.0.0.1:53504" resp=200
Sep 2 00:08:34 cn-jenkins-deploy-platform-juju-k8s-2095-1 kube-apiserver.daemon[245607]: I0902 00:08:34.383360 245607 httplog.go:109] "HTTP" verb="GET" URI="/apis/discovery.k8s.io/v1beta1?timeout=32s" latency="157.28µs" userAgent="kube-controller-manager/v1.22.17 (linux/amd64) kubernetes/a7736ea/system:serviceaccount:kube-system:generic-garbage-collector" audit-ID="a2faf323-3d04-48ca-80ad-6f347f2b028f" srcIP="127.0.0.1:53504" resp=200
Sep 2 00:08:34 cn-jenkins-deploy-platform-juju-k8s-2095-1 kube-apiserver.daemon[245607]: I0902 00:08:34.383971 245607 httplog.go:109] "HTTP" verb="GET" URI="/apis/storage.k8s.io/v1beta1?timeout=32s" latency="159.609µs" userAgent="kube-controller-manager/v1.22.17 (linux/amd64) kubernetes/a7736ea/system:serviceaccount:kube-system:generic-garbage-collector" audit-ID="01052b8c-9ddf-4215-bdd4-aa495a02d14d" srcIP="127.0.0.1:53504" resp=200
Sep 2 00:08:34 cn-jenkins-deploy-platform-juju-k8s-2095-1 kube-apiserver.daemon[245607]: I0902 00:08:34.383559 245607 httplog.go:109] "HTTP" verb="GET" URI="/apis/admissionregistration.k8s.io/v1?timeout=32s" latency="155.095µs" userAgent="kube-controller-manager/v1.22.17 (linux/amd64) kubernetes/a7736ea/system:serviceaccount:kube-system:generic-garbage-collector" audit-ID="5965632c-283e-49bd-8389-671e4cc3deed" srcIP="127.0.0.1:53504" resp=200
Sep 2 00:08:34 cn-jenkins-deploy-platform-juju-k8s-2095-1 kube-apiserver.daemon[245607]: I0902 00:08:34.383786 245607 httplog.go:109] "HTTP" verb="GET" URI="/apis/apiextensions.k8s.io/v1?timeout=32s" latency="193.077µs" userAgent="kube-controller-manager/v1.22.17 (linux/amd64) kubernetes/a7736ea/system:serviceaccount:kube-system:generic-garbage-collector" audit-ID="44724ded-a2c2-4ef4-8ae7-5974037e1577" srcIP="127.0.0.1:53504" resp=200
Sep 2 00:08:34 cn-jenkins-deploy-platform-juju-k8s-2095-1 kube-apiserver.daemon[245607]: I0902 00:08:34.384252 245607 httplog.go:109] "HTTP" verb="GET" URI="/apis/authentication.k8s.io/v1?timeout=32s" latency="3.151351ms" userAgent="kube-controller-manager/v1.22.17 (linux/amd64) kubernetes/a7736ea/system:serviceaccount:kube-system:generic-garbage-collector" audit-ID="522b0122-22de-4968-b308-b7fac072dffa" srcIP="127.0.0.1:53504" resp=200
Sep 2 00:08:34 cn-jenkins-deploy-platform-juju-k8s-2095-1 kube-apiserver.daemon[245607]: I0902 00:08:34.384367 245607 httplog.go:109] "HTTP" verb="GET" URI="/apis/certificates.k8s.io/v1?timeout=32s" latency="286.352µs" userAgent="kube-controller-manager/v1.22.17 (linux/amd64) kubernetes/a7736ea/system:serviceaccount:kube-system:generic-garbage-collector" audit-ID="6e479449-4c13-4dac-983a-944f57aaf6eb" srcIP="127.0.0.1:53504" resp=200
Sep 2 00:08:34 cn-jenkins-deploy-platform-juju-k8s-2095-1 kube-apiserver.daemon[245607]: I0902 00:08:34.384431 245607 httplog.go:109] "HTTP" verb="GET" URI="/apis/policy/v1beta1?timeout=32s" latency="2.837493ms" userAgent="kube-controller-manager/v1.22.17 (linux/amd64) kubernetes/a7736ea/system:serviceaccount:kube-system:generic-garbage-collector" audit-ID="cbbd7b7b-2445-49ce-955b-4ebeb52db608" srcIP="127.0.0.1:53504" resp=200
Sep 2 00:08:34 cn-jenkins-deploy-platform-juju-k8s-2095-1 kube-apiserver.daemon[245607]: I0902 00:08:34.382115 245607 httplog.go:109] "HTTP" verb="GET" URI="/apis/scheduling.k8s.io/v1?timeout=32s" latency="170.462µs" userAgent="kube-controller-manager/v1.22.17 (linux/amd64) kubernetes/a7736ea/system:serviceaccount:kube-system:generic-garbage-collector" audit-ID="204719d6-66a6-4f8a-b3e4-ff38c55be9ce" srcIP="127.0.0.1:53504" resp=200
Sep 2 00:08:34 cn-jenkins-deploy-platform-juju-k8s-2095-1 kube-apiserver.daemon[245607]: I0902 00:08:34.384728 245607 httplog.go:109] "HTTP" verb="GET" URI="/apis/batch/v1beta1?timeout=32s" latency="249.297µs" userAgent="kube-controller-manager/v1.22.17 (linux/amd64) kubernetes/a7736ea/system:serviceaccount:kube-system:generic-garbage-collector" audit-ID="0443f369-4d72-4bd7-a871-24f9bcf5f5e2" srcIP="127.0.0.1:53504" resp=200
Sep 2 00:08:34 cn-jenkins-deploy-platform-juju-k8s-2095-1 kube-apiserver.daemon[245607]: I0902 00:08:34.384941 245607 httplog.go:109] "HTTP" verb="GET" URI="/apis/autoscaling/v2beta1?timeout=32s" latency="205.085µs" userAgent="kube-controller-manager/v1.22.17 (linux/amd64) kubernetes/a7736ea/system:serviceaccount:kube-system:generic-garbage-collector" audit-ID="0e7834ed-80ca-4317-ad28-c50bd0f7ef16" srcIP="127.0.0.1:53504" resp=200
Sep 2 00:08:34 cn-jenkins-deploy-platform-juju-k8s-2095-1 kube-apiserver.daemon[245607]: I0902 00:08:34.385052 245607 httplog.go:109] "HTTP" verb="GET" URI="/apis/events.k8s.io/v1?timeout=32s" latency="221.102µs" userAgent="kube-controller-manager/v1.22.17 (linux/amd64) kubernetes/a7736ea/system:serviceaccount:kube-system:generic-garbage-collector" audit-ID="a3f0fd85-6b10-43f5-b08a-b331f9ed3226" srcIP="127.0.0.1:53504" resp=200
Sep 2 00:08:34 cn-jenkins-deploy-platform-juju-k8s-2095-1 kube-apiserver.daemon[245607]: I0902 00:08:34.385255 245607 httplog.go:109] "HTTP" verb="GET" URI="/apis/autoscaling/v1?timeout=32s" latency="217.409µs" userAgent="kube-controller-manager/v1.22.17 (linux/amd64) kubernetes/a7736ea/system:serviceaccount:kube-system:generic-garbage-collector" audit-ID="41a0fc27-b7c2-4c9b-9b94-45ef7925d1d3" srcIP="127.0.0.1:53504" resp=200
Sep 2 00:08:34 cn-jenkins-deploy-platform-juju-k8s-2095-1 kube-apiserver.daemon[245607]: I0902 00:08:34.385523 245607 httplog.go:109] "HTTP" verb="GET" URI="/apis/apiregistration.k8s.io/v1?timeout=32s" latency="237.232µs" userAgent="kube-controller-manager/v1.22.17 (linux/amd64) kubernetes/a7736ea/system:serviceaccount:kube-system:generic-garbage-collector" audit-ID="31de7243-bc02-4e11-9f63-8723143f697d" srcIP="127.0.0.1:53504" resp=200
Sep 2 00:08:34 cn-jenkins-deploy-platform-juju-k8s-2095-1 kube-apiserver.daemon[245607]: I0902 00:08:34.385544 245607 httplog.go:109] "HTTP" verb="GET" URI="/apis/batch/v1?timeout=32s" latency="181.859µs" userAgent="kube-controller-manager/v1.22.17 (linux/amd64) kubernetes/a7736ea/system:serviceaccount:kube-system:generic-garbage-collector" audit-ID="6d19564b-c2a2-4954-8031-699417c864df" srcIP="127.0.0.1:53504" resp=200
Sep 2 00:08:34 cn-jenkins-deploy-platform-juju-k8s-2095-1 kube-apiserver.daemon[245607]: I0902 00:08:34.386778 245607 httplog.go:109] "HTTP" verb="GET" URI="/api/v1?timeout=32s" latency="4.955093ms" userAgent="kube-controller-manager/v1.22.17 (linux/amd64) kubernetes/a7736ea/system:serviceaccount:kube-system:generic-garbage-collector" audit-ID="93ff044a-4ffc-4f62-8418-7d0af072d60f" srcIP="127.0.0.1:53504" resp=200
Sep 2 00:08:34 cn-jenkins-deploy-platform-juju-k8s-2095-1 kube-apiserver.daemon[245607]: I0902 00:08:34.429834 245607 httplog.go:109] "HTTP" verb="GET" URI="/apis/coordination.k8s.io/v1/namespaces/kube-system/leases/kube-controller-manager?timeout=5s" latency="4.06132ms" userAgent="kube-controller-manager/v1.22.17 (linux/amd64) kubernetes/a7736ea/leader-election" audit-ID="71ec38ad-5fde-4ba6-8151-427a955c12cb" srcIP="127.0.0.1:53504" resp=200
Sep 2 00:08:34 cn-jenkins-deploy-platform-juju-k8s-2095-1 kube-apiserver.daemon[245607]: I0902 00:08:34.436778 245607 httplog.go:109] "HTTP" verb="PUT" URI="/apis/coordination.k8s.io/v1/namespaces/kube-system/leases/kube-controller-manager?timeout=5s" latency="5.003736ms" userAgent="kube-controller-manager/v1.22.17 (linux/amd64) kubernetes/a7736ea/leader-election" audit-ID="7ef74127-465b-4b10-8712-f481d6171fc8" srcIP="127.0.0.1:53504" resp=200
Sep 2 00:08:34 cn-jenkins-deploy-platform-juju-k8s-2095-1 kube-apiserver.daemon[245607]: I0902 00:08:34.443119 245607 httplog.go:109] "HTTP" verb="GET" URI="/apis/coordination.k8s.io/v1/namespaces/kube-system/leases/kube-scheduler?timeout=5s" latency="14.79113ms" userAgent="kube-scheduler/v1.22.17 (linux/amd64) kubernetes/a7736ea/leader-election" audit-ID="40f6d21c-0733-4171-bea8-ffd64867e2a7" srcIP="127.0.0.1:46978" resp=200
Sep 2 00:08:34 cn-jenkins-deploy-platform-juju-k8s-2095-1 kube-apiserver.daemon[245607]: I0902 00:08:34.446864 245607 httplog.go:109] "HTTP" verb="PUT" URI="/apis/coordination.k8s.io/v1/namespaces/kube-system/leases/kube-scheduler?timeout=5s" latency="3.004706ms" userAgent="kube-scheduler/v1.22.17 (linux/amd64) kubernetes/a7736ea/leader-election" audit-ID="f2e7ec46-8993-4953-be45-834ee6984e8c" srcIP="127.0.0.1:46978" resp=200
Sep 2 00:08:35 cn-jenkins-deploy-platform-juju-k8s-2095-1 systemd[1]: Started snap.kubectl.kubectl-4936aede-41e5-4f16-801a-dce6edc9712b.scope.
Sep 2 00:08:35 cn-jenkins-deploy-platform-juju-k8s-2095-1 kube-apiserver.daemon[245607]: I0902 00:08:35.276136 245607 httplog.go:109] "HTTP" verb="LIST" URI="/api/v1/pods?limit=500" latency="2.898983ms" userAgent="kubectl/v1.22.17 (linux/amd64) kubernetes/a7736ea" audit-ID="32f6f878-4f5a-446d-ad77-8815a15ae4d0" srcIP="127.0.0.1:34836" resp=200
Sep 2 00:08:35 cn-jenkins-deploy-platform-juju-k8s-2095-1 systemd[1]: snap.kubectl.kubectl-4936aede-41e5-4f16-801a-dce6edc9712b.scope: Succeeded.
Sep 2 00:08:35 cn-jenkins-deploy-platform-juju-k8s-2095-1 kube-apiserver.daemon[245607]: I0902 00:08:35.286059 245607 httplog.go:109] "HTTP" verb="GET" URI="/api/v1/nodes/an-jenkins-deploy-platform-juju-k8s-2095-1?resourceVersion=0&timeout=10s" latency="4.345484ms" userAgent="kubelet/v1.22.17 (linux/amd64) kubernetes/a7736ea" audit-ID="c035b93c-b687-4201-9d2c-1406064bb1d9" srcIP="10.0.0.188:33278" resp=200
Sep 2 00:08:35 cn-jenkins-deploy-platform-juju-k8s-2095-1 systemd[1]: Started snap.kubectl.kubectl-ec7fa1cb-c741-467b-9e00-f110d0721217.scope.
Sep 2 00:08:35 cn-jenkins-deploy-platform-juju-k8s-2095-1 kube-apiserver.daemon[245607]: I0902 00:08:35.393303 245607 httplog.go:109] "HTTP" verb="LIST" URI="/api/v1/services?limit=500" latency="1.950522ms" userAgent="kubectl/v1.22.17 (linux/amd64) kubernetes/a7736ea" audit-ID="1b44ac2b-b36d-4f8a-9f41-0f2f82ca93d0" srcIP="127.0.0.1:34846" resp=200
Sep 2 00:08:35 cn-jenkins-deploy-platform-juju-k8s-2095-1 systemd[1]: snap.kubectl.kubectl-ec7fa1cb-c741-467b-9e00-f110d0721217.scope: Succeeded.
Sep 2 00:08:35 cn-jenkins-deploy-platform-juju-k8s-2095-1 systemd[1]: Started snap.kubectl.kubectl-7726deba-943e-4e8f-940e-f89e5c7bcddb.scope.
Sep 2 00:08:35 cn-jenkins-deploy-platform-juju-k8s-2095-1 kube-apiserver.daemon[245607]: I0902 00:08:35.507087 245607 httplog.go:109] "HTTP" verb="LIST" URI="/apis/apps/v1/replicasets?limit=500" latency="1.813735ms" userAgent="kubectl/v1.22.17 (linux/amd64) kubernetes/a7736ea" audit-ID="588959e6-b95c-4806-950d-5ae1076dbc6b" srcIP="127.0.0.1:34860" resp=200
Sep 2 00:08:35 cn-jenkins-deploy-platform-juju-k8s-2095-1 systemd[1]: snap.kubectl.kubectl-7726deba-943e-4e8f-940e-f89e5c7bcddb.scope: Succeeded.
Sep 2 00:08:35 cn-jenkins-deploy-platform-juju-k8s-2095-1 systemd[1]: Started snap.kubectl.kubectl-6890f6ac-4e5f-4514-996a-10b9c70dc364.scope.
Sep 2 00:08:35 cn-jenkins-deploy-platform-juju-k8s-2095-1 kube-apiserver.daemon[245607]: I0902 00:08:35.631024 245607 httplog.go:109] "HTTP" verb="LIST" URI="/api/v1/replicationcontrollers?limit=500" latency="1.65542ms" userAgent="kubectl/v1.22.17 (linux/amd64) kubernetes/a7736ea" audit-ID="cfb24d52-cd5e-45a2-81f7-cff0e08c5137" srcIP="127.0.0.1:34866" resp=200
Sep 2 00:08:35 cn-jenkins-deploy-platform-juju-k8s-2095-1 systemd[1]: snap.kubectl.kubectl-6890f6ac-4e5f-4514-996a-10b9c70dc364.scope: Succeeded.
Sep 2 00:08:35 cn-jenkins-deploy-platform-juju-k8s-2095-1 systemd[1]: Started snap.kubectl.kubectl-a14a0841-f475-46cc-bdfc-16667afb713f.scope.
Sep 2 00:08:35 cn-jenkins-deploy-platform-juju-k8s-2095-1 kube-apiserver.daemon[245607]: I0902 00:08:35.737861 245607 httplog.go:109] "HTTP" verb="LIST" URI="/api/v1/nodes?limit=500" latency="2.684627ms" userAgent="kubectl/v1.22.17 (linux/amd64) kubernetes/a7736ea" audit-ID="0d9dc1a9-3c3f-4ab5-8c97-9f16e5ef77af" srcIP="127.0.0.1:34878" resp=200
Sep 2 00:08:35 cn-jenkins-deploy-platform-juju-k8s-2095-1 systemd[1]: snap.kubectl.kubectl-a14a0841-f475-46cc-bdfc-16667afb713f.scope: Succeeded.
Sep 2 00:08:35 cn-jenkins-deploy-platform-juju-k8s-2095-1 systemd[1]: Started snap.kubectl.kubectl-77f10312-3343-4fa9-b524-391a1ef658f4.scope.
Sep 2 00:08:35 cn-jenkins-deploy-platform-juju-k8s-2095-1 kube-apiserver.daemon[245607]: I0902 00:08:35.867340 245607 httplog.go:109] "HTTP" verb="LIST" URI="/api/v1/nodes?labelSelector=gpu%3Dtrue&limit=500" latency="2.139106ms" userAgent="kubectl/v1.22.17 (linux/amd64) kubernetes/a7736ea" audit-ID="eff600d2-b7ec-484f-b6dc-16ec8166672a" srcIP="127.0.0.1:34890" resp=200
Sep 2 00:08:35 cn-jenkins-deploy-platform-juju-k8s-2095-1 systemd[1]: snap.kubectl.kubectl-77f10312-3343-4fa9-b524-391a1ef658f4.scope: Succeeded.
Sep 2 00:08:35 cn-jenkins-deploy-platform-juju-k8s-2095-1 systemd[1]: Started snap.kubectl.kubectl-7636da11-dad3-4fb9-801f-6a455f4d4c51.scope.
Sep 2 00:08:35 cn-jenkins-deploy-platform-juju-k8s-2095-1 kube-apiserver.daemon[245607]: I0902 00:08:35.997890 245607 httplog.go:109] "HTTP" verb="LIST" URI="/api/v1/persistentvolumes?limit=500" latency="1.753227ms" userAgent="kubectl/v1.22.17 (linux/amd64) kubernetes/a7736ea" audit-ID="d121efea-78d0-4f47-9d94-7c56971da3cb" srcIP="127.0.0.1:34904" resp=200
Sep 2 00:08:36 cn-jenkins-deploy-platform-juju-k8s-2095-1 systemd[1]: snap.kubectl.kubectl-7636da11-dad3-4fb9-801f-6a455f4d4c51.scope: Succeeded.
Sep 2 00:08:36 cn-jenkins-deploy-platform-juju-k8s-2095-1 systemd[1]: Started snap.kubectl.kubectl-0ce76de6-3b5d-4016-9e39-4834d1ef4e68.scope.
Sep 2 00:08:36 cn-jenkins-deploy-platform-juju-k8s-2095-1 kube-apiserver.daemon[245607]: I0902 00:08:36.116909 245607 httplog.go:109] "HTTP" verb="LIST" URI="/api/v1/persistentvolumeclaims?limit=500" latency="2.141228ms" userAgent="kubectl/v1.22.17 (linux/amd64) kubernetes/a7736ea" audit-ID="324f7028-903a-403a-8e59-6a454854d29e" srcIP="127.0.0.1:34910" resp=200
Sep 2 00:08:36 cn-jenkins-deploy-platform-juju-k8s-2095-1 systemd[1]: snap.kubectl.kubectl-0ce76de6-3b5d-4016-9e39-4834d1ef4e68.scope: Succeeded.
Sep 2 00:08:36 cn-jenkins-deploy-platform-juju-k8s-2095-1 systemd[1]: Started snap.kubectl.kubectl-3ea12867-a781-4283-baee-bb9198dd3481.scope.
Sep 2 00:08:36 cn-jenkins-deploy-platform-juju-k8s-2095-1 kube-apiserver.daemon[245607]: I0902 00:08:36.227683 245607 httplog.go:109] "HTTP" verb="LIST" URI="/api/v1/serviceaccounts?limit=500" latency="2.70092ms" userAgent="kubectl/v1.22.17 (linux/amd64) kubernetes/a7736ea" audit-ID="a2e512f1-3e35-4383-8583-bcb104057cc8" srcIP="127.0.0.1:34914" resp=200
Sep 2 00:08:36 cn-jenkins-deploy-platform-juju-k8s-2095-1 systemd[1]: snap.kubectl.kubectl-3ea12867-a781-4283-baee-bb9198dd3481.scope: Succeeded.
Sep 2 00:08:36 cn-jenkins-deploy-platform-juju-k8s-2095-1 kube-apiserver.daemon[245607]: I0902 00:08:36.449716 245607 httplog.go:109] "HTTP" verb="GET" URI="/apis/coordination.k8s.io/v1/namespaces/kube-system/leases/kube-controller-manager?timeout=5s" latency="10.962023ms" userAgent="kube-controller-manager/v1.22.17 (linux/amd64) kubernetes/a7736ea/leader-election" audit-ID="7b5fe648-c906-4c0e-a2ed-aef924708624" srcIP="127.0.0.1:53504" resp=200
Sep 2 00:08:36 cn-jenkins-deploy-platform-juju-k8s-2095-1 kube-apiserver.daemon[245607]: I0902 00:08:36.449717 245607 httplog.go:109] "HTTP" verb="GET" URI="/apis/coordination.k8s.io/v1/namespaces/kube-system/leases/kube-scheduler?timeout=5s" latency="1.272184ms" userAgent="kube-scheduler/v1.22.17 (linux/amd64) kubernetes/a7736ea/leader-election" audit-ID="6ea60ae4-f42c-475b-96c7-1383f621fe9b" srcIP="127.0.0.1:46978" resp=200
Sep 2 00:08:36 cn-jenkins-deploy-platform-juju-k8s-2095-1 kube-apiserver.daemon[245607]: I0902 00:08:36.457785 245607 httplog.go:109] "HTTP" verb="PUT" URI="/apis/coordination.k8s.io/v1/namespaces/kube-system/leases/kube-controller-manager?timeout=5s" latency="6.55979ms" userAgent="kube-controller-manager/v1.22.17 (linux/amd64) kubernetes/a7736ea/leader-election" audit-ID="a3d2266e-67f2-4870-b1dd-eca69120fd69" srcIP="127.0.0.1:53504" resp=200
Sep 2 00:08:36 cn-jenkins-deploy-platform-juju-k8s-2095-1 kube-apiserver.daemon[245607]: I0902 00:08:36.458619 245607 httplog.go:109] "HTTP" verb="PUT" URI="/apis/coordination.k8s.io/v1/namespaces/kube-system/leases/kube-scheduler?timeout=5s" latency="8.042742ms" userAgent="kube-scheduler/v1.22.17 (linux/amd64) kubernetes/a7736ea/leader-election" audit-ID="6d0ddac6-d453-4a34-b121-6854766b651d" srcIP="127.0.0.1:46978" resp=200
Sep 2 00:08:37 cn-jenkins-deploy-platform-juju-k8s-2095-1 kube-apiserver.daemon[245607]: I0902 00:08:37.039101 245607 httplog.go:109] "HTTP" verb="PUT" URI="/apis/coordination.k8s.io/v1/namespaces/kube-node-lease/leases/cn-jenkins-deploy-platform-juju-k8s-2095-1?timeout=10s" latency="9.967365ms" userAgent="kubelet/v1.22.17 (linux/amd64) kubernetes/a7736ea" audit-ID="a592fa49-2ef3-4f24-8eae-a3f756cee69b" srcIP="127.0.0.1:47000" resp=200
Sep 2 00:08:37 cn-jenkins-deploy-platform-juju-k8s-2095-1 kube-apiserver.daemon[245607]: I0902 00:08:37.195840 245607 httplog.go:109] "HTTP" verb="DELETE" URI="/apis/networking.k8s.io/v1/namespaces/default/ingresses/ctest-nginx-ingress-40882782" latency="5.359559ms" userAgent="OpenAPI-Generator/21.7.0/python" audit-ID="7a25f29e-11ba-404b-a886-a01492b0a6ce" srcIP="10.0.0.191:60826" resp=200
Sep 2 00:08:37 cn-jenkins-deploy-platform-juju-k8s-2095-1 kube-apiserver.daemon[245607]: I0902 00:08:37.624355 245607 httplog.go:109] "HTTP" verb="GET" URI="/api/v1/namespaces/default" latency="2.339172ms" userAgent="kube-apiserver/v1.22.17 (linux/amd64) kubernetes/a7736ea" audit-ID="e1b2098f-508c-499e-a37a-f56e5d6abc58" srcIP="[::1]:57300" resp=200
Sep 2 00:08:37 cn-jenkins-deploy-platform-juju-k8s-2095-1 kube-apiserver.daemon[245607]: I0902 00:08:37.626014 245607 httplog.go:109] "HTTP" verb="GET" URI="/api/v1/namespaces/default/services/kubernetes" latency="980.561µs" userAgent="kube-apiserver/v1.22.17 (linux/amd64) kubernetes/a7736ea" audit-ID="dd683247-c2b4-4bd8-aad2-71e6db092c8b" srcIP="[::1]:57300" resp=200
Sep 2 00:08:37 cn-jenkins-deploy-platform-juju-k8s-2095-1 kube-apiserver.daemon[245607]: I0902 00:08:37.631915 245607 httplog.go:109] "HTTP" verb="GET" URI="/api/v1/namespaces/default/endpoints/kubernetes" latency="902.983µs" userAgent="kube-apiserver/v1.22.17 (linux/amd64) kubernetes/a7736ea" audit-ID="f88ce1aa-e959-4746-a73b-c654dda57a89" srcIP="[::1]:57300" resp=200
Sep 2 00:08:37 cn-jenkins-deploy-platform-juju-k8s-2095-1 kube-apiserver.daemon[245607]: I0902 00:08:37.633580 245607 httplog.go:109] "HTTP" verb="GET" URI="/apis/discovery.k8s.io/v1/namespaces/default/endpointslices/kubernetes" latency="679.026µs" userAgent="kube-apiserver/v1.22.17 (linux/amd64) kubernetes/a7736ea" audit-ID="e898b2b2-d2f6-49f0-a6ea-1bc41459286d" srcIP="[::1]:57300" resp=200
Sep 2 00:08:38 cn-jenkins-deploy-platform-juju-k8s-2095-1 kube-apiserver.daemon[245607]: I0902 00:08:38.398981 245607 httplog.go:109] "HTTP" verb="PUT" URI="/apis/coordination.k8s.io/v1/namespaces/kube-node-lease/leases/an-jenkins-deploy-platform-juju-k8s-2095-1?timeout=10s" latency="8.404333ms" userAgent="kubelet/v1.22.17 (linux/amd64) kubernetes/a7736ea" audit-ID="b214ca1a-da72-414b-a192-75fe2b32b068" srcIP="10.0.0.188:33264" resp=200
Sep 2 00:08:38 cn-jenkins-deploy-platform-juju-k8s-2095-1 kube-apiserver.daemon[245607]: I0902 00:08:38.465431 245607 httplog.go:109] "HTTP" verb="GET" URI="/apis/coordination.k8s.io/v1/namespaces/kube-system/leases/kube-controller-manager?timeout=5s" latency="6.420071ms" userAgent="kube-controller-manager/v1.22.17 (linux/amd64) kubernetes/a7736ea/leader-election" audit-ID="0fda1bd1-2a71-46fc-a499-fb2c86a06b3a" srcIP="127.0.0.1:53504" resp=200
Sep 2 00:08:38 cn-jenkins-deploy-platform-juju-k8s-2095-1 kube-apiserver.daemon[245607]: I0902 00:08:38.467233 245607 httplog.go:109] "HTTP" verb="GET" URI="/apis/coordination.k8s.io/v1/namespaces/kube-system/leases/kube-scheduler?timeout=5s" latency="1.151073ms" userAgent="kube-scheduler/v1.22.17 (linux/amd64) kubernetes/a7736ea/leader-election" audit-ID="f75ff2b5-37ba-47d3-82a3-83e7c007e818" srcIP="127.0.0.1:46978" resp=200
Sep 2 00:08:38 cn-jenkins-deploy-platform-juju-k8s-2095-1 kube-apiserver.daemon[245607]: I0902 00:08:38.472375 245607 httplog.go:109] "HTTP" verb="PUT" URI="/apis/coordination.k8s.io/v1/namespaces/kube-system/leases/kube-controller-manager?timeout=5s" latency="4.716825ms" userAgent="kube-controller-manager/v1.22.17 (linux/amd64) kubernetes/a7736ea/leader-election" audit-ID="eaf316bb-014b-49f1-8247-36032ce82fa5" srcIP="127.0.0.1:53504" resp=200
Sep 2 00:08:38 cn-jenkins-deploy-platform-juju-k8s-2095-1 kube-apiserver.daemon[245607]: I0902 00:08:38.473668 245607 httplog.go:109] "HTTP" verb="PUT" URI="/apis/coordination.k8s.io/v1/namespaces/kube-system/leases/kube-scheduler?timeout=5s" latency="2.928988ms" userAgent="kube-scheduler/v1.22.17 (linux/amd64) kubernetes/a7736ea/leader-election" audit-ID="583a0823-c88d-48c9-b43f-70c042533a04" srcIP="127.0.0.1:46978" resp=200
Sep 2 00:08:39 cn-jenkins-deploy-platform-juju-k8s-2095-1 kube-apiserver.daemon[245607]: I0902 00:08:39.184363 245607 httplog.go:109] "HTTP" verb="WATCH" URI="/api/v1/namespaces?allowWatchBookmarks=true&resourceVersion=278&timeout=7m11s&timeoutSeconds=431&watch=true" latency="7m11.000637751s" userAgent="coredns/v0.0.0 (linux/amd64) kubernetes/$Format" audit-ID="025e97be-f753-4344-9090-924345b3b3d1" srcIP="10.0.0.188:36669" resp=0
Sep 2 00:08:39 cn-jenkins-deploy-platform-juju-k8s-2095-1 kube-apiserver.daemon[245607]: I0902 00:08:39.194777 245607 get.go:260] "Starting watch" path="/api/v1/namespaces" resourceVersion="278" labels="" fields="" timeout="7m7s"
Sep 2 00:08:39 cn-jenkins-deploy-platform-juju-k8s-2095-1 kube-apiserver.daemon[245607]: I0902 00:08:39.605453 245607 httplog.go:109] "HTTP" verb="DELETE" URI="/api/v1/namespaces/default/pods/ctest-nginx-pod-95411983" latency="7.884087ms" userAgent="OpenAPI-Generator/21.7.0/python" audit-ID="52ab138d-821c-4a92-b9e9-80eba5492c54" srcIP="10.0.0.191:60826" resp=200
